{"id":7436,"date":"2023-05-30T15:18:03","date_gmt":"2023-05-30T18:18:03","guid":{"rendered":"https:\/\/wp.ufpel.edu.br\/computacao\/?page_id=7436"},"modified":"2023-07-17T17:10:47","modified_gmt":"2023-07-17T20:10:47","slug":"selecao-aluno-regular-2023-2","status":"publish","type":"page","link":"https:\/\/wp.ufpel.edu.br\/computacao\/ppgc\/selecao-aluno-regular-2023-2\/","title":{"rendered":"Sele\u00e7\u00e3o suplementar aluno regular 2023\/2"},"content":{"rendered":"\n<p><strong>Edital<\/strong><\/p>\n\n\n\n<ul class=\"wp-block-list\">\n<li><a rel=\"noreferrer noopener\" href=\"https:\/\/wp.ufpel.edu.br\/computacao\/files\/2023\/06\/Edital-de-selecao-2023-2-PPGC.pdf\" target=\"_blank\">Edital N\u00ba 129\/2023 &#8211; Sele\u00e7\u00e3o Suplementar de Aluno Regular PPGC 2023\/2<\/a><\/li>\n<\/ul>\n\n\n\n<p><strong>Formul\u00e1rio de inscri\u00e7\u00e3o<\/strong><\/p>\n\n\n\n<ul class=\"wp-block-list\">\n<li><a rel=\"noreferrer noopener\" href=\"http:\/\/ia.ufpel.edu.br\/inscricao-no-processo-seletivo-ppgc-ufpel-2023-2\/\" target=\"_blank\">Formul\u00e1rio de inscri\u00e7\u00f5es<\/a> [dispon\u00edvel entre 05 e 26\/06\/2023]<\/li>\n<\/ul>\n\n\n\n<p><strong>Homologa\u00e7\u00f5es<\/strong> <strong>de inscri\u00e7\u00f5es<\/strong><\/p>\n\n\n\n<ul class=\"wp-block-list\">\n<li><a href=\"https:\/\/wp.ufpel.edu.br\/computacao\/files\/2023\/06\/Homologacao_2023-2.pdf\">Lista de inscri\u00e7\u00f5es homologadas<\/a> [publicada em 30\/06\/2023] <\/li>\n\n\n\n<li><a href=\"https:\/\/wp.ufpel.edu.br\/computacao\/files\/2023\/07\/SEI_UFPel-2247585-Despacho-Homologacoes-Finais-2023-2.pdf\">Lista final de inscri\u00e7\u00f5es homologadas<\/a> [publicada em 05\/07\/2023]<\/li>\n<\/ul>\n\n\n\n<p><strong>Defesas de memorial e projeto de Doutorado<\/strong><\/p>\n\n\n\n<ul class=\"wp-block-list\">\n<li><a href=\"https:\/\/wp.ufpel.edu.br\/computacao\/files\/2023\/07\/SEI_UFPel-2247624-Despacho-Agenda-Entrevistas.pdf\">Agenda e instru\u00e7\u00f5es para acesso \u00e0s defesas<\/a> [publicada em 05\/07\/2023]<\/li>\n<\/ul>\n\n\n\n<p><strong>Resultados<\/strong><\/p>\n\n\n\n<ul class=\"wp-block-list\">\n<li><a href=\"https:\/\/wp.ufpel.edu.br\/computacao\/files\/2023\/07\/SEI_UFPel-2258753-Despacho-Aprovados.pdf\">Lista preliminar de candidatos(as) selecionados(as)<\/a> [publicada em 12\/07\/2023]<\/li>\n\n\n\n<li><a href=\"https:\/\/wp.ufpel.edu.br\/computacao\/files\/2023\/07\/SEI_UFPel-2261319-Despacho-Aprovados-Final.pdf\">Lista final de candidatos(as) selecionados(as)<\/a> [publicada em 17\/07\/2023]<\/li>\n<\/ul>\n","protected":false},"excerpt":{"rendered":"<p>Edital Formul\u00e1rio de inscri\u00e7\u00e3o Homologa\u00e7\u00f5es de inscri\u00e7\u00f5es Defesas de memorial e projeto de Doutorado Resultados<\/p>\n","protected":false},"author":881,"featured_media":0,"parent":118,"menu_order":0,"comment_status":"closed","ping_status":"closed","template":"","meta":{"jetpack_post_was_ever_published":false,"footnotes":""},"class_list":["post-7436","page","type-page","status-publish","hentry"],"jetpack_sharing_enabled":true,"jetpack_shortlink":"https:\/\/wp.me\/PaGhNl-1VW","_links":{"self":[{"href":"https:\/\/wp.ufpel.edu.br\/computacao\/wp-json\/wp\/v2\/pages\/7436","targetHints":{"allow":["GET"]}}],"collection":[{"href":"https:\/\/wp.ufpel.edu.br\/computacao\/wp-json\/wp\/v2\/pages"}],"about":[{"href":"https:\/\/wp.ufpel.edu.br\/computacao\/wp-json\/wp\/v2\/types\/page"}],"author":[{"embeddable":true,"href":"https:\/\/wp.ufpel.edu.br\/computacao\/wp-json\/wp\/v2\/users\/881"}],"replies":[{"embeddable":true,"href":"https:\/\/wp.ufpel.edu.br\/computacao\/wp-json\/wp\/v2\/comments?post=7436"}],"version-history":[{"count":11,"href":"https:\/\/wp.ufpel.edu.br\/computacao\/wp-json\/wp\/v2\/pages\/7436\/revisions"}],"predecessor-version":[{"id":7577,"href":"https:\/\/wp.ufpel.edu.br\/computacao\/wp-json\/wp\/v2\/pages\/7436\/revisions\/7577"}],"up":[{"embeddable":true,"href":"https:\/\/wp.ufpel.edu.br\/computacao\/wp-json\/wp\/v2\/pages\/118"}],"wp:attachment":[{"href":"https:\/\/wp.ufpel.edu.br\/computacao\/wp-json\/wp\/v2\/media?parent=7436"}],"curies":[{"name":"wp","href":"https:\/\/api.w.org\/{rel}","templated":true}]}}