{"id":6931,"date":"2022-02-02T11:50:54","date_gmt":"2022-02-02T14:50:54","guid":{"rendered":"https:\/\/wp.ufpel.edu.br\/computacao\/?page_id=6931"},"modified":"2022-03-03T08:39:35","modified_gmt":"2022-03-03T11:39:35","slug":"selecao-aluno-especial-2022-1","status":"publish","type":"page","link":"https:\/\/wp.ufpel.edu.br\/computacao\/ppgc\/selecao-aluno-especial-2022-1\/","title":{"rendered":"Sele\u00e7\u00e3o aluno especial 2022\/1"},"content":{"rendered":"\n<p><strong>Edital<\/strong><\/p>\n\n\n\n<ul class=\"wp-block-list\"><li><a href=\"https:\/\/wp.ufpel.edu.br\/computacao\/files\/2022\/02\/SEI_UFPel-1580981-Edital-de-selecao-PRPPGI-Aluno-Especial.pdf\" target=\"_blank\" rel=\"noreferrer noopener\">Edital completo<\/a><\/li><\/ul>\n\n\n\n<p><strong>Formul\u00e1rio de inscri\u00e7\u00e3o<\/strong> <\/p>\n\n\n\n<ul class=\"wp-block-list\"><li>Inscri\u00e7\u00f5es encerradas!<\/li><\/ul>\n\n\n\n<p><strong>Lista de inscri\u00e7\u00f5es homologadas<\/strong><\/p>\n\n\n\n<ul class=\"wp-block-list\"><li><a rel=\"noreferrer noopener\" href=\"https:\/\/wp.ufpel.edu.br\/computacao\/files\/2022\/02\/SEI_UFPel-1603820-Despacho.pdf\" target=\"_blank\">Inscri\u00e7\u00f5es Homologadas<\/a><\/li><li><a href=\"https:\/\/wp.ufpel.edu.br\/computacao\/files\/2022\/03\/SEI_UFPel-1605177-Despacho.pdf\" target=\"_blank\" rel=\"noreferrer noopener\">Inscri\u00e7\u00f5es homologadas ap\u00f3s recurso<\/a><\/li><\/ul>\n\n\n\n<p><strong>Lista dos selecionados<\/strong><\/p>\n\n\n\n<ul class=\"wp-block-list\"><li><a href=\"https:\/\/wp.ufpel.edu.br\/computacao\/files\/2022\/03\/SEI_UFPel-1605179-Despacho.pdf\" target=\"_blank\" rel=\"noreferrer noopener\">Resultado final<\/a><\/li><\/ul>\n","protected":false},"excerpt":{"rendered":"<p>Edital Edital completo Formul\u00e1rio de inscri\u00e7\u00e3o Inscri\u00e7\u00f5es encerradas! Lista de inscri\u00e7\u00f5es homologadas Inscri\u00e7\u00f5es Homologadas Inscri\u00e7\u00f5es homologadas ap\u00f3s recurso Lista dos selecionados Resultado final<\/p>\n","protected":false},"author":881,"featured_media":0,"parent":118,"menu_order":0,"comment_status":"closed","ping_status":"closed","template":"","meta":{"jetpack_post_was_ever_published":false,"footnotes":""},"class_list":["post-6931","page","type-page","status-publish","hentry"],"jetpack_sharing_enabled":true,"jetpack_shortlink":"https:\/\/wp.me\/PaGhNl-1NN","_links":{"self":[{"href":"https:\/\/wp.ufpel.edu.br\/computacao\/wp-json\/wp\/v2\/pages\/6931","targetHints":{"allow":["GET"]}}],"collection":[{"href":"https:\/\/wp.ufpel.edu.br\/computacao\/wp-json\/wp\/v2\/pages"}],"about":[{"href":"https:\/\/wp.ufpel.edu.br\/computacao\/wp-json\/wp\/v2\/types\/page"}],"author":[{"embeddable":true,"href":"https:\/\/wp.ufpel.edu.br\/computacao\/wp-json\/wp\/v2\/users\/881"}],"replies":[{"embeddable":true,"href":"https:\/\/wp.ufpel.edu.br\/computacao\/wp-json\/wp\/v2\/comments?post=6931"}],"version-history":[{"count":9,"href":"https:\/\/wp.ufpel.edu.br\/computacao\/wp-json\/wp\/v2\/pages\/6931\/revisions"}],"predecessor-version":[{"id":7070,"href":"https:\/\/wp.ufpel.edu.br\/computacao\/wp-json\/wp\/v2\/pages\/6931\/revisions\/7070"}],"up":[{"embeddable":true,"href":"https:\/\/wp.ufpel.edu.br\/computacao\/wp-json\/wp\/v2\/pages\/118"}],"wp:attachment":[{"href":"https:\/\/wp.ufpel.edu.br\/computacao\/wp-json\/wp\/v2\/media?parent=6931"}],"curies":[{"name":"wp","href":"https:\/\/api.w.org\/{rel}","templated":true}]}}