{"id":6858,"date":"2021-08-24T16:20:02","date_gmt":"2021-08-24T19:20:02","guid":{"rendered":"https:\/\/wp.ufpel.edu.br\/computacao\/?page_id=6858"},"modified":"2021-08-24T16:23:21","modified_gmt":"2021-08-24T19:23:21","slug":"acesso-portal-de-periodicos-capes","status":"publish","type":"page","link":"https:\/\/wp.ufpel.edu.br\/computacao\/ppgc\/acesso-portal-de-periodicos-capes\/","title":{"rendered":"Acesso Portal de Peri\u00f3dicos CAPES"},"content":{"rendered":"\n<p>O portal de peri\u00f3dicos CAPES \u00e9 uma biblioteca virtual de informa\u00e7\u00e3o cient\u00edfica onde \u00e9 poss\u00edvel acessar diversas bases de dados com resumos e artigos completos. Abaixo est\u00e1 o procedimento necess\u00e1rio para acessar o portal de fora da UFPel:<\/p>\n\n\n\n<ul class=\"wp-block-list\"><li>Acessar o portal de peri\u00f3dicos CAPES: <a href=\"https:\/\/www-periodicos-capes-gov-br.ezl.periodicos.capes.gov.br\/\" target=\"_blank\" rel=\"noreferrer noopener\">https:\/\/www-periodicos-capes-gov-br.ezl.periodicos.capes.gov.br\/<\/a>;<\/li><li>Acessar o menu &#8220;ACESSO CAFE&#8221;;<\/li><\/ul>\n\n\n\n<div class=\"wp-block-image\"><figure class=\"aligncenter size-large is-resized\"><img decoding=\"async\" src=\"https:\/\/wp.ufpel.edu.br\/computacao\/files\/2021\/08\/image-edited.png\" alt=\"\" class=\"wp-image-6862\" width=\"445\" srcset=\"https:\/\/wp.ufpel.edu.br\/computacao\/files\/2021\/08\/image-edited.png 432w, https:\/\/wp.ufpel.edu.br\/computacao\/files\/2021\/08\/image-edited-400x281.png 400w\" sizes=\"(max-width: 432px) 100vw, 432px\" \/><\/figure><\/div>\n\n\n\n<ul class=\"wp-block-list\"><li>Selecionar para o nome da institui\u00e7\u00e3o &#8220;UFPEL &#8211; UNIVERSIDADE FEDERAL DE PELOTAS&#8221; e pressionar o bot\u00e3o &#8220;Enviar&#8221;;<\/li><li>Preencher os dados de login com usu\u00e1rio e senha do COBALTO;<\/li><li>Ap\u00f3s realizar o login, basta fazer a busca de acordo com as op\u00e7\u00f5es &#8220;Assunto&#8221;, &#8220;Peri\u00f3dico&#8221;, &#8220;Livro&#8221; ou &#8220;Base&#8221; dispon\u00edveis na ferramenta busca.<\/li><\/ul>\n\n\n\n<p>Mais detalhes de como acessar o portal est\u00e3o dispon\u00edveis no <a href=\"https:\/\/www.periodicos.capes.gov.br\/images\/documents\/Portal_Peri%C3%B3dicos_CAPES_Guia_2019_4_oficial.pdf\" target=\"_blank\" rel=\"noreferrer noopener\">Manual de Acesso<\/a> disponibilizado pela CAPES.<\/p>\n\n\n\n<p><\/p>\n","protected":false},"excerpt":{"rendered":"<p>O portal de peri\u00f3dicos CAPES \u00e9 uma biblioteca virtual de informa\u00e7\u00e3o cient\u00edfica onde \u00e9 poss\u00edvel acessar diversas bases de dados com resumos e artigos completos. Abaixo est\u00e1 o procedimento necess\u00e1rio para acessar o portal&#46;&#46;&#46;<\/p>\n","protected":false},"author":881,"featured_media":0,"parent":118,"menu_order":0,"comment_status":"closed","ping_status":"closed","template":"","meta":{"jetpack_post_was_ever_published":false,"footnotes":""},"class_list":["post-6858","page","type-page","status-publish","hentry"],"jetpack_sharing_enabled":true,"jetpack_shortlink":"https:\/\/wp.me\/PaGhNl-1MC","_links":{"self":[{"href":"https:\/\/wp.ufpel.edu.br\/computacao\/wp-json\/wp\/v2\/pages\/6858","targetHints":{"allow":["GET"]}}],"collection":[{"href":"https:\/\/wp.ufpel.edu.br\/computacao\/wp-json\/wp\/v2\/pages"}],"about":[{"href":"https:\/\/wp.ufpel.edu.br\/computacao\/wp-json\/wp\/v2\/types\/page"}],"author":[{"embeddable":true,"href":"https:\/\/wp.ufpel.edu.br\/computacao\/wp-json\/wp\/v2\/users\/881"}],"replies":[{"embeddable":true,"href":"https:\/\/wp.ufpel.edu.br\/computacao\/wp-json\/wp\/v2\/comments?post=6858"}],"version-history":[{"count":9,"href":"https:\/\/wp.ufpel.edu.br\/computacao\/wp-json\/wp\/v2\/pages\/6858\/revisions"}],"predecessor-version":[{"id":6871,"href":"https:\/\/wp.ufpel.edu.br\/computacao\/wp-json\/wp\/v2\/pages\/6858\/revisions\/6871"}],"up":[{"embeddable":true,"href":"https:\/\/wp.ufpel.edu.br\/computacao\/wp-json\/wp\/v2\/pages\/118"}],"wp:attachment":[{"href":"https:\/\/wp.ufpel.edu.br\/computacao\/wp-json\/wp\/v2\/media?parent=6858"}],"curies":[{"name":"wp","href":"https:\/\/api.w.org\/{rel}","templated":true}]}}