{"id":6685,"date":"2021-03-16T16:54:01","date_gmt":"2021-03-16T19:54:01","guid":{"rendered":"https:\/\/wp.ufpel.edu.br\/computacao\/?page_id=6685"},"modified":"2021-03-17T17:24:23","modified_gmt":"2021-03-17T20:24:23","slug":"egressos","status":"publish","type":"page","link":"https:\/\/wp.ufpel.edu.br\/computacao\/ppgc\/egressos\/","title":{"rendered":"Acompanhamento de Egressos"},"content":{"rendered":"\n<p>O acompanhamento dos egressos \u00e9 essencial para todo programa de p\u00f3s-gradua\u00e7\u00e3o, sendo um dos indicadores utilizados pela CAPES na avalia\u00e7\u00e3o da qualidade dos programas. Para que estejamos sempre atualizados sobre situa\u00e7\u00e3o dos nossos egressos, criamos um formul\u00e1rio que nos ajudar\u00e1 a tra\u00e7ar o perfil dos egressos do PPGC.<\/p>\n\n\n\n<p>Se voc\u00ea concluiu seu curso de mestrado ou doutorado no PPGC, voc\u00ea faz parte da nossa hist\u00f3ria e gostar\u00edamos muito de receber o seu retorno!<\/p>\n\n\n\n<p>Responda ao form aqui: <a href=\"https:\/\/forms.gle\/MrJo1ASTrD9teVkj9\">https:\/\/forms.gle\/MrJo1ASTrD9teVkj9<\/a><\/p>\n","protected":false},"excerpt":{"rendered":"<p>O acompanhamento dos egressos \u00e9 essencial para todo programa de p\u00f3s-gradua\u00e7\u00e3o, sendo um dos indicadores utilizados pela CAPES na avalia\u00e7\u00e3o da qualidade dos programas. Para que estejamos sempre atualizados sobre situa\u00e7\u00e3o dos nossos egressos,&#46;&#46;&#46;<\/p>\n","protected":false},"author":881,"featured_media":0,"parent":118,"menu_order":0,"comment_status":"closed","ping_status":"closed","template":"","meta":{"jetpack_post_was_ever_published":false,"footnotes":""},"class_list":["post-6685","page","type-page","status-publish","hentry"],"jetpack_sharing_enabled":true,"jetpack_shortlink":"https:\/\/wp.me\/PaGhNl-1JP","_links":{"self":[{"href":"https:\/\/wp.ufpel.edu.br\/computacao\/wp-json\/wp\/v2\/pages\/6685","targetHints":{"allow":["GET"]}}],"collection":[{"href":"https:\/\/wp.ufpel.edu.br\/computacao\/wp-json\/wp\/v2\/pages"}],"about":[{"href":"https:\/\/wp.ufpel.edu.br\/computacao\/wp-json\/wp\/v2\/types\/page"}],"author":[{"embeddable":true,"href":"https:\/\/wp.ufpel.edu.br\/computacao\/wp-json\/wp\/v2\/users\/881"}],"replies":[{"embeddable":true,"href":"https:\/\/wp.ufpel.edu.br\/computacao\/wp-json\/wp\/v2\/comments?post=6685"}],"version-history":[{"count":9,"href":"https:\/\/wp.ufpel.edu.br\/computacao\/wp-json\/wp\/v2\/pages\/6685\/revisions"}],"predecessor-version":[{"id":6699,"href":"https:\/\/wp.ufpel.edu.br\/computacao\/wp-json\/wp\/v2\/pages\/6685\/revisions\/6699"}],"up":[{"embeddable":true,"href":"https:\/\/wp.ufpel.edu.br\/computacao\/wp-json\/wp\/v2\/pages\/118"}],"wp:attachment":[{"href":"https:\/\/wp.ufpel.edu.br\/computacao\/wp-json\/wp\/v2\/media?parent=6685"}],"curies":[{"name":"wp","href":"https:\/\/api.w.org\/{rel}","templated":true}]}}