{"id":594,"date":"2019-04-06T08:18:18","date_gmt":"2019-04-06T11:18:18","guid":{"rendered":"https:\/\/wp.ufpel.edu.br\/computacao\/?page_id=594"},"modified":"2019-04-06T09:34:57","modified_gmt":"2019-04-06T12:34:57","slug":"ensino","status":"publish","type":"page","link":"https:\/\/wp.ufpel.edu.br\/computacao\/ensino\/","title":{"rendered":"Ensino"},"content":{"rendered":"\n<p>Atrav\u00e9s de Projetos de Ensino e outras atividades, a Computa\u00e7\u00e3o-UFPel vai al\u00e9m dos cursos de gradua\u00e7\u00e3o e p\u00f3s-gradua\u00e7\u00e3o, complementando a forma\u00e7\u00e3o dos seus alunos e da comunidade em geral.<\/p>\n","protected":false},"excerpt":{"rendered":"<p>Atrav\u00e9s de Projetos de Ensino e outras atividades, a Computa\u00e7\u00e3o-UFPel vai al\u00e9m dos cursos de gradua\u00e7\u00e3o e p\u00f3s-gradua\u00e7\u00e3o, complementando a forma\u00e7\u00e3o dos seus alunos e da comunidade em geral.<\/p>\n","protected":false},"author":881,"featured_media":0,"parent":0,"menu_order":0,"comment_status":"closed","ping_status":"closed","template":"","meta":{"jetpack_post_was_ever_published":false,"footnotes":""},"class_list":["post-594","page","type-page","status-publish","hentry"],"jetpack_sharing_enabled":true,"jetpack_shortlink":"https:\/\/wp.me\/PaGhNl-9A","_links":{"self":[{"href":"https:\/\/wp.ufpel.edu.br\/computacao\/wp-json\/wp\/v2\/pages\/594","targetHints":{"allow":["GET"]}}],"collection":[{"href":"https:\/\/wp.ufpel.edu.br\/computacao\/wp-json\/wp\/v2\/pages"}],"about":[{"href":"https:\/\/wp.ufpel.edu.br\/computacao\/wp-json\/wp\/v2\/types\/page"}],"author":[{"embeddable":true,"href":"https:\/\/wp.ufpel.edu.br\/computacao\/wp-json\/wp\/v2\/users\/881"}],"replies":[{"embeddable":true,"href":"https:\/\/wp.ufpel.edu.br\/computacao\/wp-json\/wp\/v2\/comments?post=594"}],"version-history":[{"count":3,"href":"https:\/\/wp.ufpel.edu.br\/computacao\/wp-json\/wp\/v2\/pages\/594\/revisions"}],"predecessor-version":[{"id":650,"href":"https:\/\/wp.ufpel.edu.br\/computacao\/wp-json\/wp\/v2\/pages\/594\/revisions\/650"}],"wp:attachment":[{"href":"https:\/\/wp.ufpel.edu.br\/computacao\/wp-json\/wp\/v2\/media?parent=594"}],"curies":[{"name":"wp","href":"https:\/\/api.w.org\/{rel}","templated":true}]}}