{"id":453,"date":"2019-02-25T08:58:14","date_gmt":"2019-02-25T11:58:14","guid":{"rendered":"https:\/\/wp.ufpel.edu.br\/computacao\/?page_id=453"},"modified":"2024-11-27T16:56:52","modified_gmt":"2024-11-27T19:56:52","slug":"documentos-e-formularios","status":"publish","type":"page","link":"https:\/\/wp.ufpel.edu.br\/computacao\/ppgc\/documentos-e-formularios\/","title":{"rendered":"Documentos e Formul\u00e1rios"},"content":{"rendered":"\n<p><strong>Documentos para Alunos<\/strong><\/p>\n\n\n\n<ul class=\"wp-block-list\">\n<li>Formul\u00e1rio de pedido de aux\u00edlio para alunos &#8211; Coleta de Dados e Participa\u00e7\u00e3o em Evento (<a href=\"https:\/\/wp.ufpel.edu.br\/computacao\/files\/2019\/02\/PPGC-FORM-9-AuxilioColetaDadosParticipacaoEvento.docx\">DOC<\/a>)<\/li>\n\n\n\n<li>Relat\u00f3rio de Execu\u00e7\u00e3o de Coleta de Dados (<a href=\"https:\/\/wp.ufpel.edu.br\/computacao\/files\/2019\/02\/PPGC-FORM-666-RelatorioColetaDados.docx\">DOC<\/a>)<\/li>\n\n\n\n<li>Plano de Estudos (<a href=\"https:\/\/wp.ufpel.edu.br\/computacao\/files\/2021\/02\/FORM-PPGC-PlanoDeEstudos_rev2021.docx\">DOC<\/a>)<\/li>\n\n\n\n<li>Plano de Trabalho e Relat\u00f3rio de Est\u00e1gio de Doc\u00eancia (<a href=\"https:\/\/wp.ufpel.edu.br\/computacao\/files\/2021\/08\/FORM-PPGC-EstagioDeDocencia-Res001-2017.docx\">DOC<\/a>)<\/li>\n\n\n\n<li>Formul\u00e1rio de pedido de prorroga\u00e7\u00e3o de prazo de defesa (<a href=\"https:\/\/wp.ufpel.edu.br\/computacao\/files\/2019\/08\/Formulario_Prorrogac\u0327a\u0303o.docx\">DOC<\/a>)<\/li>\n\n\n\n<li>Cadastro de Bolsista (<a href=\"https:\/\/wp.ufpel.edu.br\/computacao\/files\/2019\/08\/1-Cadastramento-de-Bolsistas.xls\">XLS<\/a>)<\/li>\n\n\n\n<li>Cancelamento de Bolsa (<a href=\"https:\/\/wp.ufpel.edu.br\/computacao\/files\/2019\/08\/cancelamento_DS.xls\">XLS<\/a>)<\/li>\n\n\n\n<li>Formul\u00e1rio de pedido de matr\u00edcula (<a href=\"https:\/\/wp.ufpel.edu.br\/computacao\/files\/2019\/08\/Formul\u00e1rio-2-MATR\u00cdCULA_Formul\u00e1rio.docx\">DOC<\/a>)<\/li>\n\n\n\n<li>Trancamento de matr\u00edcula em disciplina (<a href=\"https:\/\/wp.ufpel.edu.br\/computacao\/files\/2019\/08\/Formula%CC%81rio-9-CANCELAMENTO-DE-MATRI%CC%81CULA.doc\">DOC<\/a>)<\/li>\n\n\n\n<li>Trancamento geral de matr\u00edcula (<a href=\"https:\/\/wp.ufpel.edu.br\/computacao\/files\/2020\/06\/TRANCAMENTO-DE-MATRICULA-ATUALIZADO.doc\">DOC<\/a>)<\/li>\n\n\n\n<li>Requisi\u00e7\u00e3o de Aproveitamento de Cr\u00e9ditos&nbsp;(preencher o <a href=\"https:\/\/wp.ufpel.edu.br\/computacao\/files\/2019\/02\/af02b6e020.doc\">DOC<\/a> e enviar no <a href=\"https:\/\/forms.gle\/qS38eDfikTSsfPWb8\">FORM<\/a> online)\n<ul class=\"wp-block-list\">\n<li>Nota: Obrigat\u00f3rio apresentar&nbsp;Hist\u00f3rico e Programa Anal\u00edtico em caso de disciplina cursada fora do&nbsp;PPGC-UFPel<\/li>\n<\/ul>\n<\/li>\n\n\n\n<li>Requisi\u00e7\u00e3o de Cr\u00e9ditos em Atividades Complementares (preencher o <a href=\"https:\/\/wp.ufpel.edu.br\/computacao\/files\/2023\/11\/FORMULA\u0301RIO-HORAS-COMPLEMENTARES-2023.docx\">DOC<\/a> e enviar no <a href=\"https:\/\/forms.gle\/dpW6XuTcm3rKwtUs7\">FORM<\/a> online)\n<ul class=\"wp-block-list\">\n<li>Atualizado para a <a href=\"https:\/\/wp.ufpel.edu.br\/computacao\/files\/2023\/11\/SEI_UFPel-2428375-Resolucao-01-2023.pdf\">Resolu\u00e7\u00e3o Interna PPGC 01\/2023<\/a>.<\/li>\n<\/ul>\n<\/li>\n\n\n\n<li><a href=\"https:\/\/wp.ufpel.edu.br\/sisbi\/normas-da-ufpel-para-trabalhos-academicos\/\">Normas de formata\u00e7\u00e3o para Proposta, TI e Disserta\u00e7\u00e3o<\/a><\/li>\n\n\n\n<li><a href=\"https:\/\/github.com\/notcc\/texufpel\">Modelo para Propostas, TI, Disserta\u00e7\u00f5es do PPGC<\/a><\/li>\n<\/ul>\n\n\n\n<p><strong>Documentos para Professores<\/strong><\/p>\n\n\n\n<ul class=\"wp-block-list\">\n<li>Formul\u00e1rio de avalia\u00e7\u00e3o de Trabalho Individual (<a href=\"https:\/\/wp.ufpel.edu.br\/computacao\/files\/2019\/02\/PPGC-FORM-6-ConceitoTrabalhoIndividual.pdf\">PDF<\/a>&nbsp;|&nbsp;<a href=\"https:\/\/wp.ufpel.edu.br\/computacao\/files\/2019\/02\/PPGC-FORM-6-ConceitoTrabalhoIndividual.docx\">DOC<\/a>)<\/li>\n\n\n\n<li>Formul\u00e1rio de avalia\u00e7\u00e3o de Est\u00e1gio Doc\u00eancia (<a href=\"https:\/\/wp.ufpel.edu.br\/computacao\/files\/2019\/02\/PPGC-FORM-5-RelatorioEstagioDocencia.pdf\">PDF<\/a>&nbsp;|&nbsp;<a href=\"https:\/\/wp.ufpel.edu.br\/computacao\/files\/2019\/02\/PPGC-FORM-5-RelatorioEstagioDocencia.doc\">DOC<\/a>)<\/li>\n\n\n\n<li>Formul\u00e1rio de Indica\u00e7\u00e3o de Co-Orienta\u00e7\u00e3o (<a href=\"https:\/\/wp.ufpel.edu.br\/computacao\/files\/2019\/02\/Formula\u0301rio_Coorientac\u0327a\u0303o.pdf\">PDF<\/a> | <a href=\"https:\/\/wp.ufpel.edu.br\/computacao\/files\/2024\/11\/Formula\u0301rio_Coorientac\u0327a\u0303o.docx\">DOC<\/a>)<\/li>\n<\/ul>\n\n\n\n<p><\/p>\n","protected":false},"excerpt":{"rendered":"<p>Documentos para Alunos Documentos para Professores<\/p>\n","protected":false},"author":881,"featured_media":0,"parent":118,"menu_order":0,"comment_status":"closed","ping_status":"closed","template":"","meta":{"jetpack_post_was_ever_published":false,"footnotes":""},"class_list":["post-453","page","type-page","status-publish","hentry"],"jetpack_sharing_enabled":true,"jetpack_shortlink":"https:\/\/wp.me\/PaGhNl-7j","_links":{"self":[{"href":"https:\/\/wp.ufpel.edu.br\/computacao\/wp-json\/wp\/v2\/pages\/453","targetHints":{"allow":["GET"]}}],"collection":[{"href":"https:\/\/wp.ufpel.edu.br\/computacao\/wp-json\/wp\/v2\/pages"}],"about":[{"href":"https:\/\/wp.ufpel.edu.br\/computacao\/wp-json\/wp\/v2\/types\/page"}],"author":[{"embeddable":true,"href":"https:\/\/wp.ufpel.edu.br\/computacao\/wp-json\/wp\/v2\/users\/881"}],"replies":[{"embeddable":true,"href":"https:\/\/wp.ufpel.edu.br\/computacao\/wp-json\/wp\/v2\/comments?post=453"}],"version-history":[{"count":22,"href":"https:\/\/wp.ufpel.edu.br\/computacao\/wp-json\/wp\/v2\/pages\/453\/revisions"}],"predecessor-version":[{"id":8237,"href":"https:\/\/wp.ufpel.edu.br\/computacao\/wp-json\/wp\/v2\/pages\/453\/revisions\/8237"}],"up":[{"embeddable":true,"href":"https:\/\/wp.ufpel.edu.br\/computacao\/wp-json\/wp\/v2\/pages\/118"}],"wp:attachment":[{"href":"https:\/\/wp.ufpel.edu.br\/computacao\/wp-json\/wp\/v2\/media?parent=453"}],"curies":[{"name":"wp","href":"https:\/\/api.w.org\/{rel}","templated":true}]}}