{"id":421,"date":"2019-02-24T09:05:20","date_gmt":"2019-02-24T12:05:20","guid":{"rendered":"https:\/\/wp.ufpel.edu.br\/computacao\/?page_id=421"},"modified":"2021-03-16T20:50:35","modified_gmt":"2021-03-16T23:50:35","slug":"linhas-de-pesquisa","status":"publish","type":"page","link":"https:\/\/wp.ufpel.edu.br\/computacao\/ppgc\/linhas-de-pesquisa\/","title":{"rendered":"Linhas de Pesquisa"},"content":{"rendered":"\n<p><strong><a href=\"https:\/\/wp.ufpel.edu.br\/computacao\/ppgc\/linhas-de-pesquisas\/fundamentos-da-computacao\/\">Fundamentos da Computa\u00e7\u00e3o<\/a><\/strong><\/p>\n\n\n\n<p>Pesquisa fundamentos te\u00f3ricos e modelos abstratos que servem de base para sistemas, bem como desenvolve t\u00e9cnicas para garantir corre\u00e7\u00e3o no desenvolvimento de software. Temas de interesse incluem especifica\u00e7\u00e3o e verifica\u00e7\u00e3o formal de sistemas concorrentes e distribu\u00eddos, teoria da informa\u00e7\u00e3o para a computa\u00e7\u00e3o e desenvolvimento e an\u00e1lise da complexidade de modelos matem\u00e1ticos computacionais.<\/p>\n\n\n\n<p><strong><a href=\"https:\/\/wp.ufpel.edu.br\/computacao\/ppgc\/multimidia-e-processamento-digital-de-sinais\/\">Multim\u00eddia e Processamento Digital de Sinais<\/a><\/strong><\/p>\n\n\n\n<p>Estuda os processos e os aspectos relacionados \u00e0 manipula\u00e7\u00e3o, processamento, representa\u00e7\u00e3o, codifica\u00e7\u00e3o, transmiss\u00e3o e avalia\u00e7\u00e3o de conte\u00fado multim\u00eddia e sinais digitais, com destaque para imagens e v\u00eddeos. A linha de pesquisa tem o objetivo de investigar o desenvolvimento de algoritmos e arquiteturas multim\u00eddia e de processamento digital de sinais, bem como os mecanismos de representa\u00e7\u00e3o, modelagem e an\u00e1lise com foco na melhor experi\u00eancia do usu\u00e1rio.<\/p>\n\n\n\n<p><strong><a href=\"https:\/\/wp.ufpel.edu.br\/computacao\/ppgc\/processamento-paralelo-e-distribuido\/\">Processamento Paralelo e Distribu\u00eddo<\/a><\/strong><\/p>\n\n\n\n<p>Desenvolve pesquisas relacionadas com ambientes de processamento paralelo e distribu\u00eddo. S\u00e3o tratados temas como ambientes de programa\u00e7\u00e3o e execu\u00e7\u00e3o, computa\u00e7\u00e3o m\u00f3vel e pervasiva e computa\u00e7\u00e3o sustent\u00e1vel e arquiteturas para o processamento paralelo e distribu\u00eddo.<\/p>\n\n\n\n<p><strong><a href=\"https:\/\/wp.ufpel.edu.br\/computacao\/ppgc\/sistemas-digitais-e-embarcados\/\">Sistemas Digitais e Embarcados<\/a><\/strong><\/p>\n\n\n\n<p>Tem como focos de pesquisa a especifica\u00e7\u00e3o, a valida\u00e7\u00e3o, a verifica\u00e7\u00e3o, o projeto e o teste de sistemas digitais e embarcados, com particular aten\u00e7\u00e3o \u00e0 investiga\u00e7\u00e3o do projeto de sistemas computacionais dedicados para aplica\u00e7\u00f5es espec\u00edficas que envolvem hardware e software.<\/p>\n\n\n\n<p><strong><a href=\"https:\/\/wp.ufpel.edu.br\/computacao\/ppgc\/sistemas-inteligentes\/\">Sistemas Inteligentes<\/a><\/strong><\/p>\n\n\n\n<p>Aplica os conceitos, t\u00e9cnicas e ferramentas da Intelig\u00eancia Artificial no auxilio da resolu\u00e7\u00e3o de problemas conceituais e pr\u00e1ticos da computa\u00e7\u00e3o e das demais \u00e1reas do conhecimento. S\u00e3o tratados temas como aprendizagem de m\u00e1quina e teoria computacional do aprendizado, agentes aut\u00f4nomos e sistemas multiagente e computa\u00e7\u00e3o evolutiva.<\/p>\n","protected":false},"excerpt":{"rendered":"<p>Fundamentos da Computa\u00e7\u00e3o Pesquisa fundamentos te\u00f3ricos e modelos abstratos que servem de base para sistemas, bem como desenvolve t\u00e9cnicas para garantir corre\u00e7\u00e3o no desenvolvimento de software. Temas de interesse incluem especifica\u00e7\u00e3o e verifica\u00e7\u00e3o formal&#46;&#46;&#46;<\/p>\n","protected":false},"author":881,"featured_media":0,"parent":118,"menu_order":0,"comment_status":"closed","ping_status":"closed","template":"","meta":{"jetpack_post_was_ever_published":false,"footnotes":""},"class_list":["post-421","page","type-page","status-publish","hentry"],"jetpack_sharing_enabled":true,"jetpack_shortlink":"https:\/\/wp.me\/PaGhNl-6N","_links":{"self":[{"href":"https:\/\/wp.ufpel.edu.br\/computacao\/wp-json\/wp\/v2\/pages\/421","targetHints":{"allow":["GET"]}}],"collection":[{"href":"https:\/\/wp.ufpel.edu.br\/computacao\/wp-json\/wp\/v2\/pages"}],"about":[{"href":"https:\/\/wp.ufpel.edu.br\/computacao\/wp-json\/wp\/v2\/types\/page"}],"author":[{"embeddable":true,"href":"https:\/\/wp.ufpel.edu.br\/computacao\/wp-json\/wp\/v2\/users\/881"}],"replies":[{"embeddable":true,"href":"https:\/\/wp.ufpel.edu.br\/computacao\/wp-json\/wp\/v2\/comments?post=421"}],"version-history":[{"count":8,"href":"https:\/\/wp.ufpel.edu.br\/computacao\/wp-json\/wp\/v2\/pages\/421\/revisions"}],"predecessor-version":[{"id":6694,"href":"https:\/\/wp.ufpel.edu.br\/computacao\/wp-json\/wp\/v2\/pages\/421\/revisions\/6694"}],"up":[{"embeddable":true,"href":"https:\/\/wp.ufpel.edu.br\/computacao\/wp-json\/wp\/v2\/pages\/118"}],"wp:attachment":[{"href":"https:\/\/wp.ufpel.edu.br\/computacao\/wp-json\/wp\/v2\/media?parent=421"}],"curies":[{"name":"wp","href":"https:\/\/api.w.org\/{rel}","templated":true}]}}