{"id":351,"date":"2019-02-23T22:01:25","date_gmt":"2019-02-24T01:01:25","guid":{"rendered":"https:\/\/wp.ufpel.edu.br\/computacao\/?page_id=351"},"modified":"2019-05-17T11:38:10","modified_gmt":"2019-05-17T14:38:10","slug":"portaria-03-2016","status":"publish","type":"page","link":"https:\/\/wp.ufpel.edu.br\/computacao\/ppgc\/regimento-e-resolucoes\/portaria-03-2016\/","title":{"rendered":"Portaria 03-2016 \u2013 Crit\u00e9rios Adicionais de Desempate para Distribui\u00e7\u00e3o de Bolsas de Mestrado"},"content":{"rendered":"\n<h2 class=\"wp-block-heading\">Portaria 03\/2016 \u2013 Crit\u00e9rios Adicionais de Desempate para Distribui\u00e7\u00e3o de Bolsas de Mestrado<\/h2>\n\n\n\n<p>O COORDENADOR DO PROGRAMA DE P\u00d3S- GRADUA\u00c7\u00c3O EM COMPUTA\u00c7\u00c3O DA UNIVERSIDADE FEDERAL DE PELOTAS, no uso de suas atribui\u00e7\u00f5es legais,&nbsp;ESTABELECE crit\u00e9rios adicionais de desempate para distribui\u00e7\u00e3o de bolsas de Mestrado do Programa, como segue. Persistindo o empate ap\u00f3s os crit\u00e9rios aplicados na&nbsp;Portaria 02\/2014,&nbsp;ter\u00e3o prefer\u00eancia os candidatos com maior n\u00famero resultante da soma de (a) participa\u00e7\u00e3o em projetos de pesquisa, (b) organiza\u00e7\u00e3o de eventos e (c) participa\u00e7\u00e3o em eventos. Persistindo o empate a prefer\u00eancia ser\u00e1 dada ao candidato mais velho.<\/p>\n","protected":false},"excerpt":{"rendered":"<p>Portaria 03\/2016 \u2013 Crit\u00e9rios Adicionais de Desempate para Distribui\u00e7\u00e3o de Bolsas de Mestrado O COORDENADOR DO PROGRAMA DE P\u00d3S- GRADUA\u00c7\u00c3O EM COMPUTA\u00c7\u00c3O DA UNIVERSIDADE FEDERAL DE PELOTAS, no uso de suas atribui\u00e7\u00f5es legais,&nbsp;ESTABELECE crit\u00e9rios&#46;&#46;&#46;<\/p>\n","protected":false},"author":881,"featured_media":0,"parent":283,"menu_order":0,"comment_status":"closed","ping_status":"closed","template":"","meta":{"jetpack_post_was_ever_published":false,"footnotes":""},"class_list":["post-351","page","type-page","status-publish","hentry"],"jetpack_sharing_enabled":true,"jetpack_shortlink":"https:\/\/wp.me\/PaGhNl-5F","_links":{"self":[{"href":"https:\/\/wp.ufpel.edu.br\/computacao\/wp-json\/wp\/v2\/pages\/351","targetHints":{"allow":["GET"]}}],"collection":[{"href":"https:\/\/wp.ufpel.edu.br\/computacao\/wp-json\/wp\/v2\/pages"}],"about":[{"href":"https:\/\/wp.ufpel.edu.br\/computacao\/wp-json\/wp\/v2\/types\/page"}],"author":[{"embeddable":true,"href":"https:\/\/wp.ufpel.edu.br\/computacao\/wp-json\/wp\/v2\/users\/881"}],"replies":[{"embeddable":true,"href":"https:\/\/wp.ufpel.edu.br\/computacao\/wp-json\/wp\/v2\/comments?post=351"}],"version-history":[{"count":3,"href":"https:\/\/wp.ufpel.edu.br\/computacao\/wp-json\/wp\/v2\/pages\/351\/revisions"}],"predecessor-version":[{"id":5220,"href":"https:\/\/wp.ufpel.edu.br\/computacao\/wp-json\/wp\/v2\/pages\/351\/revisions\/5220"}],"up":[{"embeddable":true,"href":"https:\/\/wp.ufpel.edu.br\/computacao\/wp-json\/wp\/v2\/pages\/283"}],"wp:attachment":[{"href":"https:\/\/wp.ufpel.edu.br\/computacao\/wp-json\/wp\/v2\/media?parent=351"}],"curies":[{"name":"wp","href":"https:\/\/api.w.org\/{rel}","templated":true}]}}