{"id":222,"date":"2019-02-10T21:34:26","date_gmt":"2019-02-10T23:34:26","guid":{"rendered":"https:\/\/wp.ufpel.edu.br\/computacao\/?page_id=222"},"modified":"2019-02-10T21:34:26","modified_gmt":"2019-02-10T23:34:26","slug":"ingresso","status":"publish","type":"page","link":"https:\/\/wp.ufpel.edu.br\/computacao\/ciencia-da-computacao\/ingresso\/","title":{"rendered":"Ingresso"},"content":{"rendered":"<p>Desde a sua implanta\u00e7\u00e3o na UFPel, o Curso de Ci\u00eancia da Computa\u00e7\u00e3o \u00e9 um dos mais procurados pelos estudantes, tendo superado as expectativas iniciais. Em fun\u00e7\u00e3o disto, a Administra\u00e7\u00e3o da Universidade decidiu pela realiza\u00e7\u00e3o do duplo ingresso, com sele\u00e7\u00e3o de ver\u00e3o e de inverno, e pela amplia\u00e7\u00e3o das vagas oferecidas. A partir de 2008 passaram a ser oferecidas 40 vagas no vestibular de ver\u00e3o e 40 vagas no de inverno, totalizando 80 vagas anuais.<\/p>\n<p>Desde 2009, a sele\u00e7\u00e3o principal para os dois ingressos \u00e9 realizada pelo Sistema de Sele\u00e7\u00e3o Unificada (<a title=\"Sistema de Sele\u00e7\u00e3o Unificada\" href=\"http:\/\/sisu.mec.gov.br\/\">SiSU<\/a>), fazendo uso do Exame Nacional do Ensino M\u00e9dio\u00a0(<a title=\"Exame Nacional do Ensino M\u00e9dio\" href=\"http:\/\/enem.inep.gov.br\/\">ENEM<\/a>). Adicionalmente, cerca de 10% das vagas s\u00e3o reservadas para sele\u00e7\u00e3o atrav\u00e9s do Programa de Avalia\u00e7\u00e3o da Vida Escolar (<a href=\"http:\/\/ces.ufpel.edu.br\/vestibular\/pave\/\">PAVE<\/a>).\u00a0Mais informa\u00e7\u00f5es podem ser encontradas no\u00a0site da <a href=\"http:\/\/concursos.ufpel.edu.br\/wp\/\">Coordena\u00e7\u00e3o de Desenvolvimento de Concursos<\/a>. Dependendo da disponibilidade, uma pequena quantidade de vagas pode tamb\u00e9m ser oferecida para transfer\u00eancias de outras universidades e reop\u00e7\u00f5es dentro da UFPel.<\/p>\n","protected":false},"excerpt":{"rendered":"<p>Desde a sua implanta\u00e7\u00e3o na UFPel, o Curso de Ci\u00eancia da Computa\u00e7\u00e3o \u00e9 um dos mais procurados pelos estudantes, tendo superado as expectativas iniciais. Em fun\u00e7\u00e3o disto, a Administra\u00e7\u00e3o da Universidade decidiu pela realiza\u00e7\u00e3o&#46;&#46;&#46;<\/p>\n","protected":false},"author":881,"featured_media":0,"parent":181,"menu_order":0,"comment_status":"closed","ping_status":"closed","template":"","meta":{"jetpack_post_was_ever_published":false,"footnotes":""},"class_list":["post-222","page","type-page","status-publish","hentry"],"jetpack_sharing_enabled":true,"jetpack_shortlink":"https:\/\/wp.me\/PaGhNl-3A","_links":{"self":[{"href":"https:\/\/wp.ufpel.edu.br\/computacao\/wp-json\/wp\/v2\/pages\/222","targetHints":{"allow":["GET"]}}],"collection":[{"href":"https:\/\/wp.ufpel.edu.br\/computacao\/wp-json\/wp\/v2\/pages"}],"about":[{"href":"https:\/\/wp.ufpel.edu.br\/computacao\/wp-json\/wp\/v2\/types\/page"}],"author":[{"embeddable":true,"href":"https:\/\/wp.ufpel.edu.br\/computacao\/wp-json\/wp\/v2\/users\/881"}],"replies":[{"embeddable":true,"href":"https:\/\/wp.ufpel.edu.br\/computacao\/wp-json\/wp\/v2\/comments?post=222"}],"version-history":[{"count":2,"href":"https:\/\/wp.ufpel.edu.br\/computacao\/wp-json\/wp\/v2\/pages\/222\/revisions"}],"predecessor-version":[{"id":5526,"href":"https:\/\/wp.ufpel.edu.br\/computacao\/wp-json\/wp\/v2\/pages\/222\/revisions\/5526"}],"up":[{"embeddable":true,"href":"https:\/\/wp.ufpel.edu.br\/computacao\/wp-json\/wp\/v2\/pages\/181"}],"wp:attachment":[{"href":"https:\/\/wp.ufpel.edu.br\/computacao\/wp-json\/wp\/v2\/media?parent=222"}],"curies":[{"name":"wp","href":"https:\/\/api.w.org\/{rel}","templated":true}]}}