{"id":12,"date":"2019-01-30T06:32:17","date_gmt":"2019-01-30T08:32:17","guid":{"rendered":"https:\/\/wp.ufpel.edu.br\/computacao\/?page_id=12"},"modified":"2019-02-04T20:58:39","modified_gmt":"2019-02-04T22:58:39","slug":"historia","status":"publish","type":"page","link":"https:\/\/wp.ufpel.edu.br\/computacao\/sobre-a-computacao-ufpel\/historia\/","title":{"rendered":"Hist\u00f3ria da Computa\u00e7\u00e3o-UFPel"},"content":{"rendered":"<p>A \u00e1rea acad\u00eamica de Computa\u00e7\u00e3o na\u00a0<a href=\"http:\/\/www.ufpel.edu.br\/\">UFPel<\/a>\u00a0iniciou com a cria\u00e7\u00e3o do curso de Bacharelado em Inform\u00e1tica, em 1992,\u00a0que veio a se tornar o curso de\u00a0Ci\u00eancia da Computa\u00e7\u00e3o\u00a0em 2001, por iniciativa de docentes ligados ao extinto Departamento de Matem\u00e1tica, Estat\u00edstica e Computa\u00e7\u00e3o (DMEC). O curso oferecia ent\u00e3o 30 vagas anuais.<\/p>\n<p>Em 2004, foi institu\u00eddo o Departamento de Inform\u00e1tica, junto ao Instituto de F\u00edsica e Matem\u00e1tica, com o objetivo de agregar os docentes ligados a \u00e1rea. Em 2008, a \u00e1rea adere ao REUNI e passa a oferecer 90 vagas anuais, em dois ingressos, no curso de Ci\u00eancia da Computa\u00e7\u00e3o . Em 2009, \u00e9 concebido o curso de\u00a0Engenharia de Computa\u00e7\u00e3o, oferecendo 45 vagas no seu primeiro ingresso em 2010.<\/p>\n<p>Em 2010, aderindo ao plano de reestrutura\u00e7\u00e3o da UFPel, o Departamento de Inform\u00e1tica \u00e9 extinto e a \u00e1rea passa a ser ligada ao Centro de Desenvolvimento Tecnol\u00f3gico (<a href=\"http:\/\/cdtec.ufpel.edu.br\/\">CDTec<\/a>). Ainda neste ano, o\u00a0Programa de P\u00f3s-Gradua\u00e7\u00e3o em Computa\u00e7\u00e3o\u00a0(PPGC) \u00e9 proposto e aprovado pela CAPES, instituindo o curso de\u00a0Mestrado Acad\u00eamico em Ci\u00eancia da Computa\u00e7\u00e3o\u00a0que passa a oferecer vagas anuais iniciando em 2011. Em 2016 o PPGC consolida-se e passa a oferecer o curso de Doutorado em Ci\u00eancia da Computa\u00e7\u00e3o, o primeiro na \u00e1rea no interior do estado.<\/p>\n<p>Atualmente, a \u00e1rea \u00e9 composta de\u00a026 docentes\u00a0e pesquisadores ligados ao CDTec e agrega mais de 500 alunos entre seus cursos de gradua\u00e7\u00e3o e p\u00f3s-gradua\u00e7\u00e3o.<\/p>\n","protected":false},"excerpt":{"rendered":"<p>A \u00e1rea acad\u00eamica de Computa\u00e7\u00e3o na\u00a0UFPel\u00a0iniciou com a cria\u00e7\u00e3o do curso de Bacharelado em Inform\u00e1tica, em 1992,\u00a0que veio a se tornar o curso de\u00a0Ci\u00eancia da Computa\u00e7\u00e3o\u00a0em 2001, por iniciativa de docentes ligados ao extinto&#46;&#46;&#46;<\/p>\n","protected":false},"author":881,"featured_media":0,"parent":18,"menu_order":0,"comment_status":"closed","ping_status":"closed","template":"","meta":{"jetpack_post_was_ever_published":false,"footnotes":""},"class_list":["post-12","page","type-page","status-publish","hentry"],"jetpack_sharing_enabled":true,"jetpack_shortlink":"https:\/\/wp.me\/PaGhNl-c","_links":{"self":[{"href":"https:\/\/wp.ufpel.edu.br\/computacao\/wp-json\/wp\/v2\/pages\/12","targetHints":{"allow":["GET"]}}],"collection":[{"href":"https:\/\/wp.ufpel.edu.br\/computacao\/wp-json\/wp\/v2\/pages"}],"about":[{"href":"https:\/\/wp.ufpel.edu.br\/computacao\/wp-json\/wp\/v2\/types\/page"}],"author":[{"embeddable":true,"href":"https:\/\/wp.ufpel.edu.br\/computacao\/wp-json\/wp\/v2\/users\/881"}],"replies":[{"embeddable":true,"href":"https:\/\/wp.ufpel.edu.br\/computacao\/wp-json\/wp\/v2\/comments?post=12"}],"version-history":[{"count":3,"href":"https:\/\/wp.ufpel.edu.br\/computacao\/wp-json\/wp\/v2\/pages\/12\/revisions"}],"predecessor-version":[{"id":5964,"href":"https:\/\/wp.ufpel.edu.br\/computacao\/wp-json\/wp\/v2\/pages\/12\/revisions\/5964"}],"up":[{"embeddable":true,"href":"https:\/\/wp.ufpel.edu.br\/computacao\/wp-json\/wp\/v2\/pages\/18"}],"wp:attachment":[{"href":"https:\/\/wp.ufpel.edu.br\/computacao\/wp-json\/wp\/v2\/media?parent=12"}],"curies":[{"name":"wp","href":"https:\/\/api.w.org\/{rel}","templated":true}]}}

História da Computação-UFPel

<p>A área acadêmica de Computação na <a href="http://www.ufpel.edu.br/">UFPel</a> iniciou com a criação do curso de Bacharelado em Informática, em 1992, que veio a se tornar o curso de Ciência da Computação em 2001, por iniciativa de docentes ligados ao extinto Departamento de Matemática, Estatística e Computação (DMEC). O curso oferecia então 30 vagas anuais.</p>
<p>Em 2004, foi instituído o Departamento de Informática, junto ao Instituto de Física e Matemática, com o objetivo de agregar os docentes ligados a área. Em 2008, a área adere ao REUNI e passa a oferecer 90 vagas anuais, em dois ingressos, no curso de Ciência da Computação . Em 2009, é concebido o curso de Engenharia de Computação, oferecendo 45 vagas no seu primeiro ingresso em 2010.</p>
<p>Em 2010, aderindo ao plano de reestruturação da UFPel, o Departamento de Informática é extinto e a área passa a ser ligada ao Centro de Desenvolvimento Tecnológico (<a href="http://cdtec.ufpel.edu.br/">CDTec</a>). Ainda neste ano, o Programa de Pós-Graduação em Computação (PPGC) é proposto e aprovado pela CAPES, instituindo o curso de Mestrado Acadêmico em Ciência da Computação que passa a oferecer vagas anuais iniciando em 2011. Em 2016 o PPGC consolida-se e passa a oferecer o curso de Doutorado em Ciência da Computação, o primeiro na área no interior do estado.</p>
<p>Atualmente, a área é composta de 26 docentes e pesquisadores ligados ao CDTec e agrega mais de 500 alunos entre seus cursos de graduação e pós-graduação.</p>

<p>A área acadêmica de Computação na UFPel iniciou com a criação do curso de Bacharelado em Informática, em 1992, que veio a se tornar o curso de Ciência da Computação em 2001, por iniciativa de docentes ligados ao extinto&#46;&#46;&#46;</p>
