{"id":107,"date":"2019-02-04T22:14:20","date_gmt":"2019-02-05T00:14:20","guid":{"rendered":"https:\/\/wp.ufpel.edu.br\/computacao\/?page_id=107"},"modified":"2019-02-04T22:23:19","modified_gmt":"2019-02-05T00:23:19","slug":"pos-graduacao","status":"publish","type":"page","link":"https:\/\/wp.ufpel.edu.br\/computacao\/pos-graduacao\/","title":{"rendered":"P\u00f3s-Gradua\u00e7\u00e3o"},"content":{"rendered":"<p>A p\u00f3s-gradu\u00e7\u00e3o da \u00e1rea de Computa\u00e7\u00e3o na UFPel engloba o Programa de P\u00f3s-Gradua\u00e7\u00e3o em Computa\u00e7\u00e3o que, por sua vez, oferece dois cursos:\u00a0\u00a0<strong>Mestrado<\/strong>\u00a0<strong>Acad\u00eamico<\/strong> e\u00a0<strong>Doutorado<\/strong>\u00a0em Ci\u00eancia da Computa\u00e7\u00e3o.<\/p>\n","protected":false},"excerpt":{"rendered":"<p>A p\u00f3s-gradu\u00e7\u00e3o da \u00e1rea de Computa\u00e7\u00e3o na UFPel engloba o Programa de P\u00f3s-Gradua\u00e7\u00e3o em Computa\u00e7\u00e3o que, por sua vez, oferece dois cursos:\u00a0\u00a0Mestrado\u00a0Acad\u00eamico e\u00a0Doutorado\u00a0em Ci\u00eancia da Computa\u00e7\u00e3o.<\/p>\n","protected":false},"author":881,"featured_media":0,"parent":0,"menu_order":0,"comment_status":"closed","ping_status":"closed","template":"","meta":{"jetpack_post_was_ever_published":false,"footnotes":""},"class_list":["post-107","page","type-page","status-publish","hentry"],"jetpack_sharing_enabled":true,"jetpack_shortlink":"https:\/\/wp.me\/PaGhNl-1J","_links":{"self":[{"href":"https:\/\/wp.ufpel.edu.br\/computacao\/wp-json\/wp\/v2\/pages\/107","targetHints":{"allow":["GET"]}}],"collection":[{"href":"https:\/\/wp.ufpel.edu.br\/computacao\/wp-json\/wp\/v2\/pages"}],"about":[{"href":"https:\/\/wp.ufpel.edu.br\/computacao\/wp-json\/wp\/v2\/types\/page"}],"author":[{"embeddable":true,"href":"https:\/\/wp.ufpel.edu.br\/computacao\/wp-json\/wp\/v2\/users\/881"}],"replies":[{"embeddable":true,"href":"https:\/\/wp.ufpel.edu.br\/computacao\/wp-json\/wp\/v2\/comments?post=107"}],"version-history":[{"count":3,"href":"https:\/\/wp.ufpel.edu.br\/computacao\/wp-json\/wp\/v2\/pages\/107\/revisions"}],"predecessor-version":[{"id":5614,"href":"https:\/\/wp.ufpel.edu.br\/computacao\/wp-json\/wp\/v2\/pages\/107\/revisions\/5614"}],"wp:attachment":[{"href":"https:\/\/wp.ufpel.edu.br\/computacao\/wp-json\/wp\/v2\/media?parent=107"}],"curies":[{"name":"wp","href":"https:\/\/api.w.org\/{rel}","templated":true}]}}

Pós-Graduação

<p>A pós-gradução da área de Computação na UFPel engloba o Programa de Pós-Graduação em Computação que, por sua vez, oferece dois cursos:  <strong>Mestrado</strong> <strong>Acadêmico</strong> e <strong>Doutorado</strong> em Ciência da Computação.</p>

<p>A pós-gradução da área de Computação na UFPel engloba o Programa de Pós-Graduação em Computação que, por sua vez, oferece dois cursos:  Mestrado Acadêmico e Doutorado em Ciência da Computação.</p>
