{"id":103,"date":"2019-02-04T22:02:54","date_gmt":"2019-02-05T00:02:54","guid":{"rendered":"https:\/\/wp.ufpel.edu.br\/computacao\/?page_id=103"},"modified":"2019-02-04T22:02:54","modified_gmt":"2019-02-05T00:02:54","slug":"semana-academica","status":"publish","type":"page","link":"https:\/\/wp.ufpel.edu.br\/computacao\/graduacao\/semana-academica\/","title":{"rendered":"Semana Acad\u00eamica"},"content":{"rendered":"<p>A SACOMP, Semana Acad\u00eamica da Computa\u00e7\u00e3o,\u00a0\u00e9 um tradicional evento acad\u00eamico sem fins lucrativos organizado pelos alunos dos cursos de Ci\u00eancia da Computa\u00e7\u00e3o e Engenharia de Computa\u00e7\u00e3o da Universidade Federal de Pelotas. A primeira SACOMP ocorreu em 1996 e tem sido realizada anualmente desde ent\u00e3o.<\/p>\n<p><a href=\"https:\/\/wp.ufpel.edu.br\/sacomp\/\">Mais informa\u00e7\u00f5es no site da SACOMP<\/a>.<\/p>\n","protected":false},"excerpt":{"rendered":"<p>A SACOMP, Semana Acad\u00eamica da Computa\u00e7\u00e3o,\u00a0\u00e9 um tradicional evento acad\u00eamico sem fins lucrativos organizado pelos alunos dos cursos de Ci\u00eancia da Computa\u00e7\u00e3o e Engenharia de Computa\u00e7\u00e3o da Universidade Federal de Pelotas. A primeira SACOMP&#46;&#46;&#46;<\/p>\n","protected":false},"author":881,"featured_media":0,"parent":64,"menu_order":0,"comment_status":"closed","ping_status":"closed","template":"","meta":{"jetpack_post_was_ever_published":false,"footnotes":""},"class_list":["post-103","page","type-page","status-publish","hentry"],"jetpack_sharing_enabled":true,"jetpack_shortlink":"https:\/\/wp.me\/PaGhNl-1F","_links":{"self":[{"href":"https:\/\/wp.ufpel.edu.br\/computacao\/wp-json\/wp\/v2\/pages\/103","targetHints":{"allow":["GET"]}}],"collection":[{"href":"https:\/\/wp.ufpel.edu.br\/computacao\/wp-json\/wp\/v2\/pages"}],"about":[{"href":"https:\/\/wp.ufpel.edu.br\/computacao\/wp-json\/wp\/v2\/types\/page"}],"author":[{"embeddable":true,"href":"https:\/\/wp.ufpel.edu.br\/computacao\/wp-json\/wp\/v2\/users\/881"}],"replies":[{"embeddable":true,"href":"https:\/\/wp.ufpel.edu.br\/computacao\/wp-json\/wp\/v2\/comments?post=103"}],"version-history":[{"count":2,"href":"https:\/\/wp.ufpel.edu.br\/computacao\/wp-json\/wp\/v2\/pages\/103\/revisions"}],"predecessor-version":[{"id":5603,"href":"https:\/\/wp.ufpel.edu.br\/computacao\/wp-json\/wp\/v2\/pages\/103\/revisions\/5603"}],"up":[{"embeddable":true,"href":"https:\/\/wp.ufpel.edu.br\/computacao\/wp-json\/wp\/v2\/pages\/64"}],"wp:attachment":[{"href":"https:\/\/wp.ufpel.edu.br\/computacao\/wp-json\/wp\/v2\/media?parent=103"}],"curies":[{"name":"wp","href":"https:\/\/api.w.org\/{rel}","templated":true}]}}

Semana Acadêmica

<p>A SACOMP, Semana Acadêmica da Computação, é um tradicional evento acadêmico sem fins lucrativos organizado pelos alunos dos cursos de Ciência da Computação e Engenharia de Computação da Universidade Federal de Pelotas. A primeira SACOMP ocorreu em 1996 e tem sido realizada anualmente desde então.</p>
<p><a href="https://wp.ufpel.edu.br/sacomp/">Mais informações no site da SACOMP</a>.</p>

<p>A SACOMP, Semana Acadêmica da Computação, é um tradicional evento acadêmico sem fins lucrativos organizado pelos alunos dos cursos de Ciência da Computação e Engenharia de Computação da Universidade Federal de Pelotas. A primeira SACOMP&#46;&#46;&#46;</p>
