{"id":100,"date":"2019-02-04T21:52:08","date_gmt":"2019-02-04T23:52:08","guid":{"rendered":"https:\/\/wp.ufpel.edu.br\/computacao\/?page_id=100"},"modified":"2019-02-04T21:52:08","modified_gmt":"2019-02-04T23:52:08","slug":"diretorio-academico","status":"publish","type":"page","link":"https:\/\/wp.ufpel.edu.br\/computacao\/graduacao\/diretorio-academico\/","title":{"rendered":"Diret\u00f3rio Acad\u00eamico"},"content":{"rendered":"<p>O <strong>Diret\u00f3rio Acad\u00eamico Blaise Pascal<\/strong>\u00a0(DABP) \u00e9 um \u00f3rg\u00e3o de representa\u00e7\u00e3o e defesa dos estudantes regulares dos cursos de Computa\u00e7\u00e3o da Universidade Federal de Pelotas.\u00a0Criado em\u00a0 26 de setembro de 1994, o DABP representa e congrega todos os estudantes regulares dos cursos de Ci\u00eancia da Computa\u00e7\u00e3o, Engenharia de Computa\u00e7\u00e3o e P\u00f3s-Gradua\u00e7\u00e3o<span class=\"text_exposed_show\">\u00a0da UFPel.<\/span><\/p>\n<p><a href=\"https:\/\/www.facebook.com\/dabpcomp\/\">Mais informa\u00e7\u00f5es na p\u00e1gina do Diret\u00f3rio Acad\u00eamico Blaise Pascal<\/a>.<\/p>\n<p>&nbsp;<\/p>\n","protected":false},"excerpt":{"rendered":"<p>O Diret\u00f3rio Acad\u00eamico Blaise Pascal\u00a0(DABP) \u00e9 um \u00f3rg\u00e3o de representa\u00e7\u00e3o e defesa dos estudantes regulares dos cursos de Computa\u00e7\u00e3o da Universidade Federal de Pelotas.\u00a0Criado em\u00a0 26 de setembro de 1994, o DABP representa e&#46;&#46;&#46;<\/p>\n","protected":false},"author":881,"featured_media":0,"parent":64,"menu_order":0,"comment_status":"closed","ping_status":"closed","template":"","meta":{"jetpack_post_was_ever_published":false,"footnotes":""},"class_list":["post-100","page","type-page","status-publish","hentry"],"jetpack_sharing_enabled":true,"jetpack_shortlink":"https:\/\/wp.me\/PaGhNl-1C","_links":{"self":[{"href":"https:\/\/wp.ufpel.edu.br\/computacao\/wp-json\/wp\/v2\/pages\/100","targetHints":{"allow":["GET"]}}],"collection":[{"href":"https:\/\/wp.ufpel.edu.br\/computacao\/wp-json\/wp\/v2\/pages"}],"about":[{"href":"https:\/\/wp.ufpel.edu.br\/computacao\/wp-json\/wp\/v2\/types\/page"}],"author":[{"embeddable":true,"href":"https:\/\/wp.ufpel.edu.br\/computacao\/wp-json\/wp\/v2\/users\/881"}],"replies":[{"embeddable":true,"href":"https:\/\/wp.ufpel.edu.br\/computacao\/wp-json\/wp\/v2\/comments?post=100"}],"version-history":[{"count":2,"href":"https:\/\/wp.ufpel.edu.br\/computacao\/wp-json\/wp\/v2\/pages\/100\/revisions"}],"predecessor-version":[{"id":5588,"href":"https:\/\/wp.ufpel.edu.br\/computacao\/wp-json\/wp\/v2\/pages\/100\/revisions\/5588"}],"up":[{"embeddable":true,"href":"https:\/\/wp.ufpel.edu.br\/computacao\/wp-json\/wp\/v2\/pages\/64"}],"wp:attachment":[{"href":"https:\/\/wp.ufpel.edu.br\/computacao\/wp-json\/wp\/v2\/media?parent=100"}],"curies":[{"name":"wp","href":"https:\/\/api.w.org\/{rel}","templated":true}]}}

Diretório Acadêmico

<p>O <strong>Diretório Acadêmico Blaise Pascal</strong> (DABP) é um órgão de representação e defesa dos estudantes regulares dos cursos de Computação da Universidade Federal de Pelotas. Criado em  26 de setembro de 1994, o DABP representa e congrega todos os estudantes regulares dos cursos de Ciência da Computação, Engenharia de Computação e Pós-Graduação<span class="text_exposed_show"> da UFPel.</span></p>
<p><a href="https://www.facebook.com/dabpcomp/">Mais informações na página do Diretório Acadêmico Blaise Pascal</a>.</p>
<p>&nbsp;</p>

<p>O Diretório Acadêmico Blaise Pascal (DABP) é um órgão de representação e defesa dos estudantes regulares dos cursos de Computação da Universidade Federal de Pelotas. Criado em  26 de setembro de 1994, o DABP representa e&#46;&#46;&#46;</p>
