{"id":840,"date":"2022-09-18T11:52:17","date_gmt":"2022-09-18T14:52:17","guid":{"rendered":"https:\/\/wp.ufpel.edu.br\/comex\/?page_id=840"},"modified":"2024-04-04T13:28:40","modified_gmt":"2024-04-04T16:28:40","slug":"duvidas-mais-frequentes-sobre-estagio","status":"publish","type":"page","link":"https:\/\/wp.ufpel.edu.br\/comex\/duvidas-mais-frequentes-sobre-estagio\/","title":{"rendered":"D\u00favidas mais frequentes sobre Est\u00e1gio"},"content":{"rendered":"<header class=\"entry-header\"><\/header>\n<div class=\"entry-content\">\n<hr \/>\n<p style=\"text-align: justify;\"><strong>1) O que \u00e9 Est\u00e1gio?<br \/>\n<\/strong>Segundo a Lei 11.788\/08, Est\u00e1gio \u00e9 ato educativo escolar supervisionado, desenvolvido no ambiente de trabalho, que visa \u00e0 prepara\u00e7\u00e3o para o trabalho produtivo de educandos que estejam frequentando o ensino regular em institui\u00e7\u00f5es de educa\u00e7\u00e3o superior.<\/p>\n<p style=\"text-align: justify;\"><strong>2) O PPC do Curso de Com\u00e9rcio Exterior prev\u00ea Est\u00e1gio como componente curricular?<br \/>\n<\/strong>N\u00e3o, o Projeto Pedag\u00f3gico do Curso de Com\u00e9rcio Exterior da UFPel n\u00e3o prev\u00ea Est\u00e1gio como componente curricular, portanto admite apenas na modalidade n\u00e3o-obrigat\u00f3ria.<\/p>\n<p style=\"text-align: justify;\"><strong>3) O que \u00e9 um est\u00e1gio n\u00e3o obrigat\u00f3rio?<br \/>\n<\/strong>Est\u00e1gio n\u00e3o-obrigat\u00f3rio \u00e9 aquele desenvolvido como atividade opcional. No Curso de Com\u00e9rcio Exterior, a carga hor\u00e1ria de est\u00e1gio pode ser aproveitada como Atividades Complementares.<\/p>\n<p style=\"text-align: justify;\"><strong>4) O est\u00e1gio n\u00e3o-obrigat\u00f3rio tem que ser remunerado?<br \/>\n<\/strong>Sim. De acordo com o art. 12 da Lei 11.788\/08, o estagi\u00e1rio tem direito a bolsa e aux\u00edlio-transporte.<\/p>\n<p style=\"text-align: justify;\"><strong>5) O Curso de Com\u00e9rcio Exterior possui vagas para est\u00e1gio?<br \/>\n<\/strong>N\u00e3o.<\/p>\n<p style=\"text-align: justify;\"><strong>6) O Curso de Com\u00e9rcio Exterior tem conv\u00eanios com empresas para realiza\u00e7\u00e3o de est\u00e1gio?<br \/>\n<\/strong>N\u00e3o. Eventuais conv\u00eanios poder\u00e3o vir a ser firmados a partir de projetos de extens\u00e3o espec\u00edficos realizados por iniciativa de docentes. Neste caso, eventuais oportunidades ser\u00e3o amplamente divulgadas por e-mail, no site do Curso e m\u00eddias sociais institucionais.<\/p>\n<p style=\"text-align: justify;\"><strong>7) Como estudante de Com\u00e9rcio Exterior, onde posso realizar est\u00e1gio?<br \/>\n<\/strong>Os est\u00e1gios devem ser realizados preferencialmente em:\u00a0empresas de importa\u00e7\u00e3o\/exporta\u00e7\u00e3o;\u00a0empresas de planejamento, desenvolvimento de projetos, assessoramento t\u00e9cnico e consultoria;\u00a0empresas de log\u00edstica internacional;\u00a0Empresas de despacho aduaneiro;\u00a0institui\u00e7\u00f5es financeiras; \u00f3rg\u00e3os p\u00fablicos ligados ao setor de arrecada\u00e7\u00e3o; institutos e centros de pesquisa; institui\u00e7\u00f5es de ensino. Isto n\u00e3o \u00e9 uma regra absoluta. Caso a descri\u00e7\u00e3o das atividades previstas no Plano de Est\u00e1gio guardem correla\u00e7\u00e3o com as habilidades e compet\u00eancias previstas no PPC, \u00e9 poss\u00edvel que sejam firmados com outras entidades.<\/p>\n<p style=\"text-align: justify;\"><strong>8) Qual a carga hor\u00e1ria semanal m\u00e1xima do est\u00e1gio?<br \/>\n<\/strong>30 horas semanais e 6 horas di\u00e1rias.<\/p>\n<p style=\"text-align: justify;\"><strong>9) Posso realizar est\u00e1gio no per\u00edodo da noite?<br \/>\n<\/strong>Como regra geral, n\u00e3o se admite est\u00e1gio que preveja atividades a partir das 19h, pois o curso de Com\u00e9rcio Exterior \u00e9 noturno. A exce\u00e7\u00e3o a esta regra se d\u00e1 apenas em casos excepcionais (quando se verifica a compatibilidade de hor\u00e1rios no caso de alunos que j\u00e1 tenham boa parte do curso integralizado).<\/p>\n<p style=\"text-align: justify;\"><strong>10) O Termo de Est\u00e1gio tem que prever seguro?<br \/>\n<\/strong>\u00c9 obriga\u00e7\u00e3o da parte concedente de est\u00e1gio contratar em favor do estagi\u00e1rio seguro contra acidentes pessoais, cuja ap\u00f3lice seja compat\u00edvel com valores de mercado, conforme fique estabelecido no termo de compromisso.<\/p>\n<p style=\"text-align: justify;\"><strong>11) N\u00e3o tenho algum dos documentos requeridos na p\u00e1gina, como posso solicitar meu pedido?<br \/>\n<\/strong>A Coordena\u00e7\u00e3o n\u00e3o ir\u00e1, em hip\u00f3tese alguma, analisar pedidos enviados fora do formul\u00e1rio eletr\u00f4nico ou que n\u00e3o estejam munidos de todos os documentos.<\/p>\n<p style=\"text-align: justify;\"><strong>12) Existe algum modelo para a justificativa?<br \/>\n<\/strong>N\u00e3o. O aluno deve escrever e assinar a justificativa demonstrando a import\u00e2ncia e pertin\u00eancia do est\u00e1gio para sua forma\u00e7\u00e3o pessoal e acad\u00eamica.<\/p>\n<p style=\"text-align: justify;\"><strong>13) Existe algum modelo para Termo de Compromisso, Plano de Atividades, Termo Aditivo ou Termo de Distrato<\/strong><strong>?<br \/>\n<\/strong>A UFPel sugere <a href=\"https:\/\/wp.ufpel.edu.br\/pre\/estagio\/\">modelos<\/a>, mas seu uso n\u00e3o \u00e9 obrigat\u00f3rio.<\/p>\n<\/div>\n<div class=\"entry-content\">\n<p style=\"text-align: justify;\"><strong>14) Qual o tipo de arquivo que pode ser anexado no formul\u00e1rio eletr\u00f4nico?<br \/>\n<\/strong>O Formul\u00e1rio aceita apenas arquivos em formato PDF com no m\u00e1ximo 20 mb.<\/p>\n<p style=\"text-align: justify;\"><strong>15) Tenho todos os documentos separados em diversos PDF. O que devo fazer?<br \/>\n<\/strong>O estudante deve juntar os documentos em um \u00fanico arquivo. H\u00e1 diversos aplicativos online e gratuitos que permitem esta fun\u00e7\u00e3o.<\/p>\n<p style=\"text-align: justify;\"><strong>16) Preciso enviar relat\u00f3rio das atividades?<br \/>\n<\/strong>Sim. A parte concedente tem que enviar ao Curso de Com\u00e9rcio Exterior relat\u00f3rios de atividades a cada 6 (seis) meses, com vista obrigat\u00f3ria ao estagi\u00e1rio.<\/p>\n<p style=\"text-align: justify;\"><strong>17) Existe algum modelo de relat\u00f3rio?<br \/>\n<\/strong>N\u00e3o h\u00e1 nenhum modelo espec\u00edfico.<\/p>\n<p style=\"text-align: justify;\"><strong>18) Qual professor do Curso de Com\u00e9rcio Exterior devo indicar para ser o supervisor de est\u00e1gio?<br \/>\n<\/strong>O Coordenador do Curso ser\u00e1 o respons\u00e1vel pela supervis\u00e3o dos est\u00e1gios.<\/p>\n<\/div>\n","protected":false},"excerpt":{"rendered":"<p>1) O que \u00e9 Est\u00e1gio? Segundo a Lei 11.788\/08, Est\u00e1gio \u00e9 ato educativo escolar supervisionado, desenvolvido no ambiente de trabalho, que visa \u00e0 prepara\u00e7\u00e3o para o trabalho produtivo de educandos que estejam frequentando o ensino regular em institui\u00e7\u00f5es de educa\u00e7\u00e3o superior. 2) O PPC do Curso de Com\u00e9rcio Exterior prev\u00ea Est\u00e1gio como componente curricular? N\u00e3o, &hellip; <\/p>\n<p><a class=\"more-link btn\" href=\"https:\/\/wp.ufpel.edu.br\/comex\/duvidas-mais-frequentes-sobre-estagio\/\">Continue lendo<\/a><\/p>\n","protected":false},"author":1252,"featured_media":0,"parent":0,"menu_order":0,"comment_status":"closed","ping_status":"closed","template":"","meta":{"footnotes":""},"class_list":["post-840","page","type-page","status-publish","hentry","nodate","item-wrap"],"jetpack_sharing_enabled":true,"_links":{"self":[{"href":"https:\/\/wp.ufpel.edu.br\/comex\/wp-json\/wp\/v2\/pages\/840","targetHints":{"allow":["GET"]}}],"collection":[{"href":"https:\/\/wp.ufpel.edu.br\/comex\/wp-json\/wp\/v2\/pages"}],"about":[{"href":"https:\/\/wp.ufpel.edu.br\/comex\/wp-json\/wp\/v2\/types\/page"}],"author":[{"embeddable":true,"href":"https:\/\/wp.ufpel.edu.br\/comex\/wp-json\/wp\/v2\/users\/1252"}],"replies":[{"embeddable":true,"href":"https:\/\/wp.ufpel.edu.br\/comex\/wp-json\/wp\/v2\/comments?post=840"}],"version-history":[{"count":13,"href":"https:\/\/wp.ufpel.edu.br\/comex\/wp-json\/wp\/v2\/pages\/840\/revisions"}],"predecessor-version":[{"id":1791,"href":"https:\/\/wp.ufpel.edu.br\/comex\/wp-json\/wp\/v2\/pages\/840\/revisions\/1791"}],"wp:attachment":[{"href":"https:\/\/wp.ufpel.edu.br\/comex\/wp-json\/wp\/v2\/media?parent=840"}],"curies":[{"name":"wp","href":"https:\/\/api.w.org\/{rel}","templated":true}]}}