{"id":34,"date":"2022-07-24T19:43:50","date_gmt":"2022-07-24T22:43:50","guid":{"rendered":"https:\/\/wp.ufpel.edu.br\/comex\/?page_id=34"},"modified":"2025-12-16T09:41:28","modified_gmt":"2025-12-16T12:41:28","slug":"ppc","status":"publish","type":"page","link":"https:\/\/wp.ufpel.edu.br\/comex\/ppc\/","title":{"rendered":"Projeto Pedag\u00f3gico"},"content":{"rendered":"<hr \/>\n<p>A vers\u00e3o atual do Projeto Pedag\u00f3gico do Curso pode ser acessada aqui: <a href=\"https:\/\/wp.ufpel.edu.br\/comex\/files\/2025\/12\/Projeto-Pedagogico-COMEX-2025.pdf\">Curr\u00edculo 2 (2025)<\/a><\/p>\n<p><strong>Vers\u00f5es Anteriores\u00a0<\/strong><span style=\"font-size: 10pt;\"><span class=\"collapseomatic \" id=\"id69d37dc8ac2c4\"  tabindex=\"0\" title=\"Ver mais\"    >Ver mais<\/span><span id='swap-id69d37dc8ac2c4'  class='colomat-swap' style='display:none;'>Ver menos<\/span><div id=\"target-id69d37dc8ac2c4\" class=\"collapseomatic_content \">\n<\/span><a href=\"https:\/\/wp.ufpel.edu.br\/comex\/files\/2022\/10\/Projeto-Pedagogico-COMEX.pdf\">Curr\u00edculo 1 (2022)<\/a><br \/>\n<span style=\"font-size: 10pt;\"><\/div><\/span><\/p>\n","protected":false},"excerpt":{"rendered":"<p>A vers\u00e3o atual do Projeto Pedag\u00f3gico do Curso pode ser acessada aqui: Curr\u00edculo 2 (2025) Vers\u00f5es Anteriores\u00a0<\/p>\n","protected":false},"author":1252,"featured_media":0,"parent":0,"menu_order":0,"comment_status":"closed","ping_status":"closed","template":"","meta":{"footnotes":""},"class_list":["post-34","page","type-page","status-publish","hentry","nodate","item-wrap"],"jetpack_sharing_enabled":true,"_links":{"self":[{"href":"https:\/\/wp.ufpel.edu.br\/comex\/wp-json\/wp\/v2\/pages\/34","targetHints":{"allow":["GET"]}}],"collection":[{"href":"https:\/\/wp.ufpel.edu.br\/comex\/wp-json\/wp\/v2\/pages"}],"about":[{"href":"https:\/\/wp.ufpel.edu.br\/comex\/wp-json\/wp\/v2\/types\/page"}],"author":[{"embeddable":true,"href":"https:\/\/wp.ufpel.edu.br\/comex\/wp-json\/wp\/v2\/users\/1252"}],"replies":[{"embeddable":true,"href":"https:\/\/wp.ufpel.edu.br\/comex\/wp-json\/wp\/v2\/comments?post=34"}],"version-history":[{"count":3,"href":"https:\/\/wp.ufpel.edu.br\/comex\/wp-json\/wp\/v2\/pages\/34\/revisions"}],"predecessor-version":[{"id":2815,"href":"https:\/\/wp.ufpel.edu.br\/comex\/wp-json\/wp\/v2\/pages\/34\/revisions\/2815"}],"wp:attachment":[{"href":"https:\/\/wp.ufpel.edu.br\/comex\/wp-json\/wp\/v2\/media?parent=34"}],"curies":[{"name":"wp","href":"https:\/\/api.w.org\/{rel}","templated":true}]}}