{"id":13,"date":"2022-07-24T19:33:34","date_gmt":"2022-07-24T22:33:34","guid":{"rendered":"https:\/\/wp.ufpel.edu.br\/comex\/?page_id=13"},"modified":"2022-09-28T00:33:25","modified_gmt":"2022-09-28T03:33:25","slug":"professores","status":"publish","type":"page","link":"https:\/\/wp.ufpel.edu.br\/comex\/professores\/","title":{"rendered":"PROFESSORES"},"content":{"rendered":"<hr \/>\n\n<table id=\"tablepress-4\" class=\"tablepress tablepress-id-4\">\n<tbody class=\"row-striping row-hover\">\n<tr class=\"row-1\">\n\t<td class=\"column-1\"><img loading=\"lazy\" decoding=\"async\" src=\"https:\/\/wp.ufpel.edu.br\/comex\/files\/2022\/09\/Alisson-Maehler.png\" alt=\"\" width=\"300\" height=\"300\" class=\"alignnone size-full wp-image-1065\" srcset=\"https:\/\/wp.ufpel.edu.br\/comex\/files\/2022\/09\/Alisson-Maehler.png 300w, https:\/\/wp.ufpel.edu.br\/comex\/files\/2022\/09\/Alisson-Maehler-200x200.png 200w\" sizes=\"auto, (max-width: 300px) 100vw, 300px\" \/><\/td><td class=\"column-2\"><br \/>\n<br \/>\n<a href=\"http:\/\/lattes.cnpq.br\/6602132557607860\">ALISSON EDUARDO MAEHLER<\/a><br \/>\n<br \/>\nDoutor em Administra\u00e7\u00e3o pela Universidade Federal do Rio Grande do Sul. <br \/>\n<br \/>\nMinistra a disciplina \"Internacionaliza\u00e7\u00e3o de Empresas\". <br \/>\n<br \/>\nE-mail: <a href=\"mailto:alisson.maehler@gmail.com \">alisson.maehler@gmail.com <\/a><\/td>\n<\/tr>\n<tr class=\"row-2\">\n\t<td class=\"column-1\"> <img loading=\"lazy\" decoding=\"async\" src=\"https:\/\/wp.ufpel.edu.br\/comex\/files\/2022\/09\/Daniel-Marchiori.png\" alt=\"\" width=\"300\" height=\"300\" class=\"alignnone size-full wp-image-1046\" srcset=\"https:\/\/wp.ufpel.edu.br\/comex\/files\/2022\/09\/Daniel-Marchiori.png 300w, https:\/\/wp.ufpel.edu.br\/comex\/files\/2022\/09\/Daniel-Marchiori-200x200.png 200w\" sizes=\"auto, (max-width: 300px) 100vw, 300px\" \/><\/td><td class=\"column-2\"><br \/>\n<a href=\"http:\/\/buscatextual.cnpq.br\/buscatextual\/visualizacv.do?id=K4734381H6\">DANIEL LENA MARCHIORI NETO<\/a><br \/>\n(Coordenador do Curso)<br \/>\n<br \/>\nDoutor em Direito pela Universidade Federal de Santa Catarina. <br \/>\n<br \/>\nMinistra as disciplinas \"Fundamentos de Ci\u00eancia Pol\u00edtica\", \"Cidadania e Direitos Humanos (EaD)\", \"Oficina de Extens\u00e3o I\" e \"Oficina de Extens\u00e3o II\".  <br \/>\n<br \/>\nE-mail: <a href=\"mailto:danielmarchiorineto@gmail.com\">danielmarchiorineto@gmail.com<\/a><\/td>\n<\/tr>\n<tr class=\"row-3\">\n\t<td class=\"column-1\"> <img loading=\"lazy\" decoding=\"async\" src=\"https:\/\/wp.ufpel.edu.br\/comex\/files\/2022\/09\/Fabiano.jpg\" alt=\"\" width=\"300\" height=\"300\" class=\"alignnone size-full wp-image-1049\" srcset=\"https:\/\/wp.ufpel.edu.br\/comex\/files\/2022\/09\/Fabiano.jpg 300w, https:\/\/wp.ufpel.edu.br\/comex\/files\/2022\/09\/Fabiano-200x200.jpg 200w\" sizes=\"auto, (max-width: 300px) 100vw, 300px\" \/><\/td><td class=\"column-2\"><br \/>\n<br \/>\n<a href=\"http:\/\/lattes.cnpq.br\/9225395801805801\">FABIANO MILANO FRITZEN<\/a> <br \/>\n<br \/>\nDoutorando em Administra\u00e7\u00e3o pela Universidade Federal do Rio Grande do Sul. <br \/>\n<br \/>\nMinistra a disciplina \u201cFundamentos de Pesquisa\u201d. <br \/>\n<br \/>\nE-mail: <a href=\"mailto:ffritzen@terra.com.br\">ffritzen@terra.com.br<\/a><\/td>\n<\/tr>\n<tr class=\"row-4\">\n\t<td class=\"column-1\"><img loading=\"lazy\" decoding=\"async\" src=\"https:\/\/wp.ufpel.edu.br\/comex\/files\/2022\/09\/Francine.png\" alt=\"\" width=\"300\" height=\"300\" class=\"alignnone size-full wp-image-1048\" \/><\/td><td class=\"column-2\"><br \/>\n<br \/>\n<a href=\"http:\/\/lattes.cnpq.br\/2561386046768440\">FRANCINE PINTO DA SILVA JOSEPH<\/a><br \/>\n<br \/>\nDoutora em Ci\u00eancias Sociais pela Universidade do Vale do Rio dos Sinos.<br \/>\n<br \/>\nMinistra a disciplina \u201cDireitos Humanos e Rela\u00e7\u00f5es \u00c9tnico-Raciais\u201d.<br \/>\n<br \/>\nE-mail: <a href=\"mailto:francinepinto@gmail.com \">francinepinto@gmail.com <\/a><\/td>\n<\/tr>\n<tr class=\"row-5\">\n\t<td class=\"column-1\"><img loading=\"lazy\" decoding=\"async\" src=\"https:\/\/wp.ufpel.edu.br\/comex\/files\/2025\/12\/Isabel-Teresinha-Dutra-Soares-400x396.jpg\" alt=\"\" width=\"300\" height=\"300\" class=\"alignnone size-medium wp-image-2774\" \/><\/td><td class=\"column-2\"><br \/>\n<a href=\"http:\/\/lattes.cnpq.br\/8831398045653663\">ISABEL TERESINHA DUTRA SOARES<\/a><br \/>\n<br \/>\nDoutora em Administra\u00e7\u00e3o pela Universidade Federal de Santa Maria. <br \/>\n<br \/>\nMinistra as disciplinas \"Introdu\u00e7\u00e3o ao Com\u00e9rcio Exterior\", \"Exporta\u00e7\u00e3o\", \"Log\u00edstica Internacional\" e \"Com\u00e9rcio Internacional e Eletr\u00f4nico (EaD)\" . <br \/>\n<br \/>\nE-mail: <a href=\"mailto:isa.teresinha@gmail.com \">isa.teresinha@gmail.com <\/a><\/td>\n<\/tr>\n<tr class=\"row-6\">\n\t<td class=\"column-1\"><img loading=\"lazy\" decoding=\"async\" src=\"https:\/\/wp.ufpel.edu.br\/comex\/files\/2025\/04\/Arpino.png\" alt=\"\" width=\"300\" height=\"300\" class=\"alignnone size-full wp-image-2218\" \/><\/td><td class=\"column-2\"><br \/>\n<a href=\"http:\/\/lattes.cnpq.br\/1611474917226995\">KELLY FABIANE DE FARIAS SIM\u00d5ES ARPINO<\/a><br \/>\n<br \/>\nDoutora em Economia Aplicada pela Universidade Federal de Pelotas. <br \/>\n<br \/>\nMinistra as disciplinas \"Fundamentos de Economia\", \"Economia Internacional\", \"Finan\u00e7as Internacionais\" e \"Importa\u00e7\u00e3o\". <br \/>\n<br \/>\nE-mail: <a href=\"mailto:Arpinokelly@gmail.com\">Arpinokelly@gmail.com<\/a><br \/>\n<\/td>\n<\/tr>\n<tr class=\"row-7\">\n\t<td class=\"column-1\"><img loading=\"lazy\" decoding=\"async\" src=\"https:\/\/wp.ufpel.edu.br\/comex\/files\/2024\/03\/Larissa-Nova-Professora-e1709917730432.png\" alt=\"\" width=\"300\" height=\"300\" class=\"alignnone size-full wp-image-1745\" \/><\/td><td class=\"column-2\"><br \/>\n<br \/>\n<a href=\"http:\/\/lattes.cnpq.br\/1305335079185624\">LARISSA FERREIRA TAVARES<\/a><br \/>\n<br \/>\nDoutora em Administra\u00e7\u00e3o pela Universidade Federal de Santa Catarina. <br \/>\n<br \/>\nMinistra as disciplinas \"Fundamentos de Administra\u00e7\u00e3o (EaD)\" e \"Empreendedorismo (EaD)\". <br \/>\n<br \/>\nE-mail: <a href=\"mailto:larissaftavares@gmail.com\">larissaftavares@gmail.com<\/a><br \/>\n<\/td>\n<\/tr>\n<tr class=\"row-8\">\n\t<td class=\"column-1\"><img loading=\"lazy\" decoding=\"async\" src=\"https:\/\/wp.ufpel.edu.br\/comex\/files\/2023\/12\/Teste-Luciano-V-F-e1702144761633.png\" alt=\"\" width=\"300\" height=\"300\" class=\"alignnone size-full wp-image-1668\" \/><\/td><td class=\"column-2\"><a href=\"http:\/\/lattes.cnpq.br\/3631125025276911\">LUCIANO VAZ FERREIRA<\/a><br \/>\n(Coordenador Adjunto)<br \/>\n<br \/>\nDoutor em Estudos Estrat\u00e9gicos Internacionais pela Universidade Federal do Rio Grande do Sul. <br \/>\n<br \/>\nMinistra as disciplinas \"Negocia\u00e7\u00e3o Internacional\", \"Regula\u00e7\u00e3o do Com\u00e9rcio Internacional\", \"An\u00e1lise de Cen\u00e1rios Internacionais\", \"Semin\u00e1rios Avan\u00e7ados em Com\u00e9rcio Exterior I (EaD)\" e \"Semin\u00e1rios Avan\u00e7ados em Com\u00e9rcio Exterior II (EaD)\". <br \/>\n<br \/>\nE-mail: <a href=\"mailto:lvazferreira@gmail.com\">lvazferreira@gmail.com<\/a><\/td>\n<\/tr>\n<tr class=\"row-9\">\n\t<td class=\"column-1\"><img loading=\"lazy\" decoding=\"async\" src=\"https:\/\/wp.ufpel.edu.br\/comex\/files\/2025\/06\/Mayara-Raugust.png\" alt=\"\" width=\"300\" height=\"300\" class=\"alignnone size-full wp-image-2475\" srcset=\"https:\/\/wp.ufpel.edu.br\/comex\/files\/2025\/06\/Mayara-Raugust.png 300w, https:\/\/wp.ufpel.edu.br\/comex\/files\/2025\/06\/Mayara-Raugust-200x200.png 200w\" sizes=\"auto, (max-width: 300px) 100vw, 300px\" \/><\/td><td class=\"column-2\"><br \/>\n<br \/>\n<a href=\"http:\/\/lattes.cnpq.br\/4211320104895343\">MAYARA BATAGLIN RAUGUST<\/a><br \/>\n<br \/>\nDoutora em Educa\u00e7\u00e3o pela Universidade Federal do Rio Grande do Sul. <br \/>\n<br \/>\nMinistra as disciplinas \"L\u00edngua Brasileira de Sinais I (LIBRAS I)\" e \"L\u00edngua Brasileira de Sinais II (LIBRAS II)\". <br \/>\n<br \/>\nE-mail: <a href=\"mailto:maybataglin@hotmail.com\">maybataglin@hotmail.com<\/a><\/td>\n<\/tr>\n<tr class=\"row-10\">\n\t<td class=\"column-1\"><img loading=\"lazy\" decoding=\"async\" src=\"https:\/\/wp.ufpel.edu.br\/comex\/files\/2025\/12\/Pamela-Amado-400x400.jpg\" alt=\"\" width=\"300\" height=\"300\" class=\"alignnone size-medium wp-image-2760\" \/><\/td><td class=\"column-2\"><br \/>\n<br \/>\n<a href=\"http:\/\/lattes.cnpq.br\/3408380760450581\">P\u00c2MELA AMADO TRIST\u00c3O<\/a><br \/>\n<br \/>\nDoutora em Administra\u00e7\u00e3o pela Universidade Federal de Santa Maria. <br \/>\n<br \/>\nMinistra a disciplina \"Mercado de Capitais\". <br \/>\n<br \/>\nE-mail: <a href=\"mailto:pamelamado@hotmail.com\">pamelamado@hotmail.com<\/a><\/td>\n<\/tr>\n<tr class=\"row-11\">\n\t<td class=\"column-1\"><img loading=\"lazy\" decoding=\"async\" src=\"https:\/\/wp.ufpel.edu.br\/comex\/files\/2025\/12\/Patricia-Severo-400x397.jpg\" alt=\"\" width=\"300\" height=\"300\" class=\"alignnone size-medium wp-image-2759\" \/><\/td><td class=\"column-2\"><br \/>\n<br \/>\n<a href=\"http:\/\/lattes.cnpq.br\/0041206642611964\">PATRICIA SCHNEIDER SEVERO<\/a><br \/>\n<br \/>\nDoutora em Agronomia pela Universidade Federal de Pelotas. <br \/>\n<br \/>\nMinistra a disciplina \"Gest\u00e3o Financeira\". <br \/>\n<br \/>\nE-mail: <a href=\"mailto: patriciassevero@hotmail.com \">patriciassevero@hotmail.com ><\/td>\n<\/tr>\n<tr class=\"row-12\">\n\t<td class=\"column-1\"><a href=\"https:\/\/wp.ufpel.edu.br\/gestaopublica\/files\/2022\/07\/Rosana-Tondolo.jpg\"><img loading=\"lazy\" decoding=\"async\" src=\"https:\/\/wp.ufpel.edu.br\/gestaopublica\/files\/2022\/07\/Rosana-Tondolo-300x300.jpg\" alt=\"\" width=\"300\" height=\"300\" class=\"alignnone size-medium wp-image-1398\" \/><\/a><\/td><td class=\"column-2\"><br \/>\n<br \/>\n<a href=\"http:\/\/lattes.cnpq.br\/6462987344863578\">ROSANA DA ROSA PORTELLA TONDOLO<\/a><br \/>\n<br \/>\nDoutora em Administra\u00e7\u00e3o pela Universidade do Vale do Rio dos Sinos. <br \/>\n<br \/>\nMinistra a disciplina \u201cAn\u00e1lise de Investimentos\u201d. <br \/>\n<br \/>\nE-mail: <a href=\"mailto:rosanatondolo@gmail.com\">rosanatondolo@gmail.com<\/a><\/td>\n<\/tr>\n<\/tbody>\n<\/table>\n\n","protected":false},"excerpt":{"rendered":"","protected":false},"author":1252,"featured_media":0,"parent":0,"menu_order":0,"comment_status":"closed","ping_status":"closed","template":"","meta":{"footnotes":""},"class_list":["post-13","page","type-page","status-publish","hentry","nodate","item-wrap"],"jetpack_sharing_enabled":true,"_links":{"self":[{"href":"https:\/\/wp.ufpel.edu.br\/comex\/wp-json\/wp\/v2\/pages\/13","targetHints":{"allow":["GET"]}}],"collection":[{"href":"https:\/\/wp.ufpel.edu.br\/comex\/wp-json\/wp\/v2\/pages"}],"about":[{"href":"https:\/\/wp.ufpel.edu.br\/comex\/wp-json\/wp\/v2\/types\/page"}],"author":[{"embeddable":true,"href":"https:\/\/wp.ufpel.edu.br\/comex\/wp-json\/wp\/v2\/users\/1252"}],"replies":[{"embeddable":true,"href":"https:\/\/wp.ufpel.edu.br\/comex\/wp-json\/wp\/v2\/comments?post=13"}],"version-history":[{"count":100,"href":"https:\/\/wp.ufpel.edu.br\/comex\/wp-json\/wp\/v2\/pages\/13\/revisions"}],"predecessor-version":[{"id":909,"href":"https:\/\/wp.ufpel.edu.br\/comex\/wp-json\/wp\/v2\/pages\/13\/revisions\/909"}],"wp:attachment":[{"href":"https:\/\/wp.ufpel.edu.br\/comex\/wp-json\/wp\/v2\/media?parent=13"}],"curies":[{"name":"wp","href":"https:\/\/api.w.org\/{rel}","templated":true}]}}