{"id":560,"date":"2011-05-22T13:32:41","date_gmt":"2011-05-22T16:32:41","guid":{"rendered":"https:\/\/wp.ufpel.edu.br\/colegiadoquimica\/"},"modified":"2015-06-01T10:06:17","modified_gmt":"2015-06-01T13:06:17","slug":"projeto-pedagogico-l","status":"publish","type":"page","link":"https:\/\/wp.ufpel.edu.br\/colegiadoquimica\/projeto-pedagogico-l\/","title":{"rendered":"Projeto Pedag\u00f3gico"},"content":{"rendered":"<p>PPP do Curso &#8211; vers\u00e3o 2013 &#8211; <a href=\"https:\/\/wp.ufpel.edu.br\/colegiadoquimica\/2015\/04\/17\/projeto-curso-licenciatura-em-quimica-versao-2013\/\">https:\/\/wp.ufpel.edu.br\/colegiadoquimica\/2015\/04\/17\/projeto-curso-licenciatura-em-quimica-versao-2013\/<\/a><\/p>\n<blockquote><p><a href='https:\/\/wp.ufpel.edu.br\/colegiadoquimica\/projeto-pedagogico-l\/projeto-pedagogico-licenciatura-5\/' rel='attachment wp-att-574'>Projeto Pedag\u00f3gico Licenciatura &#8211; Curr\u00edculo antigo<\/a><\/p>\n<p><a href='https:\/\/wp.ufpel.edu.br\/colegiadoquimica\/projeto-pedagogico-l\/grade-curricular-licenciatura\/' rel='attachment wp-att-667'>Grade Curricular<\/a><\/p>\n<p><a href='https:\/\/wp.ufpel.edu.br\/colegiadoquimica\/projeto-pedagogico-l\/fluxograma-lic\/' rel='attachment wp-att-801'>Fluxograma<\/a><\/p>\n<p><a href='https:\/\/wp.ufpel.edu.br\/colegiadoquimica\/projeto-pedagogico-l\/equivalencia-lic\/' rel='attachment wp-att-804'>Equival\u00eancias<\/a><\/p>\n<p><a href='https:\/\/wp.ufpel.edu.br\/colegiadoquimica\/projeto-pedagogico-l\/anexos\/' rel='attachment wp-att-807'>Anexos<\/a><\/p>\n<p><strong>Caracteriza\u00e7\u00e3o das Disciplinas &#8211; curr\u00edculo antigo<\/strong><\/p>\n<p><a href='https:\/\/wp.ufpel.edu.br\/colegiadoquimica\/projeto-pedagogico-l\/alga100045-2\/' rel='attachment wp-att-731'>ALGA100045<\/a>, <a href='https:\/\/wp.ufpel.edu.br\/colegiadoquimica\/projeto-pedagogico-l\/qgexperimental150085\/' rel='attachment wp-att-732'>QGExperimental150085<\/a>, <a href='https:\/\/wp.ufpel.edu.br\/colegiadoquimica\/projeto-pedagogico-l\/profissao-docente350232\/' rel='attachment wp-att-733'>Profiss\u00e3o Docente350232<\/a>, <a href='https:\/\/wp.ufpel.edu.br\/colegiadoquimica\/projeto-pedagogico-l\/fundamentos-shf360246\/' rel='attachment wp-att-734'>Fundamentos SHF360246<\/a>, <a href='https:\/\/wp.ufpel.edu.br\/colegiadoquimica\/projeto-pedagogico-l\/fisica-basica-i090113-2\/' rel='attachment wp-att-735'>F\u00edsica B\u00e1sica I090113<\/a>, <a href='https:\/\/wp.ufpel.edu.br\/colegiadoquimica\/projeto-pedagogico-l\/calculo-ii-2\/' rel='attachment wp-att-736'>C\u00e1lculo II<\/a>, <a href='https:\/\/wp.ufpel.edu.br\/colegiadoquimica\/projeto-pedagogico-l\/estatistica-basica100226-2\/' rel='attachment wp-att-737'>Estat\u00edstica B\u00e1sica100226<\/a>, <a href='https:\/\/wp.ufpel.edu.br\/colegiadoquimica\/projeto-pedagogico-l\/quimica-inorganica-i150086\/' rel='attachment wp-att-738'>Qu\u00edmica Inorg\u00e2nica I150086<\/a>, <a href='https:\/\/wp.ufpel.edu.br\/colegiadoquimica\/projeto-pedagogico-l\/quimica-organica-i170056\/' rel='attachment wp-att-739'>Qu\u00edmica Org\u00e2nica I170056<\/a>, <a href='https:\/\/wp.ufpel.edu.br\/colegiadoquimica\/projeto-pedagogico-l\/fundam-psicol360245\/' rel='attachment wp-att-740'>Fundam Psicol360245<\/a>, <a href='https:\/\/wp.ufpel.edu.br\/colegiadoquimica\/projeto-pedagogico-l\/fisica-basica-ii090114-2\/' rel='attachment wp-att-741'>F\u00edsica B\u00e1sica II090114<\/a>, <a href='https:\/\/wp.ufpel.edu.br\/colegiadoquimica\/projeto-pedagogico-l\/edo100257-2\/' rel='attachment wp-att-742'>EDO100257<\/a>, <a href='https:\/\/wp.ufpel.edu.br\/colegiadoquimica\/projeto-pedagogico-l\/quimica-inorganica-ii-l150087\/' rel='attachment wp-att-743'>Qu\u00edmica Inorg\u00e2nica II-L150087<\/a>, <a href='https:\/\/wp.ufpel.edu.br\/colegiadoquimica\/projeto-pedagogico-l\/quimica-organica-ii-l170057\/' rel='attachment wp-att-744'>Qu\u00edmica Org\u00e2nica II-L170057<\/a>, <a href='https:\/\/wp.ufpel.edu.br\/colegiadoquimica\/projeto-pedagogico-l\/quimica-0rganica-exp-ii170058\/' rel='attachment wp-att-745'>Qu\u00edmica 0rg\u00e2nica Exp I170058<\/a>, <a href='https:\/\/wp.ufpel.edu.br\/colegiadoquimica\/projeto-pedagogico-l\/tpp350234\/' rel='attachment wp-att-746'>TPP350234<\/a>, <a href='https:\/\/wp.ufpel.edu.br\/colegiadoquimica\/projeto-pedagogico-l\/fisica-basica-iii090115-2\/' rel='attachment wp-att-747'>F\u00edsica B\u00e1sica III090115<\/a>, <a href='https:\/\/wp.ufpel.edu.br\/colegiadoquimica\/projeto-pedagogico-l\/fisico-quimica-i-l150088\/' rel='attachment wp-att-748'>F\u00edsico-Qu\u00edmica I L150088<\/a>, <a href='https:\/\/wp.ufpel.edu.br\/colegiadoquimica\/projeto-pedagogico-l\/quimica-analitica-i-l150089\/' rel='attachment wp-att-749'>Qu\u00edmica Anal\u00edtica I L150089<\/a>, <a href='https:\/\/wp.ufpel.edu.br\/colegiadoquimica\/projeto-pedagogico-l\/quimica-organica-exper-ii-l170058\/' rel='attachment wp-att-750'>Qu\u00edmica Org\u00e2nica Exper II L170058<\/a>, <a href='https:\/\/wp.ufpel.edu.br\/colegiadoquimica\/projeto-pedagogico-l\/educacao-brasileira350061\/' rel='attachment wp-att-751'>Educa\u00e7\u00e3o Brasileira350061<\/a>, <a href='https:\/\/wp.ufpel.edu.br\/colegiadoquimica\/projeto-pedagogico-l\/instrum-ensino-quim170031\/' rel='attachment wp-att-752'>Instrum Ensino Qu\u00edm170031<\/a>, <a href='https:\/\/wp.ufpel.edu.br\/colegiadoquimica\/projeto-pedagogico-l\/libras1310277\/' rel='attachment wp-att-753'>LIBRAS1310277<\/a>, <a href='https:\/\/wp.ufpel.edu.br\/colegiadoquimica\/projeto-pedagogico-l\/fisica-basica-iv090116-2\/' rel='attachment wp-att-754'>F\u00edsica B\u00e1sica IV090116<\/a>, <a href='https:\/\/wp.ufpel.edu.br\/colegiadoquimica\/projeto-pedagogico-l\/mineralogia0060274\/' rel='attachment wp-att-755'>Mineralogia0060274<\/a>, <a href='https:\/\/wp.ufpel.edu.br\/colegiadoquimica\/projeto-pedagogico-l\/fisico-quimica-ii-l150090\/' rel='attachment wp-att-756'>F\u00edsico-Qu\u00edmica II L150090<\/a>, <a href='https:\/\/wp.ufpel.edu.br\/colegiadoquimica\/projeto-pedagogico-l\/projeto-de-ensino-de-quim690009\/' rel='attachment wp-att-757'>Projeto de Ensino de Qu\u00edm690009<\/a>, <a href='https:\/\/wp.ufpel.edu.br\/colegiadoquimica\/projeto-pedagogico-l\/estagio-s-i690004\/' rel='attachment wp-att-758'>Est\u00e1gio S. I690004<\/a>, <a href='https:\/\/wp.ufpel.edu.br\/colegiadoquimica\/projeto-pedagogico-l\/historia-e-filos-da-ciencia730093\/' rel='attachment wp-att-759'>Hist\u00f3ria e Filos da Ci\u00eancia730093<\/a>, <a href='https:\/\/wp.ufpel.edu.br\/colegiadoquimica\/projeto-pedagogico-l\/fisico-quimica-iii-l150091\/' rel='attachment wp-att-760'>F\u00edsico-Qu\u00edmica III L150091<\/a>, <a href='https:\/\/wp.ufpel.edu.br\/colegiadoquimica\/projeto-pedagogico-l\/bioquimica-160025\/' rel='attachment wp-att-761'>Bioqu\u00edmica 160025<\/a>, <a href='https:\/\/wp.ufpel.edu.br\/colegiadoquimica\/projeto-pedagogico-l\/analise-organica170044-2\/' rel='attachment wp-att-762'>An\u00e1lise Org\u00e2nica170044<\/a>, <a href='https:\/\/wp.ufpel.edu.br\/colegiadoquimica\/projeto-pedagogico-l\/historia-da-quimica170060\/' rel='attachment wp-att-763'>Hist\u00f3ria da Qu\u00edmica170060<\/a>, <a href='https:\/\/wp.ufpel.edu.br\/colegiadoquimica\/projeto-pedagogico-l\/didatica-da-quimica690010\/' rel='attachment wp-att-764'>Did\u00e1tica da Qu\u00edmica690010<\/a>, <a href='https:\/\/wp.ufpel.edu.br\/colegiadoquimica\/projeto-pedagogico-l\/estagio-s-ii690004\/' rel='attachment wp-att-765'>Est\u00e1gio S. II690004<\/a>, <a href='https:\/\/wp.ufpel.edu.br\/colegiadoquimica\/projeto-pedagogico-l\/metod-fisicos-170061\/' rel='attachment wp-att-766'>M\u00e9tod. F\u00edsicos 170061<\/a>, <a href='https:\/\/wp.ufpel.edu.br\/colegiadoquimica\/projeto-pedagogico-l\/quimica-ambiental-i170062\/' rel='attachment wp-att-767'>Qu\u00edmica Ambiental I170062<\/a>, <a href='https:\/\/wp.ufpel.edu.br\/colegiadoquimica\/projeto-pedagogico-l\/estagio-s-iii690007\/' rel='attachment wp-att-768'>Est\u00e1gio S. III690007<\/a>, <a href='https:\/\/wp.ufpel.edu.br\/colegiadoquimica\/projeto-pedagogico-l\/quimica-ambiental-ii150092\/' rel='attachment wp-att-769'>Qu\u00edmica Ambiental II150092<\/a>, <a href='https:\/\/wp.ufpel.edu.br\/colegiadoquimica\/projeto-pedagogico-l\/informatica-na-q150093\/' rel='attachment wp-att-770'>Inform\u00e1tica na Q150093<\/a>, <a href='https:\/\/wp.ufpel.edu.br\/colegiadoquimica\/projeto-pedagogico-l\/metodologia-da-pesquisa690006\/' rel='attachment wp-att-771'>Metodologia da Pesquisa690006<\/a>, <a href='https:\/\/wp.ufpel.edu.br\/colegiadoquimica\/projeto-pedagogico-l\/estagio-s-iv690008\/' rel='attachment wp-att-772'>Est\u00e1gio S. IV690008<\/a>.<\/p><\/blockquote>\n","protected":false},"excerpt":{"rendered":"<p>PPP do Curso &#8211; vers\u00e3o 2013 &#8211; https:\/\/wp.ufpel.edu.br\/colegiadoquimica\/2015\/04\/17\/projeto-curso-licenciatura-em-quimica-versao-2013\/ Projeto Pedag\u00f3gico Licenciatura &#8211; Curr\u00edculo antigo Grade Curricular Fluxograma Equival\u00eancias Anexos Caracteriza\u00e7\u00e3o das Disciplinas &#8211; curr\u00edculo antigo ALGA100045, QGExperimental150085, Profiss\u00e3o Docente350232, Fundamentos SHF360246, F\u00edsica B\u00e1sica I090113, C\u00e1lculo II, Estat\u00edstica B\u00e1sica100226, Qu\u00edmica Inorg\u00e2nica I150086, Qu\u00edmica Org\u00e2nica I170056, Fundam Psicol360245, F\u00edsica B\u00e1sica II090114, EDO100257, Qu\u00edmica Inorg\u00e2nica II-L150087, Qu\u00edmica Org\u00e2nica &hellip; <\/p>\n<p><a class=\"more-link btn\" href=\"https:\/\/wp.ufpel.edu.br\/colegiadoquimica\/projeto-pedagogico-l\/\">Continue lendo<\/a><\/p>\n","protected":false},"author":76,"featured_media":0,"parent":0,"menu_order":0,"comment_status":"closed","ping_status":"closed","template":"","meta":{"footnotes":""},"class_list":["post-560","page","type-page","status-publish","hentry","nodate","item-wrap"],"_links":{"self":[{"href":"https:\/\/wp.ufpel.edu.br\/colegiadoquimica\/wp-json\/wp\/v2\/pages\/560","targetHints":{"allow":["GET"]}}],"collection":[{"href":"https:\/\/wp.ufpel.edu.br\/colegiadoquimica\/wp-json\/wp\/v2\/pages"}],"about":[{"href":"https:\/\/wp.ufpel.edu.br\/colegiadoquimica\/wp-json\/wp\/v2\/types\/page"}],"author":[{"embeddable":true,"href":"https:\/\/wp.ufpel.edu.br\/colegiadoquimica\/wp-json\/wp\/v2\/users\/76"}],"replies":[{"embeddable":true,"href":"https:\/\/wp.ufpel.edu.br\/colegiadoquimica\/wp-json\/wp\/v2\/comments?post=560"}],"version-history":[{"count":21,"href":"https:\/\/wp.ufpel.edu.br\/colegiadoquimica\/wp-json\/wp\/v2\/pages\/560\/revisions"}],"predecessor-version":[{"id":2706,"href":"https:\/\/wp.ufpel.edu.br\/colegiadoquimica\/wp-json\/wp\/v2\/pages\/560\/revisions\/2706"}],"wp:attachment":[{"href":"https:\/\/wp.ufpel.edu.br\/colegiadoquimica\/wp-json\/wp\/v2\/media?parent=560"}],"curies":[{"name":"wp","href":"https:\/\/api.w.org\/{rel}","templated":true}]}}