{"id":496,"date":"2011-05-22T12:39:41","date_gmt":"2011-05-22T15:39:41","guid":{"rendered":"https:\/\/wp.ufpel.edu.br\/colegiadoquimica\/"},"modified":"2011-05-25T13:03:36","modified_gmt":"2011-05-25T16:03:36","slug":"nucleo-de-ensino-de-quimica","status":"publish","type":"page","link":"https:\/\/wp.ufpel.edu.br\/colegiadoquimica\/nucleo-de-ensino-de-quimica\/","title":{"rendered":"N\u00facleo de Ensino de Qu\u00edmica"},"content":{"rendered":"<blockquote><p><strong>N\u00facleo de Ensino de Qu\u00edmica<\/strong><\/p>\n<p>O N\u00facleo de Ensino de Qu\u00edmica (NEQ), de car\u00e1ter interdisciplinar e interdepartamental, est\u00e1 vinculado ao Curso de Licenciatura em Qu\u00edmica da Universidade Federal de Pelotas, tendo sob sua responsabilidade as disciplinas de Est\u00e1gio Supervisionado e as caracterizadas por Pr\u00e1tica como componente curricular.<br \/>\nO NEQ tem por objetivo proporcionar a intera\u00e7\u00e3o dos alunos do curso de Licenciatura em Qu\u00edmica com conte\u00fados relacionados \u00e0s disciplinas destinadas \u00e0 forma\u00e7\u00e3o do professor.<\/p>\n<p><a href='https:\/\/wp.ufpel.edu.br\/colegiadoquimica\/licenciatura-quimica\/disciplinas-do-nucleo\/' rel='attachment wp-att-432'>Disciplinas do N\u00facleo<\/a><br \/>\n<a href='https:\/\/wp.ufpel.edu.br\/colegiadoquimica\/licenciatura-quimica\/regimento\/' rel='attachment wp-att-433'>Regimento<\/a><br \/>\n<a href='https:\/\/wp.ufpel.edu.br\/colegiadoquimica\/licenciatura-quimica\/publicacoes\/' rel='attachment wp-att-434'>Publica\u00e7\u00f5es<\/a><\/p><\/blockquote>\n","protected":false},"excerpt":{"rendered":"<p>N\u00facleo de Ensino de Qu\u00edmica O N\u00facleo de Ensino de Qu\u00edmica (NEQ), de car\u00e1ter interdisciplinar e interdepartamental, est\u00e1 vinculado ao Curso de Licenciatura em Qu\u00edmica da Universidade Federal de Pelotas, tendo sob sua responsabilidade as disciplinas de Est\u00e1gio Supervisionado e as caracterizadas por Pr\u00e1tica como componente curricular. O NEQ tem por objetivo proporcionar a intera\u00e7\u00e3o &hellip; <\/p>\n<p><a class=\"more-link btn\" href=\"https:\/\/wp.ufpel.edu.br\/colegiadoquimica\/nucleo-de-ensino-de-quimica\/\">Continue lendo<\/a><\/p>\n","protected":false},"author":76,"featured_media":0,"parent":0,"menu_order":0,"comment_status":"closed","ping_status":"open","template":"","meta":{"footnotes":""},"class_list":["post-496","page","type-page","status-publish","hentry","nodate","item-wrap"],"_links":{"self":[{"href":"https:\/\/wp.ufpel.edu.br\/colegiadoquimica\/wp-json\/wp\/v2\/pages\/496","targetHints":{"allow":["GET"]}}],"collection":[{"href":"https:\/\/wp.ufpel.edu.br\/colegiadoquimica\/wp-json\/wp\/v2\/pages"}],"about":[{"href":"https:\/\/wp.ufpel.edu.br\/colegiadoquimica\/wp-json\/wp\/v2\/types\/page"}],"author":[{"embeddable":true,"href":"https:\/\/wp.ufpel.edu.br\/colegiadoquimica\/wp-json\/wp\/v2\/users\/76"}],"replies":[{"embeddable":true,"href":"https:\/\/wp.ufpel.edu.br\/colegiadoquimica\/wp-json\/wp\/v2\/comments?post=496"}],"version-history":[{"count":5,"href":"https:\/\/wp.ufpel.edu.br\/colegiadoquimica\/wp-json\/wp\/v2\/pages\/496\/revisions"}],"predecessor-version":[{"id":913,"href":"https:\/\/wp.ufpel.edu.br\/colegiadoquimica\/wp-json\/wp\/v2\/pages\/496\/revisions\/913"}],"wp:attachment":[{"href":"https:\/\/wp.ufpel.edu.br\/colegiadoquimica\/wp-json\/wp\/v2\/media?parent=496"}],"curies":[{"name":"wp","href":"https:\/\/api.w.org\/{rel}","templated":true}]}}