{"id":37,"date":"2020-02-18T10:28:20","date_gmt":"2020-02-18T13:28:20","guid":{"rendered":"https:\/\/wp.ufpel.edu.br\/colegiadogastronomia\/?page_id=37"},"modified":"2022-10-04T09:45:57","modified_gmt":"2022-10-04T12:45:57","slug":"planos-de-ensino","status":"publish","type":"page","link":"https:\/\/wp.ufpel.edu.br\/colegiadogastronomia\/planos-de-ensino\/","title":{"rendered":"Conte\u00fados Program\u00e1ticos"},"content":{"rendered":"<p><strong>\u00a01\u00ba Semestre\u00a0<\/strong><\/p>\n<p><a href=\"https:\/\/wp.ufpel.edu.br\/colegiadogastronomia\/files\/2020\/02\/plano_ensino_2019_2_16400034_T1.pdf\">ALIMENTA\u00c7\u00c3O, HIST\u00d3RIA E CULTURA &#8211; T1 &#8211; (16400034)<\/a><\/p>\n<p><a href=\"https:\/\/wp.ufpel.edu.br\/colegiadogastronomia\/files\/2020\/02\/plano_ensino_2019_2_16400035_T1.pdf\">AMBIENTA\u00c7\u00c3O, FLUXOS, LAYOUT, EQUIP. E UTENS. &#8211; T1- (16400035)<\/a><\/p>\n<p><a href=\"https:\/\/wp.ufpel.edu.br\/colegiadogastronomia\/files\/2020\/02\/plano_ensino_2019_2_16400036_T1.pdf\">MERCEOLOGIA DOS ALIMENTOS &#8211; T1- (16400036)<\/a><\/p>\n<p><a href=\"https:\/\/wp.ufpel.edu.br\/colegiadogastronomia\/files\/2020\/02\/plano_ensino_2019_2_16400037_T1.pdf\">MICROBIOLOGIA E HIGIENE DE ALIMENTOS &#8211; T1 &#8211; (16400037)<\/a><\/p>\n<p><a href=\"https:\/\/wp.ufpel.edu.br\/colegiadogastronomia\/files\/2020\/02\/plano_ensino_2019_2_16400038_M1.pdf\">T\u00c9CNICAS DE BASE,CONSERV, PREPARO E COC\u00c7\u00c3O I &#8211; M1- (16400038)<\/a><\/p>\n<p><a href=\"https:\/\/wp.ufpel.edu.br\/colegiadogastronomia\/files\/2020\/02\/plano_ensino_2019_2_16400038_M2.pdf\">T\u00c9CNICAS DE BASE,CONSERV, PREPARO E COC\u00c7\u00c3O I &#8211; M2- (16400038)<\/a><\/p>\n<p><a href=\"https:\/\/wp.ufpel.edu.br\/colegiadogastronomia\/files\/2020\/02\/plano_ensino_2019_2_16400039_T1.pdf\">COZINHA CL\u00c1SSICA &#8211; T1- (16400039)<\/a><\/p>\n<p><a href=\"https:\/\/wp.ufpel.edu.br\/colegiadogastronomia\/files\/2020\/02\/plano_ensino_2019_2_16400040_T1.pdf\">NUTRI\u00c7\u00c3O E QU\u00cdMICA DOS ALIMENTOS &#8211; T1 &#8211; (16400040)<\/a><\/p>\n<p><strong>\u00a02\u00ba Semestre\u00a0<\/strong><\/p>\n<p><a href=\"https:\/\/wp.ufpel.edu.br\/colegiadogastronomia\/files\/2022\/04\/plano_ensino_2021_1_16400043_M1.pdf\">PLANEJAMENTO E ENGENHARIA DE CARD\u00c1PIOS &#8211; M1_(16400043)<\/a><\/p>\n<p><a href=\"https:\/\/wp.ufpel.edu.br\/colegiadogastronomia\/files\/2022\/04\/plano_ensino_2021_1_16400045_T1.pdf\">BOAS PR\u00c1TICAS NA PRODU\u00c7\u00c3O DE ALIMENTOS &#8211; T1 -_(16400045)<\/a><\/p>\n<p><a href=\"https:\/\/wp.ufpel.edu.br\/colegiadogastronomia\/files\/2022\/10\/plano_ensino_2022_1_16400041_P1.pdf\">PANIFICA\u00c7\u00c3O E CONFEITARIA B\u00c1SICA &#8211; P1 &#8211; (16400041)<\/a><\/p>\n<p><a href=\"https:\/\/wp.ufpel.edu.br\/colegiadogastronomia\/files\/2022\/10\/plano_ensino_2022_1_16400041_P2.pdf\">PANIFICA\u00c7\u00c3O E CONFEITARIA B\u00c1SICA\u00a0 &#8211; P2\u00a0 &#8211; (16400041)<\/a><\/p>\n<p><a href=\"https:\/\/wp.ufpel.edu.br\/colegiadogastronomia\/files\/2022\/10\/plano_ensino_2021_2_16400044_M1.pdf\">COZINHA INTERNACIONAL I &#8211; M1 &#8211; (16400044)<\/a><\/p>\n<p><a href=\"https:\/\/wp.ufpel.edu.br\/colegiadogastronomia\/files\/2022\/10\/plano_ensino_2022_1_16400042_M1.pdf\">T\u00c9CNICAS DE BASE, CONSERVA\u00c7\u00c3O, PREPARO COC\u00c7\u00c3O II &#8211; M1 &#8211; (16400042)<\/a><\/p>\n<p><a href=\"https:\/\/wp.ufpel.edu.br\/colegiadogastronomia\/files\/2022\/10\/plano_ensino_2022_1_12000190_M1.pdf\">ENOLOGIA E ENOGASTRONOMIA\u00a0 &#8211; M1 &#8211; (12000190)<\/a><\/p>\n<p><a href=\"https:\/\/wp.ufpel.edu.br\/colegiadogastronomia\/files\/2022\/10\/plano_ensino_2022_1_12000190_M2.pdf\">ENOLOGIA E ENOGASTRONOMIA &#8211; M2 (12000190)<\/a><\/p>\n<p><strong>\u00a03\u00ba Semestre\u00a0<\/strong><\/p>\n<p><a href=\"https:\/\/wp.ufpel.edu.br\/colegiadogastronomia\/files\/2020\/03\/plano_ensino_2019_2_16400046_P1.pdf\">PANIFICA\u00c7\u00c3O E CONFEITARIA AVAN\u00c7ADA &#8211; P1 &#8211; (16400046)<\/a><\/p>\n<p><a href=\"https:\/\/wp.ufpel.edu.br\/colegiadogastronomia\/files\/2020\/03\/plano_ensino_2019_2_16400046_P2.pdf\">PANIFICA\u00c7\u00c3O E CONFEITARIA AVAN\u00c7ADA &#8211; P2 &#8211; (16400046)<\/a><\/p>\n<p><a href=\"https:\/\/wp.ufpel.edu.br\/colegiadogastronomia\/files\/2020\/03\/plano_ensino_2019_2_16400047_T1.pdf\">BASES DE SEGURAN\u00c7A ALIMENTAR E NUTRICIONAL &#8211; T1 &#8211; (16400047)<\/a><\/p>\n<p><a href=\"https:\/\/wp.ufpel.edu.br\/colegiadogastronomia\/files\/2020\/03\/plano_ensino_2019_2_16400048_M1.pdf\">COZINHA INTERNACIONAL II &#8211; M1 &#8211; (16400048)<\/a><\/p>\n<p><a href=\"https:\/\/wp.ufpel.edu.br\/colegiadogastronomia\/files\/2020\/03\/plano_ensino_2019_2_16400048_M2.pdf\">COZINHA INTERNACIONAL II &#8211; M2 &#8211; (16400048)<\/a><\/p>\n<p><a href=\"https:\/\/wp.ufpel.edu.br\/colegiadogastronomia\/files\/2020\/03\/plano_ensino_2019_2_16400049_T1.pdf\">GEST\u00c3O DE RECURSOS HUMANOS &#8211; T1 &#8211; (16400049)<\/a><\/p>\n<p><a href=\"https:\/\/wp.ufpel.edu.br\/colegiadogastronomia\/files\/2020\/03\/plano_ensino_2019_2_16400050_M1.pdf\">BEBIDAS E CAF\u00c9S &#8211; M1 &#8211; (16400050)<\/a><\/p>\n<p><a href=\"https:\/\/wp.ufpel.edu.br\/colegiadogastronomia\/files\/2020\/03\/plano_ensino_2019_2_16400050_M2.pdf\">BEBIDAS E CAF\u00c9S &#8211; M2 &#8211; (16400050)<\/a><\/p>\n<p><a href=\"https:\/\/wp.ufpel.edu.br\/colegiadogastronomia\/files\/2020\/03\/plano_ensino_2019_2_16400051_T1.pdf\">GEST\u00c3O DE CUSTOS EM GASTRONOMIA &#8211; T1 &#8211; (16400051)<\/a><\/p>\n<p><a href=\"https:\/\/wp.ufpel.edu.br\/colegiadogastronomia\/files\/2020\/03\/plano_ensino_2019_2_16400052_M1.pdf\">COZINHA INTERNACIONAL III &#8211; M1 &#8211; (16400052)<\/a><\/p>\n<p><a href=\"https:\/\/wp.ufpel.edu.br\/colegiadogastronomia\/files\/2020\/03\/plano_ensino_2019_2_16400052_M2.pdf\">COZINHA INTERNACIONAL III &#8211; M2 &#8211; (16400052)<\/a><\/p>\n<p><strong>\u00a04\u00ba Semestre\u00a0<\/strong><\/p>\n<p><a href=\"https:\/\/wp.ufpel.edu.br\/colegiadogastronomia\/files\/2022\/04\/plano_ensino_2021_1_16400054_T1.pdf\">GEST\u00c3O DE ALIMENTOS E BEBIDAS &#8211; T1 &#8211; (16400054)<\/a><\/p>\n<p><a href=\"https:\/\/wp.ufpel.edu.br\/colegiadogastronomia\/files\/2022\/04\/plano_ensino_2021_1_16400055_M11.pdf\">COZINHA BRASILEIRA &#8211; M1 &#8211; (16400055)<\/a><\/p>\n<p><a href=\"https:\/\/wp.ufpel.edu.br\/colegiadogastronomia\/files\/2022\/04\/plano_ensino_2021_1_16400056_M1.pdf\">SERVI\u00c7OS DE SAL\u00c3O, ATENDIMENTO E EVENTOS &#8211; M1 &#8211; (16400056)<\/a><\/p>\n<p><a href=\"https:\/\/wp.ufpel.edu.br\/colegiadogastronomia\/files\/2022\/04\/plano_ensino_2021_1_16400057_M21.pdf\">COZINHA INTERNACIONAL IV &#8211; M1 &#8211; (16400057)<\/a><\/p>\n<p><a href=\"https:\/\/wp.ufpel.edu.br\/colegiadogastronomia\/files\/2021\/09\/plano_ensino_2020_2_16400058_T1.pdf\">\u00c9TICA, SUSTENTABILIDADE E MEIO AMBIENTE &#8211; T1 &#8211; (16400058)<\/a><\/p>\n<p><a href=\"https:\/\/wp.ufpel.edu.br\/colegiadogastronomia\/files\/2022\/10\/plano_ensino_2022_1_16400053_M1.pdf\">DO\u00c7ARIA &#8211; M1 &#8211; (16400053)<\/a><\/p>\n<p><strong>\u00a05\u00ba Semestre\u00a0<\/strong><\/p>\n<p><a href=\"https:\/\/wp.ufpel.edu.br\/colegiadogastronomia\/files\/2021\/08\/plano_ensino_2020_2_12000251_M1.pdf\">ANALISE SENSORIAL\u00a0 &#8211; M1 &#8211; (12000251)<\/a><\/p>\n<p><a href=\"https:\/\/wp.ufpel.edu.br\/colegiadogastronomia\/files\/2021\/08\/plano_ensino_2020_2_16400060_T1.pdf\">DESENVOLVIMENTO DE PRODUTOS E FOOD DESIGN &#8211; T1 &#8211; (16400060)<\/a><\/p>\n<p><a href=\"https:\/\/wp.ufpel.edu.br\/colegiadogastronomia\/files\/2021\/08\/plano_ensino_2020_2_16400061_T1.pdf\">GEST\u00c3O DE MARKETING DE NEGOC. DE ALIMENTA\u00c7\u00c3O &#8211; T1 &#8211; (16400061)<\/a><\/p>\n<p><a href=\"https:\/\/wp.ufpel.edu.br\/colegiadogastronomia\/files\/2021\/08\/plano_ensino_2020_2_16400062_T1.pdf\">EMPREENDEDORISMO E DESENVOLVIM. DE NEG\u00d3CIOS\u00a0 &#8211; T1 &#8211; (16400062)<\/a><\/p>\n<p><a href=\"https:\/\/wp.ufpel.edu.br\/colegiadogastronomia\/files\/2021\/08\/plano_ensino_2019_2_16400063_P1.pdf\">EST\u00c1GIO CURRICULAR SUPERVISIONADO &#8211; P1 &#8211; (16400063)<\/a><\/p>\n<p><a href=\"https:\/\/wp.ufpel.edu.br\/colegiadogastronomia\/files\/2021\/08\/plano_ensino_2019_2_16400059_M1.pdf\">COZINHA CONTEMPOR\u00c2NEA &#8211; M1 &#8211; (16400059)<\/a><\/p>\n<p><a href=\"https:\/\/wp.ufpel.edu.br\/colegiadogastronomia\/files\/2021\/08\/plano_ensino_2019_2_16400059_M2-1.pdf\">COZINHA CONTEMPOR\u00c2NEA &#8211; M2 &#8211; (16400059)<\/a><\/p>\n<p><strong>Optativas\u00a0<\/strong><\/p>\n<p><a href=\"https:\/\/wp.ufpel.edu.br\/colegiadogastronomia\/files\/2021\/08\/plano_ensino_2020_2_20000084_T5.pdf\">L\u00cdNGUA BRASILEIRA DE SINAIS (LIBRAS I)\u00a0 &#8211; T5 &#8211; (20000084)<\/a><\/p>\n<p><a href=\"https:\/\/wp.ufpel.edu.br\/colegiadogastronomia\/files\/2021\/08\/plano_ensino_2019_2_20000354_T1.pdf\">INGL\u00caS PARA GASTRONOMIA &#8211; T1 &#8211; (20000354)<\/a><\/p>\n<p><a href=\"https:\/\/wp.ufpel.edu.br\/colegiadogastronomia\/files\/2021\/08\/plano_ensino_2019_2_16400066_T1.pdf\">METODOLOGIA CIENT\u00cdFICA &#8211; T1 &#8211; (16400066)<\/a><\/p>\n<p>&nbsp;<\/p>\n<p>&nbsp;<\/p>\n<p>&nbsp;<\/p>\n<p>&nbsp;<\/p>\n<p>&nbsp;<\/p>\n<p>&nbsp;<\/p>\n<p>&nbsp;<\/p>\n<p>&nbsp;<\/p>\n<p>&nbsp;<\/p>\n<p>&nbsp;<\/p>\n<p>&nbsp;<\/p>\n<p>&nbsp;<\/p>\n<p>&nbsp;<\/p>\n","protected":false},"excerpt":{"rendered":"<p>\u00a01\u00ba Semestre\u00a0 ALIMENTA\u00c7\u00c3O, HIST\u00d3RIA E CULTURA &#8211; T1 &#8211; (16400034) AMBIENTA\u00c7\u00c3O, FLUXOS, LAYOUT, EQUIP. E UTENS. &#8211; T1- (16400035) MERCEOLOGIA DOS ALIMENTOS &#8211; T1- (16400036) MICROBIOLOGIA E HIGIENE DE ALIMENTOS &#8211; T1 &#8211; (16400037) T\u00c9CNICAS DE BASE,CONSERV, PREPARO E COC\u00c7\u00c3O I &#8211; M1- (16400038) T\u00c9CNICAS DE BASE,CONSERV, PREPARO E COC\u00c7\u00c3O I &#8211; M2- (16400038) COZINHA &hellip; <a href=\"https:\/\/wp.ufpel.edu.br\/colegiadogastronomia\/planos-de-ensino\/\" class=\"more-link\">Continue lendo <span class=\"screen-reader-text\">Conte\u00fados Program\u00e1ticos<\/span> <span class=\"meta-nav\">&rarr;<\/span><\/a><\/p>\n","protected":false},"author":981,"featured_media":0,"parent":0,"menu_order":0,"comment_status":"closed","ping_status":"closed","template":"","meta":{"footnotes":""},"class_list":["post-37","page","type-page","status-publish","hentry"],"jetpack_sharing_enabled":true,"_links":{"self":[{"href":"https:\/\/wp.ufpel.edu.br\/colegiadogastronomia\/wp-json\/wp\/v2\/pages\/37","targetHints":{"allow":["GET"]}}],"collection":[{"href":"https:\/\/wp.ufpel.edu.br\/colegiadogastronomia\/wp-json\/wp\/v2\/pages"}],"about":[{"href":"https:\/\/wp.ufpel.edu.br\/colegiadogastronomia\/wp-json\/wp\/v2\/types\/page"}],"author":[{"embeddable":true,"href":"https:\/\/wp.ufpel.edu.br\/colegiadogastronomia\/wp-json\/wp\/v2\/users\/981"}],"replies":[{"embeddable":true,"href":"https:\/\/wp.ufpel.edu.br\/colegiadogastronomia\/wp-json\/wp\/v2\/comments?post=37"}],"version-history":[{"count":21,"href":"https:\/\/wp.ufpel.edu.br\/colegiadogastronomia\/wp-json\/wp\/v2\/pages\/37\/revisions"}],"predecessor-version":[{"id":42,"href":"https:\/\/wp.ufpel.edu.br\/colegiadogastronomia\/wp-json\/wp\/v2\/pages\/37\/revisions\/42"}],"wp:attachment":[{"href":"https:\/\/wp.ufpel.edu.br\/colegiadogastronomia\/wp-json\/wp\/v2\/media?parent=37"}],"curies":[{"name":"wp","href":"https:\/\/api.w.org\/{rel}","templated":true}]}}