{"id":41,"date":"2022-07-23T10:47:48","date_gmt":"2022-07-23T13:47:48","guid":{"rendered":"https:\/\/wp.ufpel.edu.br\/coisapublica\/?page_id=41"},"modified":"2023-03-14T12:54:34","modified_gmt":"2023-03-14T15:54:34","slug":"sobre-o-projeto","status":"publish","type":"page","link":"https:\/\/wp.ufpel.edu.br\/coisapublica\/sobre-o-projeto\/","title":{"rendered":"SOBRE O PROJETO"},"content":{"rendered":"<p style=\"text-align: justify;\">\u201cCoisa P\u00fablica &#8211; blog de gest\u00e3o p\u00fablica da UFPel\u201d \u00e9 um projeto de extens\u00e3o (c\u00f3d. 4584) que tem por objetivo divulgar da produ\u00e7\u00e3o cient\u00edfica e cultural dos estudantes do Curso de Gest\u00e3o P\u00fablica da UFPel, consolidando-se como um portal de divulga\u00e7\u00e3o e debate sobre temas pertinentes \u00e0 Administra\u00e7\u00e3o P\u00fablica. Utiliza a metodologia de blog, um s\u00edtio eletr\u00f4nico frequentemente atualizado, por meio do qual os conte\u00fados aparecem em ordem cronol\u00f3gica inversa, possibilitando a dissemina\u00e7\u00e3o do conhecimento produzido pela universidade atrav\u00e9s da internet.<\/p>\n<p style=\"text-align: justify;\">S\u00e3o publicados ensaios curtos, coment\u00e1rios de decis\u00f5es judiciais, entrevistas, resenhas de livros\/artigos, bem como ilustra\u00e7\u00f5es e desenhos, produzidos nas disciplinas e tamb\u00e9m em projetos de ensino e pesquisa. A avalia\u00e7\u00e3o do material a ser publicado pelos estudantes fica a cargo de um Conselho Editorial, composto pela equipe de professores do curso.<\/p>\n<p style=\"text-align: justify;\">Esta iniciativa justifica-se pelos seguintes motivos:<\/p>\n<ul style=\"text-align: justify;\">\n<li>contribuir para a integraliza\u00e7\u00e3o da extens\u00e3o universit\u00e1ria no Curso de Gest\u00e3o P\u00fablica;<\/li>\n<li>estimular a produ\u00e7\u00e3o cient\u00edfica e art\u00edstica dos estudantes, tornando-se um canal para registro de materiais que s\u00e3o produzidos pelos estudantes em diversas disciplinas e iniciativas e que acabam n\u00e3o sendo publicadas;<\/li>\n<li>tornar-se um canal de informa\u00e7\u00e3o sobre temas relacionados \u00e0 Administra\u00e7\u00e3o P\u00fablica de maneira acess\u00edvel, gratuita e confi\u00e1vel para comunidade local.<\/li>\n<\/ul>\n<div class=\"accordion cor-borda \" style=\"text-align: justify;\" data-accordion=\"\"><\/div>\n","protected":false},"excerpt":{"rendered":"<p>\u201cCoisa P\u00fablica &#8211; blog de gest\u00e3o p\u00fablica da UFPel\u201d \u00e9 um projeto de extens\u00e3o (c\u00f3d. 4584) que tem por objetivo divulgar da produ\u00e7\u00e3o cient\u00edfica e cultural dos estudantes do Curso de Gest\u00e3o P\u00fablica da UFPel, consolidando-se como um portal de divulga\u00e7\u00e3o e debate sobre temas pertinentes \u00e0 Administra\u00e7\u00e3o P\u00fablica. Utiliza a metodologia de blog, um&#8230; <\/p>\n<div class=\"link-more\"><a href=\"https:\/\/wp.ufpel.edu.br\/coisapublica\/sobre-o-projeto\/\">Leia mais<\/a><\/div>\n","protected":false},"author":1252,"featured_media":0,"parent":0,"menu_order":0,"comment_status":"closed","ping_status":"closed","template":"","meta":{"footnotes":""},"class_list":["post-41","page","type-page","status-publish","hentry"],"jetpack-related-posts":[{"id":62,"url":"https:\/\/wp.ufpel.edu.br\/coisapublica\/contato\/","url_meta":{"origin":41,"position":0},"title":"CONTATO","author":"coisapublica","date":"24 de julho de 2022","format":false,"excerpt":"","rel":"","context":"Post similar","block_context":{"text":"Post similar","link":""},"img":{"alt_text":"","src":"","width":0,"height":0},"classes":[]},{"id":28,"url":"https:\/\/wp.ufpel.edu.br\/coisapublica\/conselho-editorial\/","url_meta":{"origin":41,"position":1},"title":"EQUIPE EDITORIAL","author":"coisapublica","date":"22 de julho de 2022","format":false,"excerpt":"Editores Mari Cristina de Freitas Fagundes \u00a0 Comit\u00ea Editorial Caroline Casali Dary Pretto Neto Fabiano Milano Fritzen Francine Pinto da Silva Joseph Mari Cristina de Freitas Fagundes Rodrigo Serpa Pinto \u00a0 \u00a0 \u00a0","rel":"","context":"Post similar","block_context":{"text":"Post similar","link":""},"img":{"alt_text":"","src":"","width":0,"height":0},"classes":[]}],"jetpack_sharing_enabled":true,"_links":{"self":[{"href":"https:\/\/wp.ufpel.edu.br\/coisapublica\/wp-json\/wp\/v2\/pages\/41","targetHints":{"allow":["GET"]}}],"collection":[{"href":"https:\/\/wp.ufpel.edu.br\/coisapublica\/wp-json\/wp\/v2\/pages"}],"about":[{"href":"https:\/\/wp.ufpel.edu.br\/coisapublica\/wp-json\/wp\/v2\/types\/page"}],"author":[{"embeddable":true,"href":"https:\/\/wp.ufpel.edu.br\/coisapublica\/wp-json\/wp\/v2\/users\/1252"}],"replies":[{"embeddable":true,"href":"https:\/\/wp.ufpel.edu.br\/coisapublica\/wp-json\/wp\/v2\/comments?post=41"}],"version-history":[{"count":5,"href":"https:\/\/wp.ufpel.edu.br\/coisapublica\/wp-json\/wp\/v2\/pages\/41\/revisions"}],"predecessor-version":[{"id":170,"href":"https:\/\/wp.ufpel.edu.br\/coisapublica\/wp-json\/wp\/v2\/pages\/41\/revisions\/170"}],"wp:attachment":[{"href":"https:\/\/wp.ufpel.edu.br\/coisapublica\/wp-json\/wp\/v2\/media?parent=41"}],"curies":[{"name":"wp","href":"https:\/\/api.w.org\/{rel}","templated":true}]}}