{"id":808,"date":"2021-09-09T23:36:07","date_gmt":"2021-09-10T02:36:07","guid":{"rendered":"https:\/\/wp.ufpel.edu.br\/clmd\/?page_id=808"},"modified":"2026-01-13T18:25:54","modified_gmt":"2026-01-13T21:25:54","slug":"informacoes-academicas","status":"publish","type":"page","link":"https:\/\/wp.ufpel.edu.br\/clmd\/calendario-e-cronogramas\/informacoes-academicas\/","title":{"rendered":"Cronogramas semestres anteriores"},"content":{"rendered":"<p style=\"text-align: center;\"><span style=\"color: #0000ff; font-size: 18pt;\">Cronograma de Webs e Provas &#8211; 2025\/2<\/span><\/p>\n<table style=\"height: 73px; width: 107.273%; border-collapse: collapse; border-style: none; border-color: #ffffff; background-color: #f5f5f5;\" border=\"1\">\n<tbody>\n<tr style=\"height: 24px;\">\n<td style=\"width: 50%; height: 24px; border-color: #ffffff; text-align: left;\"><a href=\"https:\/\/wp.ufpel.edu.br\/clmd\/files\/2025\/08\/UAB_7_2025_2.pdf\">UAB 7 &#8211; CRONOGRAMA 2025\/1<\/a><\/td>\n<td style=\"width: 50%; border-color: #ffffff; text-align: center;\">\n<p>Reofertas:\u00a0 PE, ECS D<\/p>\n<p>Reofertas: ECS B, <span style=\"font-family: inherit; font-size: inherit; text-align: center; color: var(--cor-texto);\">CALC C, CALC D<\/span><span style=\"font-family: inherit; font-size: inherit; text-align: center; color: var(--cor-texto);\">.<\/span><\/td>\n<\/tr>\n<\/tbody>\n<\/table>\n<table style=\"height: 73px; width: 107.273%; border-collapse: collapse; border-style: none; border-color: #ffffff; background-color: #f5f5f5;\" border=\"1\">\n<tbody>\n<tr style=\"height: 24px;\">\n<td style=\"width: 50%; height: 24px; border-color: #ffffff; text-align: left;\"><a href=\"https:\/\/wp.ufpel.edu.br\/clmd\/files\/2025\/08\/UAB_8_2025_2.pdf\">UAB 8 &#8211; CRONOGRAMA 2025\/2<\/a><\/td>\n<td style=\"width: 50%; border-color: #ffffff; text-align: center;\">\n<p>Disciplinas ofertadas:\u00a0 PE, CNUM, EMID, EA<\/p>\n<p><span style=\"font-family: inherit; font-size: inherit; text-align: center; color: var(--cor-texto);\">\u00a0 \u00a0 \u00a0 \u00a0 \u00a0 \u00a0 \u00a0 \u00a0 \u00a0 \u00a0 \u00a0 \u00a0 \u00a0 \u00a0 \u00a0 \u00a0 \u00a0 \u00a0 \u00a0 \u00a0 \u00a0CALC C, CALC D, ECS C<\/span><span style=\"font-family: inherit; font-size: inherit; text-align: center; color: var(--cor-texto);\">.<\/span><\/td>\n<\/tr>\n<\/tbody>\n<\/table>\n<table style=\"height: 73px; width: 107.273%; border-collapse: collapse; border-style: none; border-color: #ffffff; background-color: #f5f5f5;\" border=\"1\">\n<tbody>\n<tr style=\"height: 24px;\">\n<td style=\"width: 50%; height: 24px; border-color: #ffffff; text-align: left;\"><a href=\"https:\/\/wp.ufpel.edu.br\/clmd\/files\/2025\/10\/UAB_9_2025_2_ATUALIZ.pdf\">UAB 9 &#8211; CRONOGRAMA 2025\/2<\/a><\/td>\n<td style=\"width: 50%; border-color: #ffffff; text-align: center;\">\n<p>Disciplinas ofertadas:\u00a0 LEMA D, PAEM, CALC B<\/p>\n<p>LIBRAS, GA<\/td>\n<\/tr>\n<\/tbody>\n<\/table>\n<table style=\"height: 73px; width: 107.273%; border-collapse: collapse; border-style: none; border-color: #ffffff; background-color: #f5f5f5;\" border=\"1\">\n<tbody>\n<tr style=\"height: 24px;\">\n<td style=\"width: 50%; height: 24px; border-color: #ffffff; text-align: left;\"><a href=\"https:\/\/wp.ufpel.edu.br\/clmd\/files\/2025\/08\/UAB_10_2025_2.pdf\">UAB 10 &#8211; CRONOGRAMA 2025\/2<\/a><\/td>\n<td style=\"width: 50%; border-color: #ffffff; text-align: center;\">\n<p>Disciplinas ofertadas:\u00a0 ME ,C ME D, GE<\/p>\n<p>GP, LEMA B, TMEM<\/p>\n<p>&nbsp;<\/td>\n<\/tr>\n<\/tbody>\n<\/table>\n<p>&nbsp;<\/p>\n<p>&nbsp;<\/p>\n<p style=\"text-align: center;\"><span style=\"color: #0000ff; font-size: 18pt;\">Cronograma de Webs e Provas &#8211; 2025\/1<\/span><\/p>\n<table style=\"height: 73px; width: 107.273%; border-collapse: collapse; border-style: none; border-color: #ffffff; background-color: #f5f5f5;\" border=\"1\">\n<tbody>\n<tr style=\"height: 24px;\">\n<td style=\"width: 50%; height: 24px; border-color: #ffffff; text-align: left;\"><a href=\"https:\/\/wp.ufpel.edu.br\/clmd\/files\/2025\/03\/UAB_7_CRONOGRAMA_2025_1-1.pdf\">UAB 7 &#8211; CRONOGRAMA 2025\/1<\/a><\/td>\n<td style=\"width: 50%; border-color: #ffffff; text-align: center;\">\n<p>Disciplinas ofertadas:\u00a0 TCC II, ECS D<\/p>\n<p>Reofertas: .ECS C, <span style=\"font-family: inherit; font-size: inherit; text-align: center; color: var(--cor-texto);\">CALC C,, CALC D<\/span><span style=\"font-family: inherit; font-size: inherit; text-align: center; color: var(--cor-texto);\">.<\/span><\/td>\n<\/tr>\n<\/tbody>\n<\/table>\n<table style=\"height: 73px; width: 107.273%; border-collapse: collapse; border-style: none; border-color: #ffffff; background-color: #f5f5f5;\" border=\"1\">\n<tbody>\n<tr style=\"height: 24px;\">\n<td style=\"width: 50%; height: 24px; border-color: #ffffff; text-align: left;\"><a href=\"https:\/\/wp.ufpel.edu.br\/clmd\/files\/2025\/03\/UAB_8_CRONOGRAMA_2025_1.pdf\">UAB 8 &#8211; CRONOGRAMA 2025\/1<\/a><\/td>\n<td style=\"width: 50%; border-color: #ffffff; text-align: center;\">\n<p>Disciplinas ofertadas:\u00a0 ARIT, CALC D, ECS B<\/p>\n<p>Reofertas: .ALIN<span style=\"font-family: inherit; font-size: inherit; text-align: center; color: var(--cor-texto);\">, CALC C<\/span><span style=\"font-family: inherit; font-size: inherit; text-align: center; color: var(--cor-texto);\">.<\/span><\/td>\n<\/tr>\n<\/tbody>\n<\/table>\n<table style=\"height: 73px; width: 107.273%; border-collapse: collapse; border-style: none; border-color: #ffffff; background-color: #f5f5f5;\" border=\"1\">\n<tbody>\n<tr style=\"height: 24px;\">\n<td style=\"width: 50%; height: 24px; border-color: #ffffff; text-align: left;\"><a href=\"https:\/\/wp.ufpel.edu.br\/clmd\/files\/2025\/02\/UAB_9_CRONOGRAMA_2025_1.pdf\">UAB 9 &#8211; CRONOGRAMA 2025\/1<\/a><\/td>\n<td style=\"width: 50%; border-color: #ffffff; text-align: center;\">\n<p>Disciplinas ofertadas:\u00a0 LEMA C, GPAEM, CALC A<\/p>\n<p>Reofertas:<\/td>\n<\/tr>\n<\/tbody>\n<\/table>\n<table style=\"height: 73px; width: 107.273%; border-collapse: collapse; border-style: none; border-color: #ffffff; background-color: #f5f5f5;\" border=\"1\">\n<tbody>\n<tr style=\"height: 24px;\">\n<td style=\"width: 50%; height: 24px; border-color: #ffffff; text-align: left;\"><a href=\"https:\/\/wp.ufpel.edu.br\/clmd\/files\/2025\/02\/UAB_10_CRONOGRAMA_2025_1.pdf\">UAB 10 &#8211; CRONOGRAMA 2025\/1<\/a><\/td>\n<td style=\"width: 50%; border-color: #ffffff; text-align: center;\">\n<p>Disciplinas ofertadas:\u00a0 ME A, ME B, FEAD<\/p>\n<p>GP, LEMA A<\/p>\n<p>&nbsp;<\/td>\n<\/tr>\n<\/tbody>\n<\/table>\n<p>&nbsp;<\/p>\n<h2><span style=\"color: #800080;\">Orienta\u00e7\u00f5es aos Ingressantes<\/span><\/h2>\n<table style=\"border-collapse: collapse; width: 100%;\" border=\"1\">\n<tbody>\n<tr>\n<td style=\"width: 46.5134%; border-color: #ffffff; background-color: #f0f0f0;\">\n<p style=\"text-align: center;\"><a href=\"https:\/\/bbbadm-balancer.ufpel.edu.br\/playback\/presentation\/2.3\/d49eb186802aca0f7d130b4ec8cbc72848d95fbd-1748383452836\"><span style=\"color: #0000ff;\">Web com os Ingressantes da Segunda Chamada<\/span><\/a><\/p>\n<p style=\"text-align: center;\">Dia 27 de maio de 2025<\/p>\n<\/td>\n<td style=\"width: 14.2282%; border-color: #ffffff;\"><\/td>\n<td style=\"width: 39.2583%; border-color: #ffffff; background-color: #f0f0f0; text-align: center;\">\n<p>\u00a0 \u00a0 \u00a0 \u00a0 \u00a0 <a href=\"https:\/\/wp.ufpel.edu.br\/clmd\/files\/2025\/05\/INGRESSANTES-SEGUNDA-CHAMADA-2025.png\"><span style=\"color: #0000ff;\">Recupera\u00e7\u00e3o das Disciplinas<\/span><\/a><\/p>\n<p>At\u00e9 dia 31 de agosto<\/td>\n<\/tr>\n<\/tbody>\n<\/table>\n<p>&nbsp;<\/p>\n<p style=\"text-align: center;\"><span style=\"color: #0000ff; font-size: 18pt;\">Cronograma de Webs e Provas &#8211; 2024\/2<\/span><\/p>\n<table style=\"height: 73px; width: 107.273%; border-collapse: collapse; border-style: none; border-color: #ffffff; background-color: #f5f5f5;\" border=\"1\">\n<tbody>\n<tr style=\"height: 24px;\">\n<td style=\"width: 50%; height: 24px; border-color: #ffffff; text-align: left;\"><a href=\"https:\/\/wp.ufpel.edu.br\/clmd\/files\/2024\/08\/UAB_7_CRONOGRAMA_2024_2-1.pdf\">UAB 7 &#8211; CRONOGRAMA 2024\/2<\/a><\/td>\n<td style=\"width: 50%; border-color: #ffffff; text-align: center;\">\n<p>Disciplinas ofertadas:\u00a0 TCC II, ECS D, MF, ECHM<\/p>\n<p>Reofertas: .<span style=\"font-family: inherit; font-size: inherit; text-align: center; color: var(--cor-texto);\">Calc B, Calc C<\/span><span style=\"font-family: inherit; font-size: inherit; text-align: center; color: var(--cor-texto);\">.<\/span><\/td>\n<\/tr>\n<\/tbody>\n<\/table>\n<p>.<\/p>\n<table style=\"height: 140px; width: 100.848%; border-collapse: collapse; border-style: none; border-color: #ffffff; background-color: #f5f5f5;\" border=\"1\">\n<tbody>\n<tr>\n<td style=\"width: 50%; border-color: #ffffff; border-style: none; text-align: left;\"><a href=\"https:\/\/wp.ufpel.edu.br\/clmd\/files\/2024\/10\/UAB_8_CRONOGRAMA_2024_2.pdf\">UAB 8 &#8211; CRONOGRAMA 2024\/2<\/a><\/td>\n<td style=\"width: 50%; border-color: #ffffff; border-style: none; text-align: center;\">\n<p>Disciplinas ofertadas:<\/p>\n<p>Reofertas:<\/td>\n<\/tr>\n<\/tbody>\n<\/table>\n<p>&nbsp;<\/p>\n<table style=\"height: 140px; width: 100.848%; border-collapse: collapse; border-style: none; border-color: #ffffff; background-color: #f5f5f5;\" border=\"1\">\n<tbody>\n<tr>\n<td style=\"width: 50%; border-color: #ffffff; border-style: none; text-align: left;\"><a href=\"https:\/\/wp.ufpel.edu.br\/clmd\/files\/2024\/12\/UAB_9_CRONOGRAMA_2024_2_ALTERADO.pdf\">UAB_9_CRONOGRAMA_2024_2_ALTERADO<\/a><\/td>\n<td style=\"width: 50%; border-color: #ffffff; border-style: none; text-align: center;\">Disciplinas ofertadas: ME C, ME D, GE, LEMA B.<\/td>\n<\/tr>\n<\/tbody>\n<\/table>\n<p>&nbsp;<\/p>\n<p>&nbsp;<\/p>\n<p style=\"text-align: center;\"><span style=\"color: #0000ff; font-size: 18pt;\">Cronograma de Webs e Provas &#8211; 2024\/1<\/span><\/p>\n<table style=\"height: 73px; width: 107.273%; border-collapse: collapse; border-style: none; border-color: #ffffff; background-color: #f5f5f5;\" border=\"1\">\n<tbody>\n<tr style=\"height: 24px;\">\n<td style=\"width: 50%; height: 24px; border-color: #ffffff; text-align: left;\"><a href=\"https:\/\/wp.ufpel.edu.br\/clmd\/files\/2024\/03\/CRONOGRAMA_UAB_7_2024_1.pdf\">UAB 7 &#8211; CRONOGRAMA 2024\/1<\/a><\/td>\n<td style=\"width: 50%; border-color: #ffffff; text-align: center;\">\n<p>Disciplinas ofertadas:\u00a0 Calc D, TCC I, EA, ECS C<\/p>\n<p>Reofertas: .<span style=\"font-family: inherit; font-size: inherit; text-align: center; color: var(--cor-texto);\">Calc A, B, <\/span><span style=\"font-family: inherit; font-size: inherit; text-align: center; color: var(--cor-texto);\">ALIN.<\/span><\/td>\n<\/tr>\n<\/tbody>\n<\/table>\n<p>.<\/p>\n<table style=\"height: 140px; width: 100.848%; border-collapse: collapse; border-style: none; border-color: #ffffff; background-color: #f5f5f5;\" border=\"1\">\n<tbody>\n<tr>\n<td style=\"width: 50%; border-color: #ffffff; border-style: none; text-align: left;\"><a href=\"https:\/\/wp.ufpel.edu.br\/clmd\/files\/2024\/03\/CRONOGRAMA_UAB_8_2024_1.pdf\">UAB 8 &#8211; CRONOGRAMA 2024\/1<\/a><\/td>\n<td style=\"width: 50%; border-color: #ffffff; border-style: none; text-align: center;\">\n<p>Disciplinas ofertadas: CALC B, ALIN, PAEM, LEMA D.<\/p>\n<p>Reofertas: Calc A, ME A, ME B..<\/td>\n<\/tr>\n<\/tbody>\n<\/table>\n<p>&nbsp;<\/p>\n<table style=\"height: 140px; width: 100.848%; border-collapse: collapse; border-style: none; border-color: #ffffff; background-color: #f5f5f5;\" border=\"1\">\n<tbody>\n<tr>\n<td style=\"width: 50%; border-color: #ffffff; border-style: none; text-align: left;\"><a href=\"https:\/\/wp.ufpel.edu.br\/clmd\/files\/2024\/03\/CRONOGRAMA_UAB_9_2024_1-2.pdf\">UAB 9 &#8211; CRONOGRAMA 2024\/1<\/a><\/td>\n<td style=\"width: 50%; border-color: #ffffff; border-style: none; text-align: center;\">\n<p>Disciplinas ofertadas:\u00a0ME A, ME B, ME C, FEAD, GP,<\/p>\n<p>LEMA A.<\/td>\n<\/tr>\n<\/tbody>\n<\/table>\n<p>&nbsp;<\/p>\n<p>&nbsp;<\/p>\n<p style=\"text-align: center;\"><span style=\"color: #0000ff; font-size: 18pt;\">Cronograma de Webs e Provas &#8211; 2023\/2<\/span><\/p>\n<table style=\"height: 73px; width: 107.273%; border-collapse: collapse; border-style: none; border-color: #ffffff; background-color: #f5f5f5;\" border=\"1\">\n<tbody>\n<tr style=\"height: 24px;\">\n<td style=\"width: 50%; height: 24px; border-color: #ffffff; text-align: left;\"><a href=\"https:\/\/wp.ufpel.edu.br\/clmd\/files\/2023\/08\/UAB_7_CRONOGRAMA_2023_2_ATUALIZADO.pdf\">UAB 7 &#8211; CRONOGRAMA 2023\/2<\/a><\/td>\n<td style=\"width: 50%; border-color: #ffffff; text-align: center;\">Disciplinas ofertadas: DEAD, PE, EMID, Arit, ECS B.<\/td>\n<\/tr>\n<\/tbody>\n<\/table>\n<p>.<\/p>\n<table style=\"height: 140px; width: 100.848%; border-collapse: collapse; border-style: none; border-color: #ffffff; background-color: #f5f5f5;\" border=\"1\">\n<tbody>\n<tr>\n<td style=\"width: 50%; border-color: #ffffff; border-style: none; text-align: left;\"><a href=\"https:\/\/wp.ufpel.edu.br\/clmd\/files\/2023\/08\/UAB_8_CRONOGRAMA_2023_2_ATUALIZADO.pdf\">UAB 8 &#8211; CRONOGRAMA 2023\/2<\/a><\/td>\n<td style=\"width: 50%; border-color: #ffffff; border-style: none; text-align: center;\">\n<p>Disciplinas ofertadas: GPAEM, GA. CALC A, LEMA C.<\/p>\n<p>Reofertas: ME A, ME B, ME C, FEAD.<\/td>\n<\/tr>\n<\/tbody>\n<\/table>\n<p>&nbsp;<\/p>\n<p style=\"text-align: center;\"><span style=\"color: #0000ff; font-size: 18pt;\">Cronograma de Webs e Provas &#8211; 2023\/1<\/span><\/p>\n<table style=\"height: 73px; width: 106.788%; border-collapse: collapse; border-style: none; border-color: #ffffff; background-color: #f5f5f5;\" border=\"1\">\n<tbody>\n<tr style=\"height: 24px;\">\n<td style=\"width: 50%; height: 24px; border-color: #ffffff; text-align: center;\">\n<p><a href=\"https:\/\/wp.ufpel.edu.br\/clmd\/files\/2023\/03\/UAB-7_Cronograma_Webs-e-Provas_CLMD-2023-1_11-03-23.pdf\" target=\"_blank\" rel=\"noopener\">UAB 7 &#8211; CRONOGRAMA 2023\/1<\/a><\/p>\n<p><span style=\"color: #0000ff;\"><a style=\"color: #0000ff;\" href=\"https:\/\/wp.ufpel.edu.br\/clmd\/files\/2023\/07\/Novas-datas-para-o-final-de-semestre-2023.pdf\" target=\"_blank\" rel=\"noopener\">Atualiza\u00e7\u00e3o final do semestre de 2023\/1<\/a><\/span><\/td>\n<td style=\"width: 50%; border-color: #ffffff; text-align: left;\">Disciplinas ofertadas: .TDEM, LEM, CALC C, CALC B, ECS A<\/td>\n<\/tr>\n<\/tbody>\n<\/table>\n<p>.<\/p>\n<table style=\"height: 73px; width: 106.788%; border-collapse: collapse; border-style: none; border-color: #ffffff; background-color: #f5f5f5;\" border=\"1\">\n<tbody>\n<tr style=\"height: 24px;\">\n<td style=\"width: 50%; height: 24px; border-color: #ffffff; text-align: left;\">\n<p><a href=\"https:\/\/wp.ufpel.edu.br\/clmd\/files\/2024\/01\/UAB-8_Cronograma_Webs-e-Provas_CLMD-2023-1_04-03-23.pdf\" target=\"_blank\" rel=\"noopener\">UAB 8 &#8211; CRONOGRAMA 2023\/1<\/a><\/p>\n<p><span style=\"color: #0000ff;\"><a style=\"color: #0000ff;\" href=\"https:\/\/wp.ufpel.edu.br\/clmd\/files\/2023\/07\/Novas-datas-para-o-final-de-semestre-2023.pdf\" target=\"_blank\" rel=\"noopener\">Atualiza\u00e7\u00e3o final do semestre de 2023\/1<\/a><\/span><\/td>\n<td style=\"width: 50%; border-color: #ffffff;\">\n<p>Disciplinas ofertadas: LEMA B, TMEM, ME C, GE, ME D.<\/p>\n<p>rEOFERTA: ME A<\/td>\n<\/tr>\n<\/tbody>\n<\/table>\n<p>.<\/p>\n<p style=\"text-align: center;\"><span style=\"color: #0000ff; font-size: 18pt;\">Cronograma de Webs e Provas &#8211; 2022\/2<\/span><\/p>\n<table style=\"height: 73px; width: 106.788%; border-collapse: collapse; border-style: none; border-color: #ffffff; background-color: #f5f5f5;\" border=\"1\">\n<tbody>\n<tr style=\"height: 24px;\">\n<td style=\"width: 50%; height: 24px; border-color: #ffffff; text-align: left;\"><a href=\"https:\/\/wp.ufpel.edu.br\/clmd\/files\/2022\/08\/UAB-7_Cronograma_Webs-e-Provas_CLMD-2022-2_07-08-22_Final-2.pdf\" target=\"_blank\" rel=\"noopener\">UAB 7 &#8211; CRONOGRAMA 2022\/2<\/a><\/td>\n<td style=\"width: 50%; border-color: #ffffff; text-align: left;\">\n<p>Disciplinas ofertadas: LEMA D, ALIN, PAEM, CALC B.<\/p>\n<p>Reoferta: CALC A.<\/td>\n<\/tr>\n<\/tbody>\n<\/table>\n<p>.<\/p>\n<table style=\"height: 73px; width: 106.788%; border-collapse: collapse; border-style: none; border-color: #ffffff; background-color: #f5f5f5;\" border=\"1\">\n<tbody>\n<tr style=\"height: 24px;\">\n<td style=\"width: 50%; height: 24px; border-color: #ffffff; text-align: left;\"><a href=\"https:\/\/wp.ufpel.edu.br\/clmd\/files\/2022\/08\/UAB-8_Cronograma_Webs-e-Provas_CLMD-2022-2_15-08-22-1.pdf\" target=\"_blank\" rel=\"noopener\">UAB 8 &#8211; CRONOGRAMA 2022\/2<\/a><\/td>\n<td style=\"width: 50%; border-color: #ffffff; text-align: left;\">Disciplinas ofertadas: LEMA A, GP, FEaD, ME A, ME B.<\/td>\n<\/tr>\n<\/tbody>\n<\/table>\n<p>.<\/p>\n<p style=\"text-align: center;\"><span style=\"color: #0000ff; font-size: 18pt;\">Cronograma de Webs e Provas &#8211; 2022\/1<\/span><\/p>\n<table style=\"height: 73px; width: 107.273%; border-collapse: collapse; border-style: none; border-color: #ffffff; background-color: #f5f5f5;\" border=\"1\">\n<tbody>\n<tr style=\"height: 24px;\">\n<td style=\"width: 50%; height: 24px; border-color: #ffffff; text-align: left;\"><a href=\"https:\/\/wp.ufpel.edu.br\/clmd\/files\/2022\/04\/UAB-7_Cronograma_Webs-e-Provas_CLMD-2022-1_Reajuste-11-04-22-3.pdf\" target=\"_blank\" rel=\"noopener\">UAB 7 &#8211; CRONOGRAMA 2022\/1<\/a><\/td>\n<td style=\"width: 50%; border-color: #ffffff; text-align: left;\">Disciplinas ofertadas: LEMA C, GPAEM, CALC A, GA, ME B.<\/td>\n<\/tr>\n<\/tbody>\n<\/table>\n<p>&nbsp;<\/p>\n<p style=\"text-align: center;\"><span style=\"color: #0000ff; font-size: 18pt;\">Cronograma de Webs e Provas &#8211; 2021\/2<\/span><\/p>\n<table style=\"height: 73px; width: 107.273%; border-collapse: collapse; border-style: none; border-color: #ffffff; background-color: #f5f5f5;\" border=\"1\">\n<tbody>\n<tr style=\"height: 24px;\">\n<td style=\"width: 50%; height: 24px; border-color: #ffffff; text-align: left;\"><a href=\"https:\/\/wp.ufpel.edu.br\/clmd\/files\/2021\/09\/UAB-7_Cronograma_Webs-e-Provas_CLMD-2021-2_03-08.pdf\" target=\"_blank\" rel=\"noopener\">UAB 7 &#8211; CRONOGRAMA 2021\/2<\/a><\/td>\n<td style=\"width: 50%; border-color: #ffffff; text-align: left;\">Disciplinas ofertadas: LEMA B, TMEM, ME C, ME B, GE.<\/td>\n<\/tr>\n<\/tbody>\n<\/table>\n<p>&nbsp;<\/p>\n<p style=\"text-align: center;\"><span style=\"color: #0000ff; font-size: 18pt;\">Cronograma de Webs e Provas &#8211; 2021\/1<\/span><\/p>\n<table style=\"height: 73px; width: 107.273%; border-collapse: collapse; border-style: none; border-color: #ffffff; background-color: #f5f5f5;\" border=\"1\">\n<tbody>\n<tr style=\"height: 24px;\">\n<td style=\"width: 50%; height: 24px; border-color: #ffffff; text-align: left;\"><a href=\"https:\/\/wp.ufpel.edu.br\/clmd\/files\/2021\/09\/UAB-7_Cronograma_Webs-e-Provas_CLMD-2021-1_Ajustado-1.pdf\" target=\"_blank\" rel=\"noopener\">UAB 7 &#8211; CRONOGRAMA 2021\/1<\/a><\/td>\n<td style=\"width: 50%; border-color: #ffffff; text-align: left;\">\n<p>Disciplinas ofertadas: LEMA A, FEaD, ME A, ME B, GP.<\/p>\n<p>Reofertas no 2\u00ba m\u00f3dulo: ME A, FEaD.<\/td>\n<\/tr>\n<\/tbody>\n<\/table>\n<p>&nbsp;<\/p>\n<p style=\"text-align: center;\"><span style=\"color: #0000ff; font-size: 18pt;\">Slides das Apresenta\u00e7\u00f5es de In\u00edcio de Semestre<\/span><\/p>\n<p><span style=\"color: #0000ff;\"><a style=\"color: #0000ff;\" href=\"https:\/\/wp.ufpel.edu.br\/clmd\/files\/2023\/03\/2023-1_Web-inicial-UAB-8-CLMD_13-03-23_Coordenacao-1.pdf\" target=\"_blank\" rel=\"noopener\">Web com a Coordena\u00e7\u00e3o 2023\/1<\/a><\/span><\/p>\n<p><span style=\"color: #0000ff;\"><a style=\"color: #0000ff;\" href=\"https:\/\/wp.ufpel.edu.br\/clmd\/files\/2022\/08\/2022-2_Web-inicial-UAB-7-CLMD_10-08-22-1.pdf\" target=\"_blank\" rel=\"noopener\">Web com a Coordena\u00e7\u00e3o 2022\/2<\/a><\/span><\/p>\n<p><span style=\"color: #0000ff;\"><a style=\"color: #0000ff;\" href=\"https:\/\/wp.ufpel.edu.br\/clmd\/files\/2021\/09\/2021-2_Web-inicial-UAB-7-CLMD_12-08.pdf\" target=\"_blank\" rel=\"noopener\">Web com a Coordena\u00e7\u00e3o 2021\/2<\/a><\/span><\/p>\n","protected":false},"excerpt":{"rendered":"<p>Cronograma de Webs e Provas &#8211; 2025\/2 UAB 7 &#8211; CRONOGRAMA 2025\/1 Reofertas:\u00a0 PE, ECS D Reofertas: ECS B, CALC C, CALC D. UAB 8 &#8211; CRONOGRAMA 2025\/2 Disciplinas ofertadas:\u00a0 PE, CNUM, EMID, EA \u00a0 \u00a0 \u00a0 \u00a0 \u00a0 \u00a0 \u00a0 \u00a0 \u00a0 \u00a0 \u00a0 \u00a0 \u00a0 \u00a0 \u00a0 \u00a0 \u00a0 \u00a0 \u00a0 \u00a0 \u00a0CALC [&hellip;]<\/p>\n","protected":false},"author":710,"featured_media":0,"parent":1149,"menu_order":0,"comment_status":"closed","ping_status":"closed","template":"","meta":{"footnotes":""},"class_list":["post-808","page","type-page","status-publish","hentry"],"_links":{"self":[{"href":"https:\/\/wp.ufpel.edu.br\/clmd\/wp-json\/wp\/v2\/pages\/808","targetHints":{"allow":["GET"]}}],"collection":[{"href":"https:\/\/wp.ufpel.edu.br\/clmd\/wp-json\/wp\/v2\/pages"}],"about":[{"href":"https:\/\/wp.ufpel.edu.br\/clmd\/wp-json\/wp\/v2\/types\/page"}],"author":[{"embeddable":true,"href":"https:\/\/wp.ufpel.edu.br\/clmd\/wp-json\/wp\/v2\/users\/710"}],"replies":[{"embeddable":true,"href":"https:\/\/wp.ufpel.edu.br\/clmd\/wp-json\/wp\/v2\/comments?post=808"}],"version-history":[{"count":3,"href":"https:\/\/wp.ufpel.edu.br\/clmd\/wp-json\/wp\/v2\/pages\/808\/revisions"}],"predecessor-version":[{"id":3513,"href":"https:\/\/wp.ufpel.edu.br\/clmd\/wp-json\/wp\/v2\/pages\/808\/revisions\/3513"}],"up":[{"embeddable":true,"href":"https:\/\/wp.ufpel.edu.br\/clmd\/wp-json\/wp\/v2\/pages\/1149"}],"wp:attachment":[{"href":"https:\/\/wp.ufpel.edu.br\/clmd\/wp-json\/wp\/v2\/media?parent=808"}],"curies":[{"name":"wp","href":"https:\/\/api.w.org\/{rel}","templated":true}]}}