{"id":3214,"date":"2025-07-30T00:10:45","date_gmt":"2025-07-30T03:10:45","guid":{"rendered":"https:\/\/wp.ufpel.edu.br\/clmd\/?page_id=3214"},"modified":"2025-07-30T16:32:47","modified_gmt":"2025-07-30T19:32:47","slug":"caracterizacoes-das-disciplinas-versao-8","status":"publish","type":"page","link":"https:\/\/wp.ufpel.edu.br\/clmd\/institucional\/caracterizacoes-das-disciplinas-versao-8\/","title":{"rendered":"Caracteriza\u00e7\u00f5es das Disciplinas &#8211; Vers\u00e3o 8"},"content":{"rendered":"<table style=\"border-collapse: collapse; width: 100%;\" border=\"1\">\n<tbody>\n<tr>\n<td style=\"width: 100%; background-color: #c9e7f0; border-color: #c9e7f0;\">\u00a0 \u00a0Curr\u00edculo vers\u00e3o 8 &#8211; Turma UAB 8, 9, 10<\/td>\n<\/tr>\n<\/tbody>\n<\/table>\n<p>Acesse e fa\u00e7a download das ementas de todas as disciplinas:<\/p>\n<p><span style=\"color: #0000ff;\"><a style=\"color: #0000ff;\" href=\"https:\/\/wp.ufpel.edu.br\/clmd\/files\/2025\/06\/CARACTERIZACOES-PPC-CLMD-2025-versao-8.pdf\">CARACTERIZACOES PPC CLMD 2025 &#8211; versao 8<\/a><\/span><\/p>\n<p><strong>Observa\u00e7\u00e3o<\/strong>: o curr\u00edculo da Turma UAB 10 ser\u00e1 reestruturado de acordo com as Novas Pol\u00edticas para a Educa\u00e7\u00e3o a Dist\u00e2ncia, conforme decreto MEC de maio de 2025.<\/p>\n<p>Acesse as ementas por semestre e disciplina:<\/p>\n<table style=\"height: 219px; width: 632px; border-collapse: collapse;\" border=\"1\">\n<tbody>\n<tr style=\"height: 51px;\">\n<td style=\"border-color: #f0f0f0; background-color: #f0f0f0; height: 51px; width: 326px; text-align: center;\"><span style=\"color: #000080;\"><strong>Disciplinas do 1\u00ba Semestre<\/strong><\/span><\/td>\n<td style=\"border-color: #f0f0f0; background-color: #f0f0f0; height: 51px; width: 299px; text-align: center;\"><span style=\"color: #000080;\"><strong>Disciplinas do 2\u00ba Semestre<\/strong><\/span><\/td>\n<\/tr>\n<tr style=\"height: 23px;\">\n<td style=\"border-color: #f0f0f0; background-color: #f0f0f0; height: 23px; width: 326px; text-align: center;\"><span style=\"color: #000080;\"><a style=\"color: #333333; text-align: left;\" href=\"https:\/\/wp.ufpel.edu.br\/clmd\/files\/2025\/07\/11270059_FEAD_VERSAO_8.pdf\">11270059_FEAD<\/a><\/span><\/td>\n<td style=\"border-color: #f0f0f0; background-color: #f0f0f0; height: 23px; width: 299px; text-align: center;\"><span style=\"color: #000080;\"> <a href=\"https:\/\/wp.ufpel.edu.br\/clmd\/files\/2025\/07\/11270066_ME_C_VERSAO_8.pdf\">11270066_ME_C<\/a><\/span><\/td>\n<\/tr>\n<tr style=\"height: 23px;\">\n<td style=\"border-color: #f0f0f0; background-color: #f0f0f0; height: 23px; width: 326px; text-align: center;\"><span style=\"color: #000080;\"><a href=\"https:\/\/wp.ufpel.edu.br\/clmd\/files\/2025\/07\/11270060_ME_A_VERSAO_8.pdf\">11270060_ME_A<\/a><\/span><\/td>\n<td style=\"border-color: #f0f0f0; background-color: #f0f0f0; height: 23px; width: 299px; text-align: center;\"><span style=\"color: #000080;\"><a href=\"https:\/\/wp.ufpel.edu.br\/clmd\/files\/2025\/07\/11270068_GE_VERSAO_8.pdf\">11270068_GE<\/a>\u00a0<\/span><\/td>\n<\/tr>\n<tr style=\"height: 23px;\">\n<td style=\"border-color: #f0f0f0; background-color: #f0f0f0; height: 23px; width: 326px; text-align: center;\"><span style=\"color: #000080;\"><a href=\"https:\/\/wp.ufpel.edu.br\/clmd\/files\/2025\/07\/11270062_GP_VERSAO_8.pdf\">11270062_GP<\/a><\/span><\/td>\n<td style=\"border-color: #f0f0f0; background-color: #f0f0f0; height: 23px; width: 299px; text-align: center;\"><span style=\"color: #000080;\"><a href=\"https:\/\/wp.ufpel.edu.br\/clmd\/files\/2025\/07\/11270097_TMEM_VERSAO_8.pdf\">11270097_TMEM<\/a>\u00a0<\/span><\/td>\n<\/tr>\n<tr style=\"height: 23px;\">\n<td style=\"border-color: #f0f0f0; background-color: #f0f0f0; height: 23px; width: 326px; text-align: center;\"><span style=\"color: #000080;\"><a href=\"https:\/\/wp.ufpel.edu.br\/clmd\/files\/2025\/07\/11270063_LEMA_A_VERSAO_8.pdf\">11270063_LEMA_A<\/a><\/span><\/td>\n<td style=\"border-color: #f0f0f0; background-color: #f0f0f0; height: 23px; width: 299px; text-align: center;\"><span style=\"color: #000080;\"> <a href=\"https:\/\/wp.ufpel.edu.br\/clmd\/files\/2025\/07\/11270098_ME_D_VERSAO_8.pdf\">11270098_ME_D<\/a><\/span><\/td>\n<\/tr>\n<tr style=\"height: 23px;\">\n<td style=\"border-color: #f0f0f0; background-color: #f0f0f0; height: 23px; width: 326px; text-align: center;\"><span style=\"color: #000080;\"><a href=\"https:\/\/wp.ufpel.edu.br\/clmd\/files\/2025\/07\/11270100_ME_B_VERSAO_8.pdf\">11270100_ME_B<\/a><\/span><\/td>\n<td style=\"border-color: #f0f0f0; background-color: #f0f0f0; height: 23px; width: 299px; text-align: center;\"><span style=\"color: #000080;\"> <a href=\"https:\/\/wp.ufpel.edu.br\/clmd\/files\/2025\/07\/11270099_LEMA_B.pdf\">11270099_LEMA_B<\/a><\/span><\/td>\n<\/tr>\n<\/tbody>\n<\/table>\n<p>&nbsp;<\/p>\n<table style=\"height: 219px; width: 632px; border-collapse: collapse;\" border=\"1\">\n<tbody>\n<tr style=\"height: 51px;\">\n<td style=\"border-color: #f0f0f0; background-color: #f0f0f0; height: 51px; width: 326px; text-align: center;\"><span style=\"color: #000080;\"><strong>Disciplinas do 3\u00ba Semestre<\/strong><\/span><\/td>\n<td style=\"border-color: #f0f0f0; background-color: #f0f0f0; height: 51px; width: 299px; text-align: center;\"><span style=\"color: #000080;\"><strong>Disciplinas do 4\u00ba Semestre<\/strong><\/span><\/td>\n<\/tr>\n<tr style=\"height: 23px;\">\n<td style=\"border-color: #f0f0f0; background-color: #f0f0f0; height: 23px; width: 326px; text-align: center;\"><a href=\"https:\/\/wp.ufpel.edu.br\/clmd\/files\/2025\/07\/11270065_LIBRAS_VERSAO_8.pdf\">11270065_LIBRAS<\/a><\/td>\n<td style=\"border-color: #f0f0f0; background-color: #f0f0f0; height: 23px; width: 299px; text-align: center;\"><a href=\"https:\/\/wp.ufpel.edu.br\/clmd\/files\/2025\/07\/11270072_GA.pdf\">11270072_GA<\/a><\/td>\n<\/tr>\n<tr style=\"height: 23px;\">\n<td style=\"border-color: #f0f0f0; background-color: #f0f0f0; height: 23px; width: 326px; text-align: center;\"><a href=\"https:\/\/wp.ufpel.edu.br\/clmd\/files\/2025\/07\/11270101_GPAEM_VERSAO_8.pdf\">11270101_GPAEM<\/a><\/td>\n<td style=\"border-color: #f0f0f0; background-color: #f0f0f0; height: 23px; width: 299px; text-align: center;\"><a href=\"https:\/\/wp.ufpel.edu.br\/clmd\/files\/2025\/07\/11270105_PAEM.pdf\">11270105_PAEM<\/a><\/td>\n<\/tr>\n<tr style=\"height: 23px;\">\n<td style=\"border-color: #f0f0f0; background-color: #f0f0f0; height: 23px; width: 326px; text-align: center;\"><a href=\"https:\/\/wp.ufpel.edu.br\/clmd\/files\/2025\/07\/1270102_CALCULO_A_VERSAO_8.pdf\">1270102_CALCULO_A<\/a><\/td>\n<td style=\"border-color: #f0f0f0; background-color: #f0f0f0; height: 23px; width: 299px; text-align: center;\"><a href=\"https:\/\/wp.ufpel.edu.br\/clmd\/files\/2025\/07\/11270106_CALC_B.pdf\">11270106_CALC_B<\/a><\/td>\n<\/tr>\n<tr style=\"height: 23px;\">\n<td style=\"border-color: #f0f0f0; background-color: #f0f0f0; height: 23px; width: 326px; text-align: center;\"><a href=\"https:\/\/wp.ufpel.edu.br\/clmd\/files\/2025\/07\/11270103_ME_E_VERSAO_8.pdf\">11270103_ME_E<\/a><\/td>\n<td style=\"border-color: #f0f0f0; background-color: #f0f0f0; height: 23px; width: 299px; text-align: center;\"><a href=\"https:\/\/wp.ufpel.edu.br\/clmd\/files\/2025\/07\/11270107_LEMA-D.pdf\">11270107_LEMA D<\/a><\/td>\n<\/tr>\n<tr style=\"height: 23px;\">\n<td style=\"border-color: #f0f0f0; background-color: #f0f0f0; height: 23px; width: 326px; text-align: center;\"><a href=\"https:\/\/wp.ufpel.edu.br\/clmd\/files\/2025\/07\/11270104_LEMA_C_VERSAO_8.pdf\">11270104_LEMA_C<\/a><\/td>\n<td style=\"border-color: #f0f0f0; background-color: #f0f0f0; height: 23px; width: 299px; text-align: center;\"><\/td>\n<\/tr>\n<\/tbody>\n<\/table>\n<p>&nbsp;<\/p>\n<table style=\"height: 219px; width: 632px; border-collapse: collapse;\" border=\"1\">\n<tbody>\n<tr style=\"height: 51px;\">\n<td style=\"border-color: #f0f0f0; background-color: #f0f0f0; height: 51px; width: 326px; text-align: center;\"><span style=\"color: #000080;\"><strong>Disciplinas do 5\u00ba Semestre<\/strong><\/span><\/td>\n<td style=\"border-color: #f0f0f0; background-color: #f0f0f0; height: 51px; width: 299px; text-align: center;\"><span style=\"color: #000080;\"><strong>Disciplinas do 6\u00ba Semestre<\/strong><\/span><\/td>\n<\/tr>\n<tr style=\"height: 23px;\">\n<td style=\"border-color: #f0f0f0; background-color: #f0f0f0; height: 23px; width: 326px; text-align: center;\"><a href=\"https:\/\/wp.ufpel.edu.br\/clmd\/files\/2025\/07\/11270108_LEM.pdf\">11270108_LEM<\/a><\/td>\n<td style=\"border-color: #f0f0f0; background-color: #f0f0f0; height: 23px; width: 299px; text-align: center;\"><a href=\"https:\/\/wp.ufpel.edu.br\/clmd\/files\/2025\/07\/11270076_ALIN.pdf\">11270076_ALIN<\/a><\/td>\n<\/tr>\n<tr style=\"height: 23px;\">\n<td style=\"border-color: #f0f0f0; background-color: #f0f0f0; height: 23px; width: 326px; text-align: center;\"><a href=\"https:\/\/wp.ufpel.edu.br\/clmd\/files\/2025\/07\/11270109_CALC-C.pdf\">11270109_CALC C<\/a><\/td>\n<td style=\"border-color: #f0f0f0; background-color: #f0f0f0; height: 23px; width: 299px; text-align: center;\"><a href=\"https:\/\/wp.ufpel.edu.br\/clmd\/files\/2025\/07\/11270112_-TDEM.pdf\">11270112_ TDEM<\/a><\/td>\n<\/tr>\n<tr style=\"height: 23px;\">\n<td style=\"border-color: #f0f0f0; background-color: #f0f0f0; height: 23px; width: 326px; text-align: center;\"><a href=\"https:\/\/wp.ufpel.edu.br\/clmd\/files\/2025\/07\/11270110_ARIT.pdf\">11270110_ARIT<\/a><\/td>\n<td style=\"border-color: #f0f0f0; background-color: #f0f0f0; height: 23px; width: 299px; text-align: center;\"><a href=\"https:\/\/wp.ufpel.edu.br\/clmd\/files\/2025\/07\/11270113_CALC-D.pdf\">11270113_CALC D<\/a><\/td>\n<\/tr>\n<tr style=\"height: 23px;\">\n<td style=\"border-color: #f0f0f0; background-color: #f0f0f0; height: 23px; width: 326px; text-align: center;\"><a href=\"https:\/\/wp.ufpel.edu.br\/clmd\/files\/2025\/07\/11270111_ECS-A.pdf\">11270111_ECS A<\/a><\/td>\n<td style=\"border-color: #f0f0f0; background-color: #f0f0f0; height: 23px; width: 299px; text-align: center;\"><a href=\"https:\/\/wp.ufpel.edu.br\/clmd\/files\/2025\/07\/11270114_ECS-B.pdf\">11270114_ECS B<\/a><\/td>\n<\/tr>\n<tr style=\"height: 23px;\">\n<td style=\"border-color: #f0f0f0; background-color: #f0f0f0; height: 23px; width: 326px; text-align: center;\"><\/td>\n<td style=\"border-color: #f0f0f0; background-color: #f0f0f0; height: 23px; width: 299px; text-align: center;\"><\/td>\n<\/tr>\n<\/tbody>\n<\/table>\n<p>&nbsp;<\/p>\n<table style=\"height: 219px; width: 632px; border-collapse: collapse;\" border=\"1\">\n<tbody>\n<tr style=\"height: 51px;\">\n<td style=\"border-color: #f0f0f0; background-color: #f0f0f0; height: 51px; width: 326px; text-align: center;\"><span style=\"color: #000080;\"><strong>Disciplinas do 7\u00ba Semestre<\/strong><\/span><\/td>\n<td style=\"border-color: #f0f0f0; background-color: #f0f0f0; height: 51px; width: 299px; text-align: center;\"><span style=\"color: #000080;\"><strong>Disciplinas do 8\u00ba Semestre<\/strong><\/span><\/td>\n<\/tr>\n<tr style=\"height: 23px;\">\n<td style=\"border-color: #f0f0f0; background-color: #f0f0f0; height: 23px; width: 326px; text-align: center;\"><a href=\"https:\/\/wp.ufpel.edu.br\/clmd\/files\/2025\/07\/11270083_PE.pdf\">11270083_PE<\/a><\/td>\n<td style=\"border-color: #f0f0f0; background-color: #f0f0f0; height: 23px; width: 299px; text-align: center;\"><a href=\"https:\/\/wp.ufpel.edu.br\/clmd\/files\/2025\/07\/11270091_MF.pdf\">11270091_MF<\/a><\/td>\n<\/tr>\n<tr style=\"height: 23px;\">\n<td style=\"border-color: #f0f0f0; background-color: #f0f0f0; height: 23px; width: 326px; text-align: center;\"><a href=\"https:\/\/wp.ufpel.edu.br\/clmd\/files\/2025\/07\/11270115_DEDT.pdf\">11270115_DEDT<\/a><\/td>\n<td style=\"border-color: #f0f0f0; background-color: #f0f0f0; height: 23px; width: 299px; text-align: center;\"><a href=\"https:\/\/wp.ufpel.edu.br\/clmd\/files\/2025\/07\/11270092_ECHM.pdf\">11270092_ECHM<\/a><\/td>\n<\/tr>\n<tr style=\"height: 23px;\">\n<td style=\"border-color: #f0f0f0; background-color: #f0f0f0; height: 23px; width: 326px; text-align: center;\"><a href=\"https:\/\/wp.ufpel.edu.br\/clmd\/files\/2025\/07\/11270116_-EA.pdf\">11270116_ EA<\/a><\/td>\n<td style=\"border-color: #f0f0f0; background-color: #f0f0f0; height: 23px; width: 299px; text-align: center;\"><a href=\"https:\/\/wp.ufpel.edu.br\/clmd\/files\/2025\/07\/11270119_CNUM.pdf\">11270119_CNUM<\/a><\/td>\n<\/tr>\n<tr style=\"height: 23px;\">\n<td style=\"border-color: #f0f0f0; background-color: #f0f0f0; height: 23px; width: 326px; text-align: center;\"><a href=\"https:\/\/wp.ufpel.edu.br\/clmd\/files\/2025\/07\/11270117_ECS-C.pdf\">11270117_ECS C<\/a><\/td>\n<td style=\"border-color: #f0f0f0; background-color: #f0f0f0; height: 23px; width: 299px; text-align: center;\"><a href=\"https:\/\/wp.ufpel.edu.br\/clmd\/files\/2025\/07\/11270120_ECS-D.pdf\">11270120_ECS D<\/a><\/td>\n<\/tr>\n<tr style=\"height: 23px;\">\n<td style=\"border-color: #f0f0f0; background-color: #f0f0f0; height: 23px; width: 326px; text-align: center;\"><a href=\"https:\/\/wp.ufpel.edu.br\/clmd\/files\/2025\/07\/11270118_EMID.pdf\">11270118_EMID<\/a><\/td>\n<td style=\"border-color: #f0f0f0; background-color: #f0f0f0; height: 23px; width: 299px; text-align: center;\"><\/td>\n<\/tr>\n<\/tbody>\n<\/table>\n<p>&nbsp;<\/p>\n","protected":false},"excerpt":{"rendered":"<p>\u00a0 \u00a0Curr\u00edculo vers\u00e3o 8 &#8211; Turma UAB 8, 9, 10 Acesse e fa\u00e7a download das ementas de todas as disciplinas: CARACTERIZACOES PPC CLMD 2025 &#8211; versao 8 Observa\u00e7\u00e3o: o curr\u00edculo da Turma UAB 10 ser\u00e1 reestruturado de acordo com as Novas Pol\u00edticas para a Educa\u00e7\u00e3o a Dist\u00e2ncia, conforme decreto MEC de maio de 2025. Acesse [&hellip;]<\/p>\n","protected":false},"author":710,"featured_media":0,"parent":91,"menu_order":0,"comment_status":"closed","ping_status":"closed","template":"","meta":{"footnotes":""},"class_list":["post-3214","page","type-page","status-publish","hentry"],"_links":{"self":[{"href":"https:\/\/wp.ufpel.edu.br\/clmd\/wp-json\/wp\/v2\/pages\/3214","targetHints":{"allow":["GET"]}}],"collection":[{"href":"https:\/\/wp.ufpel.edu.br\/clmd\/wp-json\/wp\/v2\/pages"}],"about":[{"href":"https:\/\/wp.ufpel.edu.br\/clmd\/wp-json\/wp\/v2\/types\/page"}],"author":[{"embeddable":true,"href":"https:\/\/wp.ufpel.edu.br\/clmd\/wp-json\/wp\/v2\/users\/710"}],"replies":[{"embeddable":true,"href":"https:\/\/wp.ufpel.edu.br\/clmd\/wp-json\/wp\/v2\/comments?post=3214"}],"version-history":[{"count":9,"href":"https:\/\/wp.ufpel.edu.br\/clmd\/wp-json\/wp\/v2\/pages\/3214\/revisions"}],"predecessor-version":[{"id":3262,"href":"https:\/\/wp.ufpel.edu.br\/clmd\/wp-json\/wp\/v2\/pages\/3214\/revisions\/3262"}],"up":[{"embeddable":true,"href":"https:\/\/wp.ufpel.edu.br\/clmd\/wp-json\/wp\/v2\/pages\/91"}],"wp:attachment":[{"href":"https:\/\/wp.ufpel.edu.br\/clmd\/wp-json\/wp\/v2\/media?parent=3214"}],"curies":[{"name":"wp","href":"https:\/\/api.w.org\/{rel}","templated":true}]}}