{"id":1832,"date":"2024-03-15T10:02:16","date_gmt":"2024-03-15T13:02:16","guid":{"rendered":"https:\/\/wp.ufpel.edu.br\/clmd\/?page_id=1832"},"modified":"2024-03-18T01:32:42","modified_gmt":"2024-03-18T04:32:42","slug":"duvidas-e-sugestoes","status":"publish","type":"page","link":"https:\/\/wp.ufpel.edu.br\/clmd\/calendario-e-cronogramas\/duvidas-e-sugestoes\/","title":{"rendered":"D\u00favidas e sugest\u00f5es"},"content":{"rendered":"<p><a href=\"https:\/\/wp.ufpel.edu.br\/clmd\/files\/2024\/03\/comunicacao.jpg\"><img class=\"size-full wp-image-1834 aligncenter\" src=\"https:\/\/wp.ufpel.edu.br\/clmd\/files\/2024\/03\/comunicacao.jpg\" alt=\"\" width=\"1920\" height=\"1357\" srcset=\"https:\/\/wp.ufpel.edu.br\/clmd\/files\/2024\/03\/comunicacao.jpg 1920w, https:\/\/wp.ufpel.edu.br\/clmd\/files\/2024\/03\/comunicacao-400x283.jpg 400w, https:\/\/wp.ufpel.edu.br\/clmd\/files\/2024\/03\/comunicacao-1024x724.jpg 1024w, https:\/\/wp.ufpel.edu.br\/clmd\/files\/2024\/03\/comunicacao-768x543.jpg 768w, https:\/\/wp.ufpel.edu.br\/clmd\/files\/2024\/03\/comunicacao-1536x1086.jpg 1536w\" sizes=\"(max-width: 1920px) 100vw, 1920px\" \/><\/a><\/p>\n<p>A comunica\u00e7\u00e3o entre todos \u00e9 um diferencial no estudo a dist\u00e2ncia. Utilize sempre os canais que dispomos para estabelecer esse contato:<\/p>\n<p>Link para participar do grupo do WhatsApp de cada turma:<\/p>\n<p>UAB 9:\u00a0<span style=\"color: #0000ff;\"><a style=\"color: #0000ff;\" href=\"https:\/\/chat.whatsapp.com\/H1t9w0h5hGiKSgbmSRe6Pa\">https:\/\/chat.whatsapp.com\/H1t9w0h5hGiKSgbmSRe6Pa<\/a><\/span><\/p>\n<p>UAB 8:<span style=\"color: #0000ff;\">\u00a0<a style=\"color: #0000ff;\" href=\"https:\/\/chat.whatsapp.com\/IUfBxyvcu6JGymcbjbRL6Z\">https:\/\/chat.whatsapp.com\/IUfBxyvcu6JGymcbjbRL6Z<\/a><\/span><\/p>\n<p>UAB 7:\u00a0<span style=\"color: #0000ff;\"><a style=\"color: #0000ff;\" href=\"https:\/\/chat.whatsapp.com\/JeyGfOcM3weL8fiLQX0eXo\">https:\/\/chat.whatsapp.com\/JeyGfOcM3weL8fiLQX0eXo<\/a><\/span><\/p>\n<p>&nbsp;<\/p>\n<table style=\"border-collapse: collapse; width: 100%;\" border=\"1\">\n<tbody>\n<tr>\n<td style=\"width: 100%;\"><strong>Professores <\/strong>(Utilize o e-Aula para enviar mensagem aos professores ou acessar seu endere\u00e7o de e-mail)<\/td>\n<\/tr>\n<tr>\n<td style=\"width: 100%;\">\n<p><a href=\"http:\/\/lattes.cnpq.br\/3704006449718179\" target=\"_blank\" rel=\"noopener noreferrer\">Ant\u00f4nio Maur\u00edcio Medeiros Alves<\/a><\/p>\n<p><a href=\"http:\/\/lattes.cnpq.br\/8589016214620796\" target=\"_blank\" rel=\"noopener\">Carla Denize Ott Felcher<\/a><\/p>\n<p><a href=\"http:\/\/lattes.cnpq.br\/2807908317459445\" target=\"_blank\" rel=\"noopener\">Daniel Keglis de Souza<\/a><\/p>\n<p><a href=\"http:\/\/lattes.cnpq.br\/3773378900956841\" target=\"_blank\" rel=\"noopener noreferrer\">Fabiane Valente Harter<\/a><\/p>\n<p>Felipe Fehlberg Herrmann<\/p>\n<p>Fernando Cezar Ripe da Cruz<\/p>\n<p><a href=\"http:\/\/lattes.cnpq.br\/6089777347078052\" target=\"_blank\" rel=\"noopener noreferrer\">Jo\u00e3o Carlos Roedel Hirdes<\/a><\/p>\n<p><a href=\"http:\/\/lattes.cnpq.br\/6439874921445529\">Luiz Carlos Lemos Junior<\/a><\/p>\n<p><a href=\"http:\/\/lattes.cnpq.br\/6152406461446632\">Maria Simone Martins Hornes Batista<\/a><\/p>\n<p><a href=\"http:\/\/lattes.cnpq.br\/1846451363055519\">Rejane Concei\u00e7\u00e3o Silveira da Silva<\/a><\/p>\n<p><a href=\"http:\/\/lattes.cnpq.br\/5955826856873676\">Rog\u00e9rio Sacramento Burkert<\/a><\/p>\n<p><a href=\"http:\/\/lattes.cnpq.br\/4433578915491616\" target=\"_blank\" rel=\"noopener noreferrer\">Rozane da Silveira Alves<\/a><\/p>\n<p><a href=\"http:\/\/lattes.cnpq.br\/4013442664832849\" target=\"_blank\" rel=\"noopener\">Silvia Prietsch Wendt<\/a><\/p>\n<p><a href=\"http:\/\/lattes.cnpq.br\/5437896504110766\">Tha\u00eds Philipsen Gr\u00fctzmann<\/a><\/td>\n<\/tr>\n<tr>\n<td style=\"width: 100%;\"><strong>Secretaria<\/strong><\/td>\n<\/tr>\n<tr>\n<td style=\"width: 100%;\">\n<p>Rog\u00e9rio Sacramento Burkert<\/p>\n<p><strong>E-mail:<\/strong>\u00a0<a href=\"mailto:secretaria.clmd@gmail.com\">secretaria.clmd@gmail.com<\/a><\/p>\n<p><strong>WhatsApp<\/strong>: (51)\u00a0 99231-0799<\/td>\n<\/tr>\n<tr>\n<td style=\"width: 100%;\"><strong>Coordena\u00e7\u00e3o do Curso<\/strong><\/td>\n<\/tr>\n<tr>\n<td style=\"width: 100%;\">\n<p>Profa. Luciana Chimendes\u00a0\u00a0\u00a0<em>(<a href=\"https:\/\/lattes.cnpq.br\/1862027374795942\" target=\"_blank\" rel=\"noopener\">Curr\u00edculo Lattes<\/a>)<\/em><\/p>\n<p><strong>E-mail:<\/strong>\u00a0<span style=\"color: #0000ff;\"><a style=\"color: #0000ff;\" href=\"mailto:clmd@ufpel.edu.br\">clmd@ufpel.edu.br<\/a><\/span>\u00a0 \u00a0ou\u00a0 \u00a0<span style=\"color: #0000ff;\"><a style=\"color: #0000ff;\" href=\"mailto:coordenacao.clmd@gmail.com\">coordenacao.clmd@gmail.com<\/a><\/span><\/td>\n<\/tr>\n<\/tbody>\n<\/table>\n<p>&nbsp;<\/p>\n","protected":false},"excerpt":{"rendered":"<p>A comunica\u00e7\u00e3o entre todos \u00e9 um diferencial no estudo a dist\u00e2ncia. Utilize sempre os canais que dispomos para estabelecer esse contato: Link para participar do grupo do WhatsApp de cada turma: UAB 9:\u00a0https:\/\/chat.whatsapp.com\/H1t9w0h5hGiKSgbmSRe6Pa UAB 8:\u00a0https:\/\/chat.whatsapp.com\/IUfBxyvcu6JGymcbjbRL6Z UAB 7:\u00a0https:\/\/chat.whatsapp.com\/JeyGfOcM3weL8fiLQX0eXo &nbsp; Professores (Utilize o e-Aula para enviar mensagem aos professores ou acessar seu endere\u00e7o de e-mail) Ant\u00f4nio Maur\u00edcio [&hellip;]<\/p>\n","protected":false},"author":710,"featured_media":0,"parent":1149,"menu_order":0,"comment_status":"closed","ping_status":"closed","template":"","meta":{"footnotes":""},"class_list":["post-1832","page","type-page","status-publish","hentry"],"_links":{"self":[{"href":"https:\/\/wp.ufpel.edu.br\/clmd\/wp-json\/wp\/v2\/pages\/1832","targetHints":{"allow":["GET"]}}],"collection":[{"href":"https:\/\/wp.ufpel.edu.br\/clmd\/wp-json\/wp\/v2\/pages"}],"about":[{"href":"https:\/\/wp.ufpel.edu.br\/clmd\/wp-json\/wp\/v2\/types\/page"}],"author":[{"embeddable":true,"href":"https:\/\/wp.ufpel.edu.br\/clmd\/wp-json\/wp\/v2\/users\/710"}],"replies":[{"embeddable":true,"href":"https:\/\/wp.ufpel.edu.br\/clmd\/wp-json\/wp\/v2\/comments?post=1832"}],"version-history":[{"count":4,"href":"https:\/\/wp.ufpel.edu.br\/clmd\/wp-json\/wp\/v2\/pages\/1832\/revisions"}],"predecessor-version":[{"id":1846,"href":"https:\/\/wp.ufpel.edu.br\/clmd\/wp-json\/wp\/v2\/pages\/1832\/revisions\/1846"}],"up":[{"embeddable":true,"href":"https:\/\/wp.ufpel.edu.br\/clmd\/wp-json\/wp\/v2\/pages\/1149"}],"wp:attachment":[{"href":"https:\/\/wp.ufpel.edu.br\/clmd\/wp-json\/wp\/v2\/media?parent=1832"}],"curies":[{"name":"wp","href":"https:\/\/api.w.org\/{rel}","templated":true}]}}