{"id":1350,"date":"2023-09-14T23:14:28","date_gmt":"2023-09-15T02:14:28","guid":{"rendered":"https:\/\/wp.ufpel.edu.br\/clmd\/?page_id=1350"},"modified":"2023-09-14T23:18:07","modified_gmt":"2023-09-15T02:18:07","slug":"orientacoes-sobre-o-ambiente-e-aula","status":"publish","type":"page","link":"https:\/\/wp.ufpel.edu.br\/clmd\/espaco-equipe-clmd\/orientacoes-sobre-o-ambiente-e-aula\/","title":{"rendered":"Orienta\u00e7\u00f5es sobre o ambiente e-Aula"},"content":{"rendered":"<p><a href=\"https:\/\/wp.ufpel.edu.br\/clmd\/files\/2023\/09\/cabecalho_paginas_restrita-1.png\"><img class=\"aligncenter size-full wp-image-1281\" src=\"https:\/\/wp.ufpel.edu.br\/clmd\/files\/2023\/09\/cabecalho_paginas_restrita-1.png\" alt=\"\" width=\"1314\" height=\"181\" srcset=\"https:\/\/wp.ufpel.edu.br\/clmd\/files\/2023\/09\/cabecalho_paginas_restrita-1.png 1314w, https:\/\/wp.ufpel.edu.br\/clmd\/files\/2023\/09\/cabecalho_paginas_restrita-1-400x55.png 400w, https:\/\/wp.ufpel.edu.br\/clmd\/files\/2023\/09\/cabecalho_paginas_restrita-1-1024x141.png 1024w, https:\/\/wp.ufpel.edu.br\/clmd\/files\/2023\/09\/cabecalho_paginas_restrita-1-768x106.png 768w\" sizes=\"(max-width: 1314px) 100vw, 1314px\" \/><\/a><\/p>\n<p><strong>Em rela\u00e7\u00e3o ao ambiente no no E-aula, as disciplinas que ser\u00e3o migradas de um semestre a outro, servem de aux\u00edlio para o professor(a), contudo devem atentar com o copia e cola para n\u00e3o ficar as datas antigas, principamente nos recados e arquivos! <\/strong>Atentar para prazos e nomes quando da migra\u00e7\u00e3o, escondendo dos alunos, t\u00f3picos antigos e adaptando \u00e0 sua din\u00e2mica de trabalho. Migrar \u00e9 um apoio ao nosso trabalho, mas precisamos tomar cuidado com os arquivos preparados pelos colegas, <strong>atentar aos detalhes de cabe\u00e7alhos e datas e nomes.<\/strong><\/p>\n","protected":false},"excerpt":{"rendered":"<p>Em rela\u00e7\u00e3o ao ambiente no no E-aula, as disciplinas que ser\u00e3o migradas de um semestre a outro, servem de aux\u00edlio para o professor(a), contudo devem atentar com o copia e cola para n\u00e3o ficar as datas antigas, principamente nos recados e arquivos! Atentar para prazos e nomes quando da migra\u00e7\u00e3o, escondendo dos alunos, t\u00f3picos antigos [&hellip;]<\/p>\n","protected":false},"author":710,"featured_media":0,"parent":1268,"menu_order":0,"comment_status":"closed","ping_status":"closed","template":"","meta":{"footnotes":""},"class_list":["post-1350","page","type-page","status-publish","hentry"],"_links":{"self":[{"href":"https:\/\/wp.ufpel.edu.br\/clmd\/wp-json\/wp\/v2\/pages\/1350","targetHints":{"allow":["GET"]}}],"collection":[{"href":"https:\/\/wp.ufpel.edu.br\/clmd\/wp-json\/wp\/v2\/pages"}],"about":[{"href":"https:\/\/wp.ufpel.edu.br\/clmd\/wp-json\/wp\/v2\/types\/page"}],"author":[{"embeddable":true,"href":"https:\/\/wp.ufpel.edu.br\/clmd\/wp-json\/wp\/v2\/users\/710"}],"replies":[{"embeddable":true,"href":"https:\/\/wp.ufpel.edu.br\/clmd\/wp-json\/wp\/v2\/comments?post=1350"}],"version-history":[{"count":1,"href":"https:\/\/wp.ufpel.edu.br\/clmd\/wp-json\/wp\/v2\/pages\/1350\/revisions"}],"predecessor-version":[{"id":1352,"href":"https:\/\/wp.ufpel.edu.br\/clmd\/wp-json\/wp\/v2\/pages\/1350\/revisions\/1352"}],"up":[{"embeddable":true,"href":"https:\/\/wp.ufpel.edu.br\/clmd\/wp-json\/wp\/v2\/pages\/1268"}],"wp:attachment":[{"href":"https:\/\/wp.ufpel.edu.br\/clmd\/wp-json\/wp\/v2\/media?parent=1350"}],"curies":[{"name":"wp","href":"https:\/\/api.w.org\/{rel}","templated":true}]}}