{"id":1341,"date":"2023-09-14T22:33:51","date_gmt":"2023-09-15T01:33:51","guid":{"rendered":"https:\/\/wp.ufpel.edu.br\/clmd\/?page_id=1341"},"modified":"2023-09-14T22:33:51","modified_gmt":"2023-09-15T01:33:51","slug":"atribuicoes-da-equipe-de-orientacao-do-tcc","status":"publish","type":"page","link":"https:\/\/wp.ufpel.edu.br\/clmd\/espaco-equipe-clmd\/atribuicoes-da-equipe-de-orientacao-do-tcc\/","title":{"rendered":"Atribui\u00e7\u00f5es da equipe de orienta\u00e7\u00e3o do TCC"},"content":{"rendered":"<p><a href=\"https:\/\/wp.ufpel.edu.br\/clmd\/files\/2023\/09\/cabecalho_paginas_restrita-1.png\"><img class=\"aligncenter size-full wp-image-1281\" src=\"https:\/\/wp.ufpel.edu.br\/clmd\/files\/2023\/09\/cabecalho_paginas_restrita-1.png\" alt=\"\" width=\"1314\" height=\"181\" srcset=\"https:\/\/wp.ufpel.edu.br\/clmd\/files\/2023\/09\/cabecalho_paginas_restrita-1.png 1314w, https:\/\/wp.ufpel.edu.br\/clmd\/files\/2023\/09\/cabecalho_paginas_restrita-1-400x55.png 400w, https:\/\/wp.ufpel.edu.br\/clmd\/files\/2023\/09\/cabecalho_paginas_restrita-1-1024x141.png 1024w, https:\/\/wp.ufpel.edu.br\/clmd\/files\/2023\/09\/cabecalho_paginas_restrita-1-768x106.png 768w\" sizes=\"(max-width: 1314px) 100vw, 1314px\" \/><\/a><\/p>\n<p>&nbsp;<\/p>\n<p><strong><u>PROFESSOR DE TRABALHO DE CONCLUS\u00c3O DE CURSO \u2013 PROFESSOR FORMADOR (PF- TCC)<\/u><\/strong><\/p>\n<p><strong>\u00a0<\/strong>O Professor de Trabalho de Conclus\u00e3o de Curso, \u00e9 um Professor Formador (PF &#8211; TCC), designado para atuar na componente curricular e possui as mesmas atribui\u00e7\u00f5es do <span style=\"color: #0000ff;\"><a style=\"color: #0000ff;\" href=\"https:\/\/wp.ufpel.edu.br\/clmd\/espaco-equipe-clmd\/atribuicoes-dos-professores-formadores\/\" target=\"_blank\" rel=\"noopener\">Professor Formador<\/a><\/span>.<\/p>\n<p>As atribui\u00e7\u00f5es adicionais do Professor de Trabalho de Conclus\u00e3o de Curso conforme entendimento do Colegiado do CLMD:<strong><em>\u00a0<\/em><\/strong><\/p>\n<ul>\n<li style=\"text-align: justify;\">Elaborar o Plano de Ensino da componente curricular, a ser inclu\u00eddo no Cobalto, no in\u00edcio do semestre e disponibilizar ao aluno, onde dever\u00e3o constar os instrumentos de avalia\u00e7\u00e3o, as atividades previstas, bem como todas as informa\u00e7\u00f5es necess\u00e1rias sobre o desenvolvimento da componente curricular, conforme a previs\u00e3o para o semestre;<\/li>\n<li style=\"text-align: justify;\">Gravar em v\u00eddeo aulas te\u00f3ricas com os conte\u00fados a serem trabalhados durante o semestre;<\/li>\n<li style=\"text-align: justify;\">Realizar as web confer\u00eancias previstas para o semestre referentes a sua componente curricular;<\/li>\n<li>Realizar reuni\u00f5es semanais (ou quinzenais) com os orientadores sob a sua responsabilidade;<\/li>\n<li>Adequar e disponibilizar, para o coordenador de curso, o material did\u00e1tico nas diversas m\u00eddias;<\/li>\n<li>Participar e\/ou atuar nas atividades de capacita\u00e7\u00e3o desenvolvidas na Institui\u00e7\u00e3o de Ensino;<\/li>\n<li>Participar de grupo de trabalho para a produ\u00e7\u00e3o de materiais did\u00e1ticos para a modalidade a dist\u00e2ncia;<\/li>\n<li style=\"text-align: justify;\">Viajar aos polos a fim de ministrar aulas presenciais e avaliar bancas dos trabalhos de conclus\u00e3o do curso (TCC).<\/li>\n<li style=\"text-align: justify;\">Organizar, operacionalizar e avaliar as diversas atividades de desenvolvimento do TCC, que se constituem na apresenta\u00e7\u00e3o do projeto de pesquisa, apresenta\u00e7\u00e3o parcial, quando houver, e defesa final;<\/li>\n<li>Efetuar a divulga\u00e7\u00e3o da banca de defesa de TCC e o lan\u00e7amento das notas no Cobalto;<\/li>\n<li>Promover reuni\u00f5es de acompanhamento com os discentes que est\u00e3o desenvolvendo os TCCs;<\/li>\n<li>Constituir, organizar e participar das bancas de avalia\u00e7\u00e3o das monografias;<\/li>\n<li style=\"text-align: justify;\">Acompanhar, junto ao professor orientador, frequ\u00eancia e o desenvolvimento das pesquisas dos discentes;<\/li>\n<li>Elaborar as atas de defesa;<\/li>\n<li>Protocolar uma c\u00f3pia eletr\u00f4nica da monografia, em PDF, na secretaria do Curso.<\/li>\n<\/ul>\n<p>&nbsp;<\/p>\n<p><strong><u>ORIENTADOR DE TRABALHO DE CONCLUS\u00c3O DE CURSO \u2013 PROFESSOR FORMADOR (PF- TCC)<\/u><\/strong><\/p>\n<p><strong>\u00a0<\/strong>O Orientador de Trabalho de Conclus\u00e3o de Curso, \u00e9 um Professor Formador(PF &#8211; TCC), designado para atuar na componente curricular e possui as mesmas atribui\u00e7\u00f5es do <span style=\"color: #0000ff;\"><a style=\"color: #0000ff;\" href=\"https:\/\/wp.ufpel.edu.br\/clmd\/espaco-equipe-clmd\/atribuicoes-dos-professores-formadores\/\" target=\"_blank\" rel=\"noopener\">Professor Formador<\/a><\/span>.<\/p>\n<p>As atribui\u00e7\u00f5es adicionais do Orientador de Trabalho de Conclus\u00e3o de Curso, conforme entendimento do Colegiado do CLMD:<\/p>\n<ul>\n<li>Orientar, acompanhar e avaliar o desenvolvimento do TCC, a partir de encontros presenciais peri\u00f3dicos;<\/li>\n<li>Na componente curricular TCC I, estabelecer um projeto, em conjunto com seu orientando;<\/li>\n<li style=\"text-align: justify;\">Registrar a presen\u00e7a de cada orientando aos encontros programados e encaminhar para o professor respons\u00e1vel pela componente curricular de TCC I ou TCC II;<\/li>\n<li style=\"text-align: justify;\">Comunicar ao professor da componente curricular a ocorr\u00eancia de problemas relativos ao processo de orienta\u00e7\u00e3o, para que sejam tomadas as devidas provid\u00eancias;<\/li>\n<li>Presidir as bancas de defesa de seus orientandos;<\/li>\n<li>\u00c9 de responsabilidade do orientador, verificar a integridade da autoria do TCC apresentado pelo orientando.<\/li>\n<\/ul>\n","protected":false},"excerpt":{"rendered":"<p>&nbsp; PROFESSOR DE TRABALHO DE CONCLUS\u00c3O DE CURSO \u2013 PROFESSOR FORMADOR (PF- TCC) \u00a0O Professor de Trabalho de Conclus\u00e3o de Curso, \u00e9 um Professor Formador (PF &#8211; TCC), designado para atuar na componente curricular e possui as mesmas atribui\u00e7\u00f5es do Professor Formador. As atribui\u00e7\u00f5es adicionais do Professor de Trabalho de Conclus\u00e3o de Curso conforme entendimento [&hellip;]<\/p>\n","protected":false},"author":710,"featured_media":0,"parent":1268,"menu_order":0,"comment_status":"closed","ping_status":"closed","template":"","meta":{"footnotes":""},"class_list":["post-1341","page","type-page","status-publish","hentry"],"_links":{"self":[{"href":"https:\/\/wp.ufpel.edu.br\/clmd\/wp-json\/wp\/v2\/pages\/1341","targetHints":{"allow":["GET"]}}],"collection":[{"href":"https:\/\/wp.ufpel.edu.br\/clmd\/wp-json\/wp\/v2\/pages"}],"about":[{"href":"https:\/\/wp.ufpel.edu.br\/clmd\/wp-json\/wp\/v2\/types\/page"}],"author":[{"embeddable":true,"href":"https:\/\/wp.ufpel.edu.br\/clmd\/wp-json\/wp\/v2\/users\/710"}],"replies":[{"embeddable":true,"href":"https:\/\/wp.ufpel.edu.br\/clmd\/wp-json\/wp\/v2\/comments?post=1341"}],"version-history":[{"count":1,"href":"https:\/\/wp.ufpel.edu.br\/clmd\/wp-json\/wp\/v2\/pages\/1341\/revisions"}],"predecessor-version":[{"id":1343,"href":"https:\/\/wp.ufpel.edu.br\/clmd\/wp-json\/wp\/v2\/pages\/1341\/revisions\/1343"}],"up":[{"embeddable":true,"href":"https:\/\/wp.ufpel.edu.br\/clmd\/wp-json\/wp\/v2\/pages\/1268"}],"wp:attachment":[{"href":"https:\/\/wp.ufpel.edu.br\/clmd\/wp-json\/wp\/v2\/media?parent=1341"}],"curies":[{"name":"wp","href":"https:\/\/api.w.org\/{rel}","templated":true}]}}