{"id":1203,"date":"2023-08-23T09:46:56","date_gmt":"2023-08-23T12:46:56","guid":{"rendered":"https:\/\/wp.ufpel.edu.br\/clmd\/?page_id=1203"},"modified":"2026-01-16T21:12:14","modified_gmt":"2026-01-17T00:12:14","slug":"estudos-integradores","status":"publish","type":"page","link":"https:\/\/wp.ufpel.edu.br\/clmd\/informacoes-academicas\/estudos-integradores\/","title":{"rendered":"Estudos Integradores"},"content":{"rendered":"<p>Estudos Integradores s\u00e3o atividades de ensino, pesquisa e extens\u00e3o que o discente participou fora das componentes curriculares do curso e que s\u00e3o pertinentes para o aprofundamento da sua forma\u00e7\u00e3o acad\u00eamica.<\/p>\n<p>Para orientar o estudante na organiza\u00e7\u00e3o dessas atividades, disponibilizamos a seguir o Regulamento com todas as orienta\u00e7\u00f5es sobre os tipos de atividades a serem consideradas e um quadro com o resumo contido nesse regulamento.<\/p>\n<p>Para registrar uma Atividade Complementar que faz parte dos seus Estudos Integradores, acesse o COBALTO e siga os procedimentos descritos no tutorial apresentado a seguir.<\/p>\n<p>&nbsp;<\/p>\n<table style=\"height: 78px; width: 78.1819%; border-collapse: collapse; border-style: none; border-color: #ffffff; background-color: #f0f0f0;\" border=\"1\">\n<tbody>\n<tr style=\"height: 33px;\">\n<td style=\"width: 100%; height: 43px; border-style: none; text-align: center;\">\u00a0 \u00a0<a href=\"https:\/\/wp.ufpel.edu.br\/clmd\/files\/2025\/01\/REGULAMENTO-ESTUDOS-INTEGRADORES-2025.pdf\">REGULAMENTO DOS ESTUDOS INTEGRADORES<\/a><\/td>\n<\/tr>\n<tr>\n<td style=\"width: 100%; border-style: none; border-color: #ffffff; background-color: #ffffff; text-align: center;\"><\/td>\n<\/tr>\n<\/tbody>\n<\/table>\n<table style=\"height: 77px; width: 78.5453%; border-collapse: collapse; border-color: #ffffff; background-color: #f0f0f0;\" border=\"1\">\n<tbody>\n<tr style=\"height: 43px;\">\n<td style=\"width: 100%; border-style: none; text-align: center;\">\u00a0 \u00a0 \u00a0\u00a0<a href=\"https:\/\/wp.ufpel.edu.br\/clmd\/files\/2026\/01\/QUADRO-ESTUDOS-INTEGRADORES-2026.pdf\" target=\"_blank\" rel=\"noopener\">QUADROS DAS ATIVIDADES E HORAS DOS ESTUDOS INTEGRADORES<\/a><\/td>\n<\/tr>\n<tr>\n<td style=\"width: 100%; border-style: none; border-color: #ffffff; background-color: #ffffff;\"><\/td>\n<\/tr>\n<\/tbody>\n<\/table>\n<table style=\"height: 97px; width: 78.909%; border-collapse: collapse; border-color: #ffffff; background-color: #f0f0f0;\" border=\"1\">\n<tbody>\n<tr style=\"height: 43px;\">\n<td style=\"width: 100%; border-style: none; text-align: center;\"><a href=\"https:\/\/wp.ufpel.edu.br\/clmd\/files\/2026\/01\/Estudos-Integradores_atual.pdf\" target=\"_blank\" rel=\"noopener\">TUTORIAL: COMO CADASTRAR NO COBALTO<\/a><\/td>\n<\/tr>\n<tr>\n<td style=\"width: 100%; text-align: justify; border-style: none; border-color: #ffffff; background-color: #ffffff;\"><\/td>\n<\/tr>\n<\/tbody>\n<\/table>\n<p>&nbsp;<\/p>\n","protected":false},"excerpt":{"rendered":"<p>Estudos Integradores s\u00e3o atividades de ensino, pesquisa e extens\u00e3o que o discente participou fora das componentes curriculares do curso e que s\u00e3o pertinentes para o aprofundamento da sua forma\u00e7\u00e3o acad\u00eamica. Para orientar o estudante na organiza\u00e7\u00e3o dessas atividades, disponibilizamos a seguir o Regulamento com todas as orienta\u00e7\u00f5es sobre os tipos de atividades a serem consideradas [&hellip;]<\/p>\n","protected":false},"author":710,"featured_media":0,"parent":1160,"menu_order":0,"comment_status":"closed","ping_status":"closed","template":"","meta":{"footnotes":""},"class_list":["post-1203","page","type-page","status-publish","hentry"],"_links":{"self":[{"href":"https:\/\/wp.ufpel.edu.br\/clmd\/wp-json\/wp\/v2\/pages\/1203","targetHints":{"allow":["GET"]}}],"collection":[{"href":"https:\/\/wp.ufpel.edu.br\/clmd\/wp-json\/wp\/v2\/pages"}],"about":[{"href":"https:\/\/wp.ufpel.edu.br\/clmd\/wp-json\/wp\/v2\/types\/page"}],"author":[{"embeddable":true,"href":"https:\/\/wp.ufpel.edu.br\/clmd\/wp-json\/wp\/v2\/users\/710"}],"replies":[{"embeddable":true,"href":"https:\/\/wp.ufpel.edu.br\/clmd\/wp-json\/wp\/v2\/comments?post=1203"}],"version-history":[{"count":4,"href":"https:\/\/wp.ufpel.edu.br\/clmd\/wp-json\/wp\/v2\/pages\/1203\/revisions"}],"predecessor-version":[{"id":3527,"href":"https:\/\/wp.ufpel.edu.br\/clmd\/wp-json\/wp\/v2\/pages\/1203\/revisions\/3527"}],"up":[{"embeddable":true,"href":"https:\/\/wp.ufpel.edu.br\/clmd\/wp-json\/wp\/v2\/pages\/1160"}],"wp:attachment":[{"href":"https:\/\/wp.ufpel.edu.br\/clmd\/wp-json\/wp\/v2\/media?parent=1203"}],"curies":[{"name":"wp","href":"https:\/\/api.w.org\/{rel}","templated":true}]}}