{"id":71,"date":"2023-01-08T00:54:55","date_gmt":"2023-01-08T03:54:55","guid":{"rendered":"https:\/\/wp.ufpel.edu.br\/cliohd\/?page_id=71"},"modified":"2023-04-25T10:51:27","modified_gmt":"2023-04-25T13:51:27","slug":"historia-digital-e-ensino-de-historia","status":"publish","type":"page","link":"https:\/\/wp.ufpel.edu.br\/cliohd\/historia-digital-e-ensino-de-historia\/","title":{"rendered":"Hist\u00f3ria Digital e Ensino de Hist\u00f3ria"},"content":{"rendered":"<p style=\"text-align: justify;\"><span style=\"font-family: arial, helvetica, sans-serif;\">Nesta se\u00e7\u00e3o voc\u00ea encontrar\u00e1 sugest\u00f5es de livros, dossi\u00eas e artigos relacionados \u00e0 Hist\u00f3ria Digital, \u00e0s tecnologias digitais e ao ensino de Hist\u00f3ria. Tamb\u00e9m encontrar\u00e1 uma diversidade de objetos digitais para o ensino e a pesquisa em Hist\u00f3ria.<\/span><\/p>\n<p style=\"text-align: justify;\"><span style=\"font-family: arial, helvetica, sans-serif;\">Navegue \u00e0 vontade!<\/span><\/p>\n<p style=\"text-align: justify;\">\n","protected":false},"excerpt":{"rendered":"<p>Nesta se\u00e7\u00e3o voc\u00ea encontrar\u00e1 sugest\u00f5es de livros, dossi\u00eas e artigos relacionados \u00e0 Hist\u00f3ria Digital, \u00e0s tecnologias digitais e ao ensino de Hist\u00f3ria. Tamb\u00e9m encontrar\u00e1 uma diversidade de objetos digitais para o ensino e a pesquisa em Hist\u00f3ria. Navegue \u00e0 vontade!<\/p>\n","protected":false},"author":1274,"featured_media":0,"parent":0,"menu_order":4,"comment_status":"closed","ping_status":"closed","template":"","meta":{"advanced_seo_description":"","jetpack_seo_html_title":"","jetpack_seo_noindex":false,"jetpack_post_was_ever_published":false,"footnotes":""},"class_list":["post-71","page","type-page","status-publish","hentry","nodate","item-wrap"],"jetpack-related-posts":[{"id":680,"url":"https:\/\/wp.ufpel.edu.br\/cliohd\/artigos-clio-hd\/objetos-digitais-de-aprendizagem-websites-enquanto-oda\/","url_meta":{"origin":71,"position":0},"title":"Objetos Digitais de Aprendizagem: websites enquanto ODA","author":"cliohd","date":"08\/08\/2024","format":false,"excerpt":"\u00a0 Thalis Figueiredo Sart\u00f3rio (Mestrando em Hist\u00f3ria\/UFPEL) \u00a0 Os encontros da Hist\u00f3ria com o Digital e a Internet permeiam uma hist\u00f3ria do historiador com a m\u00e1quina e nessa hist\u00f3ria, momentos distintos se perpassam, como o de preserva\u00e7\u00e3o de fontes hist\u00f3ricas, por meio da digitaliza\u00e7\u00e3o ou coleta de dados no espa\u00e7o\u2026","rel":"","context":"Post similar","block_context":{"text":"Post similar","link":""},"img":{"alt_text":"","src":"https:\/\/i0.wp.com\/wp.ufpel.edu.br\/cliohd\/files\/2024\/08\/Oxygen480-apps-preferences-desktop-screensaver.svg_-200x200.png?resize=350%2C200&ssl=1","width":350,"height":200},"classes":[]},{"id":17,"url":"https:\/\/wp.ufpel.edu.br\/cliohd\/sobre-cliohd\/","url_meta":{"origin":71,"position":1},"title":"Sobre o Portal CLIO HD","author":"cliohd","date":"07\/01\/2023","format":false,"excerpt":"O que \u00e9 o Portal Clio HD? O projeto nasceu durante o ano de 2022, a partir de discuss\u00f5es gestadas no \u00e2mbito do grupo de pesquisa\u00a0 \"HEDUCA: Hist\u00f3ria e Educa\u00e7\u00e3o - textos, escritas e leituras\" (CNPQ) e do \"Laborat\u00f3rio de Ensino de Hist\u00f3ria (LEH), situados no departamento de Hist\u00f3ria da\u2026","rel":"","context":"Post similar","block_context":{"text":"Post similar","link":""},"img":{"alt_text":"","src":"","width":0,"height":0},"classes":[]},{"id":510,"url":"https:\/\/wp.ufpel.edu.br\/cliohd\/publicacoes-da-equipe\/","url_meta":{"origin":71,"position":2},"title":"Publica\u00e7\u00f5es da equipe","author":"cliohd","date":"22\/11\/2023","format":false,"excerpt":"Artigos e entrevistas BONETE, Wilian Junior; DALSASSO, Thayna L. Uhde. \u201cG\u00eanero\u201d e \u201cIdeologia de G\u00eanero\u201d na internet: uma an\u00e1lise inicial a partir de publica\u00e7\u00f5es na imprensa online brasileira (2019 -2022). 29 de Abril, v. 5, n.8, p. 92-114, jun.2025 (Clique aqui para acessar) BONETE, Wilian Junior; BAGESTEIRO, Maria Portilho. Portal\u2026","rel":"","context":"Post similar","block_context":{"text":"Post similar","link":""},"img":{"alt_text":"","src":"","width":0,"height":0},"classes":[]},{"id":158,"url":"https:\/\/wp.ufpel.edu.br\/cliohd\/historia-digital-e-ensino-de-historia\/indicacao-de-artigos\/","url_meta":{"origin":71,"position":3},"title":"Indica\u00e7\u00e3o de artigos\/dossi\u00eas","author":"cliohd","date":"21\/01\/2023","format":false,"excerpt":"Esta se\u00e7\u00e3o cont\u00e9m artigos e dossi\u00eas publicados em peri\u00f3dicos ou anais de eventos, relacionados ao campo da Hist\u00f3ria Digital, tecnologias digitais e o Ensino de Hist\u00f3ria. Artigos: VALLE VASCO PEREIRA, A. R. A .Autenticidade Do Inaut\u00eantico: Arquivos Digitais No Estudo Do Tempo Presente. Converg\u00eancias: estudos em Humanidades Digitais,\u00a0[S. l.], v.\u2026","rel":"","context":"Post similar","block_context":{"text":"Post similar","link":""},"img":{"alt_text":"","src":"https:\/\/i0.wp.com\/wp.ufpel.edu.br\/cliohd\/files\/2023\/09\/c93286e2837dfd1c91ef15292bd2b0ab-400x51.jpg?resize=350%2C200&ssl=1","width":350,"height":200,"srcset":"https:\/\/i0.wp.com\/wp.ufpel.edu.br\/cliohd\/files\/2023\/09\/c93286e2837dfd1c91ef15292bd2b0ab-400x51.jpg?resize=350%2C200&ssl=1 1x, https:\/\/i0.wp.com\/wp.ufpel.edu.br\/cliohd\/files\/2023\/09\/c93286e2837dfd1c91ef15292bd2b0ab-400x51.jpg?resize=525%2C300&ssl=1 1.5x, https:\/\/i0.wp.com\/wp.ufpel.edu.br\/cliohd\/files\/2023\/09\/c93286e2837dfd1c91ef15292bd2b0ab-400x51.jpg?resize=700%2C400&ssl=1 2x"},"classes":[]},{"id":155,"url":"https:\/\/wp.ufpel.edu.br\/cliohd\/historia-digital-e-ensino-de-historia\/indicacao-de-livros\/","url_meta":{"origin":71,"position":4},"title":"Indica\u00e7\u00e3o de livros","author":"cliohd","date":"21\/01\/2023","format":false,"excerpt":"Confira algumas sugest\u00f5es de livros sobre Hist\u00f3ria Digital, Humanidades Digitais e Ensino de Hist\u00f3ria.\u00a0 Esta se\u00e7\u00e3o est\u00e1 em constante atualiza\u00e7\u00e3o. Livros de acesso aberto: \u00a0 O livro apresenta uma reflex\u00e3o ampla sobre as Humanidades Digitais e o uso das Tecnologias Digitais de Informa\u00e7\u00e3o e Comunica\u00e7\u00e3o (TDICs) na pesquisa e no\u2026","rel":"","context":"Post similar","block_context":{"text":"Post similar","link":""},"img":{"alt_text":"","src":"https:\/\/i0.wp.com\/wp.ufpel.edu.br\/cliohd\/files\/2025\/11\/ENSAIOS-SOBRE-USOS-E-APROPRIACOES-DA-CULTURA-DIGITAL-NA-PESQUISA-E-ENSINO-DE-HISTORIA-VOLUME-2-paginas-283x400.jpg?resize=350%2C200&ssl=1","width":350,"height":200},"classes":[]},{"id":566,"url":"https:\/\/wp.ufpel.edu.br\/cliohd\/artigos-clio-hd\/","url_meta":{"origin":71,"position":5},"title":"Artigos Clio HD","author":"cliohd","date":"25\/02\/2024","format":false,"excerpt":"Nesta se\u00e7\u00e3o, voc\u00ea encontra artigos, textos e resenhas originais publicados pelos colaboradores do Portal Clio HD ou por convidados(as). S\u00e3o materiais escritos em linguagem objetiva, did\u00e1tica, por\u00e9m com rigor acad\u00eamico. Os temas est\u00e3o relacionados \u00e0 Hist\u00f3ria Digital, \u00e0s humanidades digitais, \u00e0s tecnologias digitais e \u00e0s suas rela\u00e7\u00f5es com o ensino\u2026","rel":"","context":"Post similar","block_context":{"text":"Post similar","link":""},"img":{"alt_text":"","src":"https:\/\/i0.wp.com\/wp.ufpel.edu.br\/cliohd\/files\/2024\/02\/Conheca-nosso-acervo-de-fontes-digitais-5-400x400.png?resize=350%2C200&ssl=1","width":350,"height":200},"classes":[]}],"jetpack_sharing_enabled":true,"_links":{"self":[{"href":"https:\/\/wp.ufpel.edu.br\/cliohd\/wp-json\/wp\/v2\/pages\/71","targetHints":{"allow":["GET"]}}],"collection":[{"href":"https:\/\/wp.ufpel.edu.br\/cliohd\/wp-json\/wp\/v2\/pages"}],"about":[{"href":"https:\/\/wp.ufpel.edu.br\/cliohd\/wp-json\/wp\/v2\/types\/page"}],"author":[{"embeddable":true,"href":"https:\/\/wp.ufpel.edu.br\/cliohd\/wp-json\/wp\/v2\/users\/1274"}],"replies":[{"embeddable":true,"href":"https:\/\/wp.ufpel.edu.br\/cliohd\/wp-json\/wp\/v2\/comments?post=71"}],"version-history":[{"count":4,"href":"https:\/\/wp.ufpel.edu.br\/cliohd\/wp-json\/wp\/v2\/pages\/71\/revisions"}],"predecessor-version":[{"id":213,"href":"https:\/\/wp.ufpel.edu.br\/cliohd\/wp-json\/wp\/v2\/pages\/71\/revisions\/213"}],"wp:attachment":[{"href":"https:\/\/wp.ufpel.edu.br\/cliohd\/wp-json\/wp\/v2\/media?parent=71"}],"curies":[{"name":"wp","href":"https:\/\/api.w.org\/{rel}","templated":true}]}}