{"id":133,"date":"2015-06-03T11:47:07","date_gmt":"2015-06-03T14:47:07","guid":{"rendered":"https:\/\/wp.ufpel.edu.br\/clinpet\/?page_id=133"},"modified":"2015-06-03T11:53:16","modified_gmt":"2015-06-03T14:53:16","slug":"pagina-exemplocolaboradores%e2%80%8e","status":"publish","type":"page","link":"https:\/\/wp.ufpel.edu.br\/clinpet\/pagina-exemplocolaboradores%e2%80%8e\/","title":{"rendered":"Colaboradores"},"content":{"rendered":"<h2><span style=\"color: #0000ff\">Anelize de Oliveira Campello Felix\u00a0<\/span><\/h2>\n<p>M\u00e9dica Veterin\u00e1ria formada na Universidade Federal de Pelotas (2007). Possui mestrado(2010) e doutorado (2014) pelo Programa de P\u00f3s Gradua\u00e7\u00e3o em Veterin\u00e1ria da Universidade Federal de Pelotas, na \u00e1rea de Clinica M\u00e9dica de Pequenos Animais. Sua \u00e1rea de atua\u00e7\u00e3o \u00e9 em cl\u00ednica m\u00e9dica de pequenos animais e animais de laborat\u00f3rio. Atualmente atua como M\u00e9dica Veterin\u00e1ria do Biot\u00e9rio Central da Faculdade de Veterin\u00e1ria da UFPel, como t\u00e9cnica administrativa (concurso p\u00fablico).<\/p>\n<h2><span style=\"color: #0000ff\">Mariana Teixeira Tillmann<\/span><\/h2>\n<p>Possui gradua\u00e7\u00e3o em Medicina Veterin\u00e1ria pela Universidade Federal de Pelotas (2008), especializa\u00e7\u00e3o em cl\u00ednica m\u00e9dica de pequenos animais ( 2009), mestrado em Veterin\u00e1ria pela Universidade Federal de Pelotas (2011) e doutorado em Veterin\u00e1ria pela Universidade Federal de Pelotas (2014). Atualmente \u00e9 p\u00f3s doutoranda ( patologia veterin\u00e1ria) da Universidade Federal de Pelotas. Tem experi\u00eancia na \u00e1rea de Medicina Veterin\u00e1ria com \u00eanfase em cl\u00ednica m\u00e9dica de pequenos animais, bioterismo, terapia assistida por animais, patologia veterin\u00e1ria.<\/p>\n<h2><span style=\"color: #0000ff\">Samuel Rodrigues Felix<\/span><\/h2>\n<p>Possui gradua\u00e7\u00e3o em Medicina Veterinaria pela Universidade Federal de Pelotas (2007) e Mestrado (2009) e Doutorado (2013) pelo PPGV da UFPel. Tem experi\u00eancia na \u00e1rea de Medicina Veterin\u00e1ria preventiva, doen\u00e7as infecciosas e parasit\u00e1rias, com \u00eanfase em biotecnologia aplicada.<\/p>\n","protected":false},"excerpt":{"rendered":"<p>Anelize de Oliveira Campello Felix\u00a0 M\u00e9dica Veterin\u00e1ria formada na Universidade Federal de Pelotas (2007). Possui mestrado(2010) e doutorado (2014) pelo Programa de P\u00f3s Gradua\u00e7\u00e3o em Veterin\u00e1ria da Universidade Federal de Pelotas, na \u00e1rea de Clinica M\u00e9dica de Pequenos Animais. Sua \u00e1rea de atua\u00e7\u00e3o \u00e9 em cl\u00ednica m\u00e9dica de pequenos animais e animais de laborat\u00f3rio. Atualmente &hellip; <\/p>\n<p><a class=\"more-link btn\" href=\"https:\/\/wp.ufpel.edu.br\/clinpet\/pagina-exemplocolaboradores%e2%80%8e\/\">Continue lendo<\/a><\/p>\n","protected":false},"author":272,"featured_media":0,"parent":0,"menu_order":0,"comment_status":"closed","ping_status":"closed","template":"","meta":{"footnotes":""},"class_list":["post-133","page","type-page","status-publish","hentry","nodate","item-wrap"],"_links":{"self":[{"href":"https:\/\/wp.ufpel.edu.br\/clinpet\/wp-json\/wp\/v2\/pages\/133","targetHints":{"allow":["GET"]}}],"collection":[{"href":"https:\/\/wp.ufpel.edu.br\/clinpet\/wp-json\/wp\/v2\/pages"}],"about":[{"href":"https:\/\/wp.ufpel.edu.br\/clinpet\/wp-json\/wp\/v2\/types\/page"}],"author":[{"embeddable":true,"href":"https:\/\/wp.ufpel.edu.br\/clinpet\/wp-json\/wp\/v2\/users\/272"}],"replies":[{"embeddable":true,"href":"https:\/\/wp.ufpel.edu.br\/clinpet\/wp-json\/wp\/v2\/comments?post=133"}],"version-history":[{"count":1,"href":"https:\/\/wp.ufpel.edu.br\/clinpet\/wp-json\/wp\/v2\/pages\/133\/revisions"}],"predecessor-version":[{"id":134,"href":"https:\/\/wp.ufpel.edu.br\/clinpet\/wp-json\/wp\/v2\/pages\/133\/revisions\/134"}],"wp:attachment":[{"href":"https:\/\/wp.ufpel.edu.br\/clinpet\/wp-json\/wp\/v2\/media?parent=133"}],"curies":[{"name":"wp","href":"https:\/\/api.w.org\/{rel}","templated":true}]}}