{"id":53,"date":"2021-02-27T17:03:44","date_gmt":"2021-02-27T20:03:44","guid":{"rendered":"https:\/\/wp.ufpel.edu.br\/clhd\/?page_id=53"},"modified":"2023-10-27T15:28:46","modified_gmt":"2023-10-27T18:28:46","slug":"disciplinas","status":"publish","type":"page","link":"https:\/\/wp.ufpel.edu.br\/clhd\/disciplinas\/","title":{"rendered":"Matriz curricular"},"content":{"rendered":"<h2>\u00a0 \u00a0 \u00a0Matriz curricular<\/h2>\n<p>&nbsp;<\/p>\n<p>Estrutura organizacional do curso licenciatura em hist\u00f3ria:<\/p>\n<ul>\n<li>Carga hor\u00e1ria total do Curso: 3.270 horas\/rel\u00f3gio<\/li>\n<li>Carga hor\u00e1ria de Forma\u00e7\u00e3o espec\u00edfica, Forma\u00e7\u00e3o pedag\u00f3gica e Pr\u00e1tica como componente Curricular: 2.830 horas<\/li>\n<li>Carga hor\u00e1ria de Forma\u00e7\u00e3o complementar: 210 horas<\/li>\n<li>Forma\u00e7\u00e3o em extens\u00e3o: 330 horas<\/li>\n<li>Carga hor\u00e1ria de Componentes Curriculares Optativas: 240 horas<\/li>\n<\/ul>\n<p><a href=\"https:\/\/wp.ufpel.edu.br\/clhd\/files\/2023\/10\/matriz-curricular.pdf\">matriz curricular<\/a><\/p>\n","protected":false},"excerpt":{"rendered":"<p>\u00a0 \u00a0 \u00a0Matriz curricular &nbsp; Estrutura organizacional do curso licenciatura em hist\u00f3ria: Carga hor\u00e1ria total do Curso: 3.270 horas\/rel\u00f3gio Carga hor\u00e1ria de Forma\u00e7\u00e3o espec\u00edfica, Forma\u00e7\u00e3o pedag\u00f3gica e Pr\u00e1tica como componente Curricular: 2.830 horas Carga hor\u00e1ria de Forma\u00e7\u00e3o complementar: 210 horas Forma\u00e7\u00e3o em extens\u00e3o: 330 horas Carga hor\u00e1ria de Componentes Curriculares Optativas: 240 horas matriz curricular<\/p>\n","protected":false},"author":1090,"featured_media":0,"parent":0,"menu_order":0,"comment_status":"closed","ping_status":"closed","template":"","meta":{"footnotes":""},"class_list":["post-53","page","type-page","status-publish","hentry"],"_links":{"self":[{"href":"https:\/\/wp.ufpel.edu.br\/clhd\/wp-json\/wp\/v2\/pages\/53","targetHints":{"allow":["GET"]}}],"collection":[{"href":"https:\/\/wp.ufpel.edu.br\/clhd\/wp-json\/wp\/v2\/pages"}],"about":[{"href":"https:\/\/wp.ufpel.edu.br\/clhd\/wp-json\/wp\/v2\/types\/page"}],"author":[{"embeddable":true,"href":"https:\/\/wp.ufpel.edu.br\/clhd\/wp-json\/wp\/v2\/users\/1090"}],"replies":[{"embeddable":true,"href":"https:\/\/wp.ufpel.edu.br\/clhd\/wp-json\/wp\/v2\/comments?post=53"}],"version-history":[{"count":5,"href":"https:\/\/wp.ufpel.edu.br\/clhd\/wp-json\/wp\/v2\/pages\/53\/revisions"}],"predecessor-version":[{"id":1589,"href":"https:\/\/wp.ufpel.edu.br\/clhd\/wp-json\/wp\/v2\/pages\/53\/revisions\/1589"}],"wp:attachment":[{"href":"https:\/\/wp.ufpel.edu.br\/clhd\/wp-json\/wp\/v2\/media?parent=53"}],"curies":[{"name":"wp","href":"https:\/\/api.w.org\/{rel}","templated":true}]}}