{"id":2218,"date":"2024-12-11T14:39:21","date_gmt":"2024-12-11T17:39:21","guid":{"rendered":"https:\/\/wp.ufpel.edu.br\/clhd\/?page_id=2218"},"modified":"2024-12-11T14:49:31","modified_gmt":"2024-12-11T17:49:31","slug":"formas-de-ingresso","status":"publish","type":"page","link":"https:\/\/wp.ufpel.edu.br\/clhd\/formas-de-ingresso\/","title":{"rendered":"Formas de ingresso"},"content":{"rendered":"<p>Para ingresso nos cursos \u00e0 dist\u00e2ncia da UFPel \u00e9 realizado um <a href=\"https:\/\/wp.ufpel.edu.br\/cra\/formas-de-ingresso\/uab\/\">Vestibular<\/a>. A oferta de vagas depende de recursos por parte do Minist\u00e9rio da Educa\u00e7\u00e3o, por conta disso, n\u00e3o h\u00e1 oferta regular de cursos e polos.<\/p>\n<p>&nbsp;<\/p>\n<header class=\"entry-header\">\n<h2 class=\"entry-title\"><a href=\"https:\/\/wp.ufpel.edu.br\/perguntas\/portador-de-diploma-de-curso-superior-ead\/\" rel=\"bookmark\">Portador de Diploma de Curso Superior (EAD)<\/a><\/h2>\n<\/header>\n<div class=\"entry-content\">\n<p><strong>Defini\u00e7\u00e3o<\/strong><\/p>\n<p class=\"has-text-align-justify\">Ser\u00e1 concedido ao graduado ingresso como portador de diploma de curso superior em um novo curso.<\/p>\n<p class=\"has-text-align-justify\">O ingresso de portador nos cursos EAD est\u00e1 condicionado \u00e0 possibilidade de continuidade do programa relativo ao curso, que ser\u00e1 avaliada pelo colegiado do curso. O discente s\u00f3 poder\u00e1 ingressar na modalidade de portador de diploma mediante processo seletivo, a CRA publicar\u00e1 Edital na p\u00e1gina <a href=\"https:\/\/wp.ufpel.edu.br\/cra\/\" target=\"_blank\" rel=\"noreferrer noopener\">https:\/\/wp.ufpel.edu.br\/cra\/<\/a>.<\/p>\n<\/div>\n<header class=\"entry-header\">\n<h2 class=\"entry-title\"><a href=\"https:\/\/wp.ufpel.edu.br\/perguntas\/reingresso-ead\/\" rel=\"bookmark\">Reingresso (EAD)<\/a><\/h2>\n<\/header>\n<div class=\"entry-content\">\n<p><strong>Defini\u00e7\u00e3o<\/strong><\/p>\n<p class=\"has-text-align-justify\">O reingresso consiste em ingressar no mesmo curso da Universidade Federal de Pelotas ao qual o discente j\u00e1 esteve vinculado.<\/p>\n<p class=\"has-text-align-justify\">O reingresso nos cursos EAD est\u00e1 condicionado \u00e0 possibilidade de continuidade do programa relativo ao curso, que ser\u00e1 avaliada pelo colegiado do curso. O reingresso ser\u00e1 concedido mediante processo seletivo, exclusivamente para o discente que esteja em situa\u00e7\u00e3o acad\u00eamica de abandono ou que tenha cancelado sua matr\u00edcula. A CRA publicar\u00e1 Edital na p\u00e1gina <a href=\"https:\/\/wp.ufpel.edu.br\/cra\/\" target=\"_blank\" rel=\"noreferrer noopener\">https:\/\/wp.ufpel.edu.br\/cra\/<\/a>.<\/p>\n<p class=\"has-text-align-justify\">N\u00e3o ser\u00e1 permitido o reingresso nos casos em que o discente j\u00e1 se encontrar em situa\u00e7\u00e3o pass\u00edvel de jubilamento.<\/p>\n<p class=\"has-text-align-justify\">N\u00e3o ser\u00e1 permitido o reingresso nos cursos em extin\u00e7\u00e3o ou j\u00e1 extintos.<\/p>\n<\/div>\n<p>&nbsp;<\/p>\n<header class=\"entry-header\">\n<h2 class=\"entry-title\"><a href=\"https:\/\/wp.ufpel.edu.br\/perguntas\/reopcao-ead\/\" rel=\"bookmark\">Reop\u00e7\u00e3o (EAD)<\/a><\/h2>\n<\/header>\n<div class=\"entry-content\">\n<p><strong>Defini\u00e7\u00e3o<\/strong><\/p>\n<p class=\"has-text-align-justify\">A Reop\u00e7\u00e3o \u00e9 a forma de mobilidade acad\u00eamica, mediante a qual o discente, regularmente matriculado ou com matr\u00edcula trancada em curso de gradua\u00e7\u00e3o da UFPel, pode transferir-se para outro curso de gradua\u00e7\u00e3o ou turno de oferecimento de curso de gradua\u00e7\u00e3o desta Universidade. Toda mudan\u00e7a de curso \u00e9 considerada reop\u00e7\u00e3o do discente e implicar\u00e1 na obten\u00e7\u00e3o de um novo n\u00famero de matr\u00edcula.<\/p>\n<p class=\"has-text-align-justify\">A reop\u00e7\u00e3o nos cursos EAD est\u00e1 condicionado \u00e0 possibilidade de continuidade do programa relativo ao curso, que ser\u00e1 avaliada pelo colegiado do curso. O discente s\u00f3 poder\u00e1 trocar de curso mediante processo seletivo, a CRA publicar\u00e1 Edital na p\u00e1gina <a href=\"https:\/\/wp.ufpel.edu.br\/cra\/\">https:\/\/wp.ufpel.edu.br\/cra\/<\/a>.<\/p>\n<p class=\"has-text-align-justify\">O aluno que estiver em condi\u00e7\u00e3o pass\u00edvel de jubilamento n\u00e3o poder\u00e1 solicitar reop\u00e7\u00e3o.<\/p>\n<p class=\"has-text-align-justify\">\u00c9 facultada, no m\u00e1ximo, uma reop\u00e7\u00e3o de curso.<\/p>\n<\/div>\n<header class=\"entry-header\">\n<h2 class=\"entry-title\"><a href=\"https:\/\/wp.ufpel.edu.br\/perguntas\/transferencia-ead\/\" rel=\"bookmark\">Transfer\u00eancia (EAD)<\/a><\/h2>\n<\/header>\n<div class=\"entry-content\">\n<p><strong>Defini\u00e7\u00e3o<\/strong><\/p>\n<p class=\"has-text-align-justify\">Ser\u00e1 concedida transfer\u00eancia volunt\u00e1ria quando se tratar de aluno regularmente vinculado em curso de gradua\u00e7\u00e3o de outra Institui\u00e7\u00e3o de Ensino Superior (IES), mediante processo seletivo, a CRA publicar\u00e1 Edital na p\u00e1gina <a href=\"https:\/\/wp.ufpel.edu.br\/cra\/\" target=\"_blank\" rel=\"noreferrer noopener\">https:\/\/wp.ufpel.edu.br\/cra\/<\/a>.<\/p>\n<p class=\"has-text-align-justify\">\u00c9 considerado regularmente vinculado o aluno matriculado ou com trancamento de matr\u00edcula, no ano\/semestre atual.<\/p>\n<p class=\"has-text-align-justify\">N\u00e3o ser\u00e3o aceitas inscri\u00e7\u00f5es para transfer\u00eancia de estudante oriundo de universidades estrangeiras.<\/p>\n<p class=\"has-text-align-justify\">A transfer\u00eancia nos cursos EAD est\u00e1 condicionada \u00e0 possibilidade de continuidade do programa relativo ao curso, que ser\u00e1 avaliada pelo colegiado do curso.<\/p>\n<\/div>\n<p>&nbsp;<\/p>\n<header class=\"entry-header\">\n<h2 class=\"entry-title\"><a href=\"https:\/\/wp.ufpel.edu.br\/perguntas\/troca-de-polo-ead\/\" rel=\"bookmark\">Troca de Polo (EAD)<\/a><\/h2>\n<\/header>\n<div class=\"entry-content\">\n<p><strong>Defini\u00e7\u00e3o<\/strong><\/p>\n<p class=\"has-text-align-justify\">Discentes regularmente matriculados (ou com trancamento geral de matr\u00edcula) nos cursos de ensino a dist\u00e2ncia podem solicitar a mudan\u00e7a de polo, permanecendo vinculados ao mesmo curso.<\/p>\n<p><strong>Como solicitar<\/strong><\/p>\n<p class=\"has-text-align-justify\">Para solicitar a troca de polo \u00e9 necess\u00e1rio preencher o requerimento e entreg\u00e1-lo no polo ou no colegiado do curso.<\/p>\n<p><strong>Requerimento<\/strong><\/p>\n<p class=\"has-text-align-justify\"><a href=\"https:\/\/wp.ufpel.edu.br\/cra\/files\/2018\/10\/Requerimento-de-troca-de-polo-EAD.pdf\" target=\"_blank\" rel=\"noreferrer noopener\">Requerimento de troca de polo (EAD)<\/a><\/p>\n<div class=\"wp-block-group solicitar-atendimento\">\n<div class=\"wp-block-group__inner-container is-layout-flow wp-block-group-is-layout-flow\">\n<p>&nbsp;<\/p>\n<\/div>\n<\/div>\n<\/div>\n","protected":false},"excerpt":{"rendered":"<p>Para ingresso nos cursos \u00e0 dist\u00e2ncia da UFPel \u00e9 realizado um Vestibular. A oferta de vagas depende de recursos por parte do Minist\u00e9rio da Educa\u00e7\u00e3o, por conta disso, n\u00e3o h\u00e1 oferta regular de cursos e polos. &nbsp; Portador de Diploma de Curso Superior (EAD) Defini\u00e7\u00e3o Ser\u00e1 concedido ao graduado ingresso como portador de diploma de [&hellip;]<\/p>\n","protected":false},"author":1090,"featured_media":0,"parent":0,"menu_order":0,"comment_status":"closed","ping_status":"closed","template":"","meta":{"footnotes":""},"class_list":["post-2218","page","type-page","status-publish","hentry"],"_links":{"self":[{"href":"https:\/\/wp.ufpel.edu.br\/clhd\/wp-json\/wp\/v2\/pages\/2218","targetHints":{"allow":["GET"]}}],"collection":[{"href":"https:\/\/wp.ufpel.edu.br\/clhd\/wp-json\/wp\/v2\/pages"}],"about":[{"href":"https:\/\/wp.ufpel.edu.br\/clhd\/wp-json\/wp\/v2\/types\/page"}],"author":[{"embeddable":true,"href":"https:\/\/wp.ufpel.edu.br\/clhd\/wp-json\/wp\/v2\/users\/1090"}],"replies":[{"embeddable":true,"href":"https:\/\/wp.ufpel.edu.br\/clhd\/wp-json\/wp\/v2\/comments?post=2218"}],"version-history":[{"count":3,"href":"https:\/\/wp.ufpel.edu.br\/clhd\/wp-json\/wp\/v2\/pages\/2218\/revisions"}],"predecessor-version":[{"id":2223,"href":"https:\/\/wp.ufpel.edu.br\/clhd\/wp-json\/wp\/v2\/pages\/2218\/revisions\/2223"}],"wp:attachment":[{"href":"https:\/\/wp.ufpel.edu.br\/clhd\/wp-json\/wp\/v2\/media?parent=2218"}],"curies":[{"name":"wp","href":"https:\/\/api.w.org\/{rel}","templated":true}]}}