{"id":1559,"date":"2023-10-26T17:59:55","date_gmt":"2023-10-26T20:59:55","guid":{"rendered":"https:\/\/wp.ufpel.edu.br\/clhd\/?page_id=1559"},"modified":"2023-10-27T11:36:25","modified_gmt":"2023-10-27T14:36:25","slug":"normativas-para-realizacao-de-estagios-clhd","status":"publish","type":"page","link":"https:\/\/wp.ufpel.edu.br\/clhd\/normativas-para-realizacao-de-estagios-clhd\/","title":{"rendered":"Normativas para realiza\u00e7\u00e3o de est\u00e1gios"},"content":{"rendered":"<p>Os est\u00e1gios do Curso Licenciatura em Hist\u00f3ria a Dist\u00e2ncia, sejam obrigat\u00f3rios ou n\u00e3o- obrigat\u00f3rios, s\u00e3o supervisionados pela Coordena\u00e7\u00e3o e Colegiado do curso, e est\u00e3o de acordo com as DCNFP n\u00ba 02\/2015, com a Lei 11788 do MEC, e com a Resolu\u00e7\u00e3o n\u00ba 4\/2009 do COCEPE\/UFPel. Segundo a mesma, \u201cEst\u00e1gio \u00e9 ato educativo escolar supervisionado, desenvolvido no ambiente de trabalho, que visa \u00e0 prepara\u00e7\u00e3o para o trabalho produtivo de educandos (\u2026)\u201d (art. 2\u00ba), e \u201cvisa ao aprendizado de compet\u00eancias pr\u00f3prias da atividade profissional e \u00e0 contextualiza\u00e7\u00e3o curricular, objetivando o desenvolvimento do educando para a vida cidad\u00e3 e para o trabalho\u201d (art. 3\u00ba).<\/p>\n<p><a href=\"https:\/\/wp.ufpel.edu.br\/clhd\/files\/2023\/10\/UNIVERSIDADE-FEDERAL-DE-PELOTAS-normativa-estagio.pdf\">UNIVERSIDADE FEDERAL DE PELOTAS normativa est\u00e1gio<\/a><\/p>\n","protected":false},"excerpt":{"rendered":"<p>Os est\u00e1gios do Curso Licenciatura em Hist\u00f3ria a Dist\u00e2ncia, sejam obrigat\u00f3rios ou n\u00e3o- obrigat\u00f3rios, s\u00e3o supervisionados pela Coordena\u00e7\u00e3o e Colegiado do curso, e est\u00e3o de acordo com as DCNFP n\u00ba 02\/2015, com a Lei 11788 do MEC, e com a Resolu\u00e7\u00e3o n\u00ba 4\/2009 do COCEPE\/UFPel. Segundo a mesma, \u201cEst\u00e1gio \u00e9 ato educativo escolar supervisionado, desenvolvido [&hellip;]<\/p>\n","protected":false},"author":1090,"featured_media":0,"parent":0,"menu_order":0,"comment_status":"closed","ping_status":"closed","template":"","meta":{"footnotes":""},"class_list":["post-1559","page","type-page","status-publish","hentry"],"_links":{"self":[{"href":"https:\/\/wp.ufpel.edu.br\/clhd\/wp-json\/wp\/v2\/pages\/1559","targetHints":{"allow":["GET"]}}],"collection":[{"href":"https:\/\/wp.ufpel.edu.br\/clhd\/wp-json\/wp\/v2\/pages"}],"about":[{"href":"https:\/\/wp.ufpel.edu.br\/clhd\/wp-json\/wp\/v2\/types\/page"}],"author":[{"embeddable":true,"href":"https:\/\/wp.ufpel.edu.br\/clhd\/wp-json\/wp\/v2\/users\/1090"}],"replies":[{"embeddable":true,"href":"https:\/\/wp.ufpel.edu.br\/clhd\/wp-json\/wp\/v2\/comments?post=1559"}],"version-history":[{"count":2,"href":"https:\/\/wp.ufpel.edu.br\/clhd\/wp-json\/wp\/v2\/pages\/1559\/revisions"}],"predecessor-version":[{"id":1564,"href":"https:\/\/wp.ufpel.edu.br\/clhd\/wp-json\/wp\/v2\/pages\/1559\/revisions\/1564"}],"wp:attachment":[{"href":"https:\/\/wp.ufpel.edu.br\/clhd\/wp-json\/wp\/v2\/media?parent=1559"}],"curies":[{"name":"wp","href":"https:\/\/api.w.org\/{rel}","templated":true}]}}