{"id":8759,"date":"2018-12-21T16:16:38","date_gmt":"2018-12-21T18:16:38","guid":{"rendered":"https:\/\/wp.ufpel.edu.br\/clc\/?page_id=8759"},"modified":"2025-03-06T16:48:16","modified_gmt":"2025-03-06T19:48:16","slug":"defesas-de-memoriais","status":"publish","type":"page","link":"https:\/\/wp.ufpel.edu.br\/clc\/defesas-de-memoriais\/","title":{"rendered":"Defesas de Memoriais"},"content":{"rendered":"<p style=\"text-align: justify;\"><a href=\"https:\/\/wp.ufpel.edu.br\/clc\/files\/2018\/12\/isabella.jpg\"><img loading=\"lazy\" decoding=\"async\" class=\" wp-image-8765 alignleft\" src=\"https:\/\/wp.ufpel.edu.br\/clc\/files\/2018\/12\/isabella.jpg\" alt=\"\" width=\"289\" height=\"397\" srcset=\"https:\/\/wp.ufpel.edu.br\/clc\/files\/2018\/12\/isabella.jpg 800w, https:\/\/wp.ufpel.edu.br\/clc\/files\/2018\/12\/isabella-116x159.jpg 116w, https:\/\/wp.ufpel.edu.br\/clc\/files\/2018\/12\/isabella-231x318.jpg 231w, https:\/\/wp.ufpel.edu.br\/clc\/files\/2018\/12\/isabella-768x1056.jpg 768w\" sizes=\"auto, (max-width: 289px) 100vw, 289px\" \/><\/a>A primeira defesa de Memorial Acad\u00eamico para promo\u00e7\u00e3o \u00e0 classe E \u2013 professor Titular &#8211; do Centro de Letras e Comunica\u00e7\u00e3o ocorreu no dia 29\/08\/2018, defendida pela Prof\u00aa. Dra.\u00a0<strong>Isabella Mozzillo<\/strong>.<\/p>\n<p>Acesso ao Memorial:\u00a0<a href=\"https:\/\/wp.ufpel.edu.br\/clc\/files\/2018\/12\/Memorial-Acad\u00eamico-Isabella-Mozzillo.pdf\">Memorial Acad\u00eamico &#8211; Isabella Mozzillo<\/a><\/p>\n<p><strong>Banca:<\/strong> Aracy Gra\u00e7a Ernst &#8211; UFPel<br \/>\nCarmen L\u00facia Barreto Matzenauer &#8211; UCPel<br \/>\nNubia Hanciau &#8211; FURG<br \/>\nMarie-H\u00e9l\u00e8ne Torres &#8211; UFSC<\/p>\n<p>&nbsp;<\/p>\n<p>&nbsp;<\/p>\n<p>&nbsp;<\/p>\n<p style=\"text-align: justify;\">Em\u00a0\u00a0<a href=\"https:\/\/wp.ufpel.edu.br\/clc\/files\/2018\/12\/48364263_2257573760943099_2387536748927254528_n.jpg\"><img loading=\"lazy\" decoding=\"async\" class=\"wp-image-8772 alignright\" src=\"https:\/\/wp.ufpel.edu.br\/clc\/files\/2018\/12\/48364263_2257573760943099_2387536748927254528_n.jpg\" alt=\"\" width=\"332\" height=\"442\" srcset=\"https:\/\/wp.ufpel.edu.br\/clc\/files\/2018\/12\/48364263_2257573760943099_2387536748927254528_n.jpg 720w, https:\/\/wp.ufpel.edu.br\/clc\/files\/2018\/12\/48364263_2257573760943099_2387536748927254528_n-119x159.jpg 119w, https:\/\/wp.ufpel.edu.br\/clc\/files\/2018\/12\/48364263_2257573760943099_2387536748927254528_n-239x318.jpg 239w\" sizes=\"auto, (max-width: 332px) 100vw, 332px\" \/><\/a>14\/12\/2018 ocorreu a defesa do Memorial para Progress\u00e3o e Promo\u00e7\u00e3o na Carreira de Magist\u00e9rio Superior para a Classe de Professor Titular do Prof. Dr. <strong>Aulus Mandagar\u00e1 Martins<\/strong>.<\/p>\n<p style=\"text-align: justify;\">Acesso ao Memorial:\u00a0\u00a0<a href=\"https:\/\/wp.ufpel.edu.br\/clc\/files\/2018\/12\/MEMORIAL_amm-1.pdf\">Memorial Acad\u00eamico &#8211; Aulus Martins<\/a><\/p>\n<p style=\"text-align: justify;\"><strong>Banca:\u00a0<\/strong>Isabella Ferreira Mozzillo (UFPel)<br \/>\nDonald Hugh de Barros Kerr Junior (IFSul)<br \/>\nGinia Maria de Oliveira Gomes (UFRGS)<br \/>\nM\u00e1rcia Ivana de Lima e Silva (UFRGS)<\/p>\n<p>&nbsp;<\/p>\n<p>&nbsp;<\/p>\n<p style=\"text-align: justify;\"><a href=\"https:\/\/wp.ufpel.edu.br\/clc\/files\/2020\/01\/20151209_211616-1-2.jpg\"><img loading=\"lazy\" decoding=\"async\" class=\" wp-image-10483 alignleft\" src=\"https:\/\/wp.ufpel.edu.br\/clc\/files\/2020\/01\/20151209_211616-1-2.jpg\" alt=\"\" width=\"211\" height=\"306\" srcset=\"https:\/\/wp.ufpel.edu.br\/clc\/files\/2020\/01\/20151209_211616-1-2.jpg 548w, https:\/\/wp.ufpel.edu.br\/clc\/files\/2020\/01\/20151209_211616-1-2-219x318.jpg 219w, https:\/\/wp.ufpel.edu.br\/clc\/files\/2020\/01\/20151209_211616-1-2-110x159.jpg 110w\" sizes=\"auto, (max-width: 211px) 100vw, 211px\" \/><\/a>Em 04\/04\/19, ocorreu a defesa do memorial para Progress\u00e3o e Promo\u00e7\u00e3o na Carreira de Magist\u00e9rio Superior para a Classe de Professor Titular da Professora Dra. <strong>Mar\u00eda P\u00eda Mendoza Sassi<\/strong>.<\/p>\n<p>Acesso ao Memorial: <a href=\"https:\/\/wp.ufpel.edu.br\/clc\/files\/2020\/01\/memorial-finalissimo-P\u00eda-corregido-vers\u00e3o-final-em-WORD-18-JAN-1.pdf\" target=\"_blank\" rel=\"noopener noreferrer\">Memorial Maria Pia<\/a><\/p>\n<p style=\"font-weight: 400;\"><strong>Comiss\u00e3o de Avalia\u00e7\u00e3o:<\/strong><\/p>\n<p style=\"font-weight: 400;\">Aracy\u00a0Gra\u00e7a Ernst \u2013 UFPel (presidente)<br \/>\nMaria Tereza Nunes Marchesan \u2013 UFSM<br \/>\nVera Lucia Marques de Figueiredo \u2013 UCPel<br \/>\nMar\u00eda Sagrario Flores Cortina \u2013 UNILEON<\/p>\n<p style=\"font-weight: 400; text-align: justify;\"><a href=\"https:\/\/wp.ufpel.edu.br\/clc\/files\/2020\/05\/MEMORIAL-ACAD\u00caMICO-PAULO-BORGES-2020.pdf\"><img loading=\"lazy\" decoding=\"async\" class=\" wp-image-10812 alignright\" src=\"https:\/\/wp.ufpel.edu.br\/clc\/files\/2020\/05\/Screenshot_20200512-181925_Gallery-1.jpg\" alt=\"\" width=\"254\" height=\"452\" srcset=\"https:\/\/wp.ufpel.edu.br\/clc\/files\/2020\/05\/Screenshot_20200512-181925_Gallery-1.jpg 720w, https:\/\/wp.ufpel.edu.br\/clc\/files\/2020\/05\/Screenshot_20200512-181925_Gallery-1-179x318.jpg 179w, https:\/\/wp.ufpel.edu.br\/clc\/files\/2020\/05\/Screenshot_20200512-181925_Gallery-1-89x159.jpg 89w\" sizes=\"auto, (max-width: 254px) 100vw, 254px\" \/><\/a>No m\u00eas de maio de 2020, o professor <strong>Paulo Ricardo Silveira Borges<\/strong> tornou-se Professor Titular. Em fun\u00e7\u00e3o da pandemia, a defesa ocorreu de forma remota.<\/p>\n<p>Acesso ao Memorial: <a href=\"https:\/\/wp.ufpel.edu.br\/clc\/files\/2020\/06\/MEMORIAL-ACAD\u00caMICO-PAULO-BORGES-2020-1.pdf\">MEMORIAL ACAD\u00caMICO PAULO BORGES 2020 (1)<\/a><\/p>\n<p style=\"font-weight: 400;\"><strong>Comiss\u00e3o de Avalia\u00e7\u00e3o do Memorial:<\/strong><\/p>\n<p style=\"font-weight: 400;\">Isabella Ferreira Mozzillo\u00a0 &#8211; UFPEL \u2013 presidente<br \/>\nVal\u00e9ria Neto de Oliveira Monaretto \u2013 UFRGS<br \/>\nJenice Tasqueto de Mello \u2013 IFSul<br \/>\nDonald Hugh de Barros Kerr Junior &#8211; IFSul<\/p>\n<p>&nbsp;<\/p>\n<p>&nbsp;<\/p>\n<p>&nbsp;<\/p>\n<p style=\"text-align: justify;\"><img loading=\"lazy\" decoding=\"async\" class=\"wp-image-10895 aligncenter\" src=\"https:\/\/wp.ufpel.edu.br\/clc\/files\/2020\/06\/IMG_8849.jpg\" alt=\"\" width=\"457\" height=\"396\" srcset=\"https:\/\/wp.ufpel.edu.br\/clc\/files\/2020\/06\/IMG_8849.jpg 1345w, https:\/\/wp.ufpel.edu.br\/clc\/files\/2020\/06\/IMG_8849-367x318.jpg 367w, https:\/\/wp.ufpel.edu.br\/clc\/files\/2020\/06\/IMG_8849-183x159.jpg 183w, https:\/\/wp.ufpel.edu.br\/clc\/files\/2020\/06\/IMG_8849-768x666.jpg 768w\" sizes=\"auto, (max-width: 457px) 100vw, 457px\" \/> No m\u00eas de maio de 2020, a professora <strong>Paula Branco de Araujo Brauner<\/strong> <strong>\u00a0<\/strong>tornou-se Professora Titular. Em fun\u00e7\u00e3o da pandemia, a defesa ocorreu de forma remota<\/p>\n<p style=\"text-align: justify;\">Acesso ao Memorial: <a href=\"https:\/\/wp.ufpel.edu.br\/clc\/files\/2020\/06\/Memorial-Paula-Brauner.pdf\">Memorial Paula Brauner<\/a><\/p>\n<p style=\"font-weight: 400; text-align: justify;\"><strong>Comiss\u00e3o de Avalia\u00e7\u00e3o do Memorial:<\/strong><\/p>\n<p style=\"text-align: justify;\">F\u00e1bio Vergara Cerqueira \u2013 UFPel \u2013 presidente<br \/>\nAna Paula de Araujo Cunha \u2013 IFSul<br \/>\nDonald Hugh de Barros Kerr Junior \u2013 IFSul<br \/>\nJenice Tasqueto de Mello \u2013 IFSul<\/p>\n<p style=\"text-align: justify;\"><a href=\"https:\/\/wp.ufpel.edu.br\/clc\/files\/2023\/08\/IMG-20230803-WA0006.jpg\"><img loading=\"lazy\" decoding=\"async\" class=\"wp-image-15474 alignleft\" src=\"https:\/\/wp.ufpel.edu.br\/clc\/files\/2023\/08\/IMG-20230803-WA0006.jpg\" alt=\"\" width=\"254\" height=\"449\" srcset=\"https:\/\/wp.ufpel.edu.br\/clc\/files\/2023\/08\/IMG-20230803-WA0006.jpg 724w, https:\/\/wp.ufpel.edu.br\/clc\/files\/2023\/08\/IMG-20230803-WA0006-180x318.jpg 180w, https:\/\/wp.ufpel.edu.br\/clc\/files\/2023\/08\/IMG-20230803-WA0006-90x159.jpg 90w\" sizes=\"auto, (max-width: 254px) 100vw, 254px\" \/><\/a>Em abril de 2021, o professor\u00a0LU\u00cdS ISA\u00cdAS CENTENO DO AMARAL realizou a defesa p\u00fablica de Memorial para Progress\u00e3o e Promo\u00e7\u00e3o na Carreira de Magist\u00e9rio Superior para a Classe de Professor Titular da UFPel.<\/p>\n<p style=\"text-align: justify;\">Acesso ao Memorial: <a href=\"https:\/\/wp.ufpel.edu.br\/clc\/files\/2023\/08\/Memorial-para-titular-Luis-Amaral.pdf\">Memorial Lu\u00eds Amaral<\/a><\/p>\n<p style=\"text-align: justify;\"><strong>Comiss\u00e3o de Avalia\u00e7\u00e3o:<\/strong><\/p>\n<p style=\"text-align: justify;\">Presidente da Banca: Isabella Ferreira Mozzillo &#8211; UFPel<br \/>\nAvaliadores Titulares:<br \/>\nJane Fraga Tutikian &#8211; UFRGS<br \/>\nValdir Heitor Barzotto &#8211; USP<br \/>\nAna Paula de Araujo Cunha &#8211; IFSUL<\/p>\n<p>&nbsp;<\/p>\n<p>&nbsp;<\/p>\n<p style=\"text-align: justify;\"><a href=\"https:\/\/wp.ufpel.edu.br\/clc\/files\/2023\/07\/Defesa-Mirian.001.jpg\"><img loading=\"lazy\" decoding=\"async\" class=\"alignright wp-image-15412 size-full\" src=\"https:\/\/wp.ufpel.edu.br\/clc\/files\/2023\/07\/Defesa-Mirian.001-e1690813740499.jpg\" alt=\"\" width=\"250\" height=\"488\" srcset=\"https:\/\/wp.ufpel.edu.br\/clc\/files\/2023\/07\/Defesa-Mirian.001-e1690813740499.jpg 250w, https:\/\/wp.ufpel.edu.br\/clc\/files\/2023\/07\/Defesa-Mirian.001-e1690813740499-163x318.jpg 163w, https:\/\/wp.ufpel.edu.br\/clc\/files\/2023\/07\/Defesa-Mirian.001-e1690813740499-81x159.jpg 81w\" sizes=\"auto, (max-width: 250px) 100vw, 250px\" \/><\/a><\/p>\n<p>&nbsp;<\/p>\n<p style=\"text-align: justify;\">Em novembro de 2022, a professora MIRIAN ROSE BRUM DE PAULA realizou a defesa p\u00fablica de Memorial\u00a0para Progress\u00e3o e Promo\u00e7\u00e3o na Carreira de Magist\u00e9rio Superior para a Classe de Professor Titular da UFPel.<\/p>\n<p style=\"text-align: justify;\">Acesso ao Memorial: <a href=\"https:\/\/wp.ufpel.edu.br\/clc\/files\/2023\/07\/ilovepdf_merged.pdf\">Memorial Mirian de Paula<\/a><\/p>\n<p style=\"text-align: justify;\"><strong>Comiss\u00e3o de Avalia\u00e7\u00e3o:<\/strong><\/p>\n<p style=\"text-align: justify;\">Isabella Ferreira Mozzillo\u00a0 (UFPel) \u2013 presidente<br \/>\nAracy Gra\u00e7a Ernst (FURG)<br \/>\nMarcia Keske Soares (UFSM)<br \/>\nMaria Virg\u00ednia Leal (UFPE)<\/p>\n<p>&nbsp;<\/p>\n<p>&nbsp;<\/p>\n<p>&nbsp;<\/p>\n<p style=\"text-align: justify;\"><a href=\"https:\/\/wp.ufpel.edu.br\/clc\/files\/2023\/07\/20-12-2022_Defesa-de-Memorial-Academico_Cintia-Alcantara.jpg\"><img loading=\"lazy\" decoding=\"async\" class=\"wp-image-15408 alignleft\" src=\"https:\/\/wp.ufpel.edu.br\/clc\/files\/2023\/07\/20-12-2022_Defesa-de-Memorial-Academico_Cintia-Alcantara.jpg\" alt=\"\" width=\"342\" height=\"514\" srcset=\"https:\/\/wp.ufpel.edu.br\/clc\/files\/2023\/07\/20-12-2022_Defesa-de-Memorial-Academico_Cintia-Alcantara.jpg 682w, https:\/\/wp.ufpel.edu.br\/clc\/files\/2023\/07\/20-12-2022_Defesa-de-Memorial-Academico_Cintia-Alcantara-212x318.jpg 212w, https:\/\/wp.ufpel.edu.br\/clc\/files\/2023\/07\/20-12-2022_Defesa-de-Memorial-Academico_Cintia-Alcantara-106x159.jpg 106w\" sizes=\"auto, (max-width: 342px) 100vw, 342px\" \/><\/a>Em dezembro de 2022, a professora C\u00cdNTIA DA COSTA ALC\u00c2NTARA realizou a defesa p\u00fablica de Memorial para Progress\u00e3o e Promo\u00e7\u00e3o na Carreira de Magist\u00e9rio Superior para a Classe de Professor Titular da UFPel.<\/p>\n<p style=\"text-align: justify;\">Acesso ao Memorial: <a href=\"https:\/\/wp.ufpel.edu.br\/clc\/files\/2023\/07\/Memorial-academico_CINTIA-ALCANTARA.pdf\">Memorial acad\u00eamico_CINTIA ALCANTARA<\/a><\/p>\n<p style=\"text-align: justify;\"><strong>Comiss\u00e3o de Avalia\u00e7\u00e3o:<\/strong><\/p>\n<p style=\"text-align: justify;\">Presidente da Banca: Carmen L\u00facia Barreto Matzenauer \u2013 UFPel<br \/>\nAvaliadores Titulares:<br \/>\nAna Paula de Araujo Cunha \u2013 IFSul<br \/>\nElisane Pinto da Silva Machado de Lima \u2013 \u00a0IFSul<br \/>\nVal\u00e9ria Neto de Oliveira Monaretto \u2013 UFRGS<\/p>\n<p>&nbsp;<\/p>\n<p>&nbsp;<\/p>\n<p><a href=\"https:\/\/wp.ufpel.edu.br\/clc\/files\/2025\/02\/IMG_20250226_075647_214.jpg\"><img loading=\"lazy\" decoding=\"async\" class=\"alignright wp-image-17758\" src=\"https:\/\/wp.ufpel.edu.br\/clc\/files\/2025\/02\/IMG_20250226_075647_214.jpg\" alt=\"\" width=\"294\" height=\"392\" srcset=\"https:\/\/wp.ufpel.edu.br\/clc\/files\/2025\/02\/IMG_20250226_075647_214.jpg 1024w, https:\/\/wp.ufpel.edu.br\/clc\/files\/2025\/02\/IMG_20250226_075647_214-239x318.jpg 239w, https:\/\/wp.ufpel.edu.br\/clc\/files\/2025\/02\/IMG_20250226_075647_214-119x159.jpg 119w, https:\/\/wp.ufpel.edu.br\/clc\/files\/2025\/02\/IMG_20250226_075647_214-768x1024.jpg 768w\" sizes=\"auto, (max-width: 294px) 100vw, 294px\" \/><\/a>Em fevereiro de 2025, o professor <strong>Jo\u00e3o Luis Pereira Ourique<\/strong> realizou a defesa p\u00fablica de Memorial para Progress\u00e3o e Promo\u00e7\u00e3o na Carreira de Magist\u00e9rio Superior para a Classe de Professor Titular da UFPel.<\/p>\n<p style=\"text-align: justify;\">Acesso ao Memorial: <a href=\"https:\/\/wp.ufpel.edu.br\/clc\/files\/2025\/03\/Memorial-Academico-titular.pdf\">Memorial Acad\u00eamico titular<\/a><\/p>\n<p style=\"text-align: justify;\"><strong>Comiss\u00e3o de Avalia\u00e7\u00e3o:<\/strong><\/p>\n<p style=\"text-align: justify;\">Presidente da Banca: Rosani \u00darsula Ketzer Umbach \u2013 UFSM<br \/>\nAvaliadores Titulares:<br \/>\nElcio Loureiro Cornelsen \u2013 UFMG<br \/>\nRosana Cristina Zanelatto Santos \u2013 UFMS<br \/>\nMauro Nicola P\u00f3voas \u2013 FURG<\/p>\n<p>&nbsp;<\/p>\n<p style=\"text-align: justify;\"><a href=\"https:\/\/wp.ufpel.edu.br\/clc\/files\/2025\/03\/20241202_222438-scaled.jpg\"><img loading=\"lazy\" decoding=\"async\" class=\"alignleft wp-image-17766 \" src=\"https:\/\/wp.ufpel.edu.br\/clc\/files\/2025\/03\/20241202_222438-scaled.jpg\" alt=\"\" width=\"225\" height=\"359\" srcset=\"https:\/\/wp.ufpel.edu.br\/clc\/files\/2025\/03\/20241202_222438-scaled.jpg 1605w, https:\/\/wp.ufpel.edu.br\/clc\/files\/2025\/03\/20241202_222438-199x318.jpg 199w, https:\/\/wp.ufpel.edu.br\/clc\/files\/2025\/03\/20241202_222438-100x159.jpg 100w, https:\/\/wp.ufpel.edu.br\/clc\/files\/2025\/03\/20241202_222438-768x1225.jpg 768w, https:\/\/wp.ufpel.edu.br\/clc\/files\/2025\/03\/20241202_222438-963x1536.jpg 963w, https:\/\/wp.ufpel.edu.br\/clc\/files\/2025\/03\/20241202_222438-1284x2048.jpg 1284w\" sizes=\"auto, (max-width: 225px) 100vw, 225px\" \/><\/a>Em novembro de 2024, o professor <strong>Rafael Vetromille-Castro<\/strong> realizou a defesa p\u00fablica de Memorial para Progress\u00e3o e Promo\u00e7\u00e3o na Carreira de Magist\u00e9rio Superior para a Classe de Professor Titular da UFPel.<\/p>\n<p style=\"text-align: justify;\">Acesso ao Memorial: <a href=\"https:\/\/wp.ufpel.edu.br\/clc\/files\/2025\/03\/MEMORIAL_VETROMILLE_CASTRO.pdf\">MEMORIAL_VETROMILLE_CASTRO<\/a><\/p>\n<p style=\"text-align: justify;\"><strong>Comiss\u00e3o de Avalia\u00e7\u00e3o: <\/strong><\/p>\n<p style=\"text-align: justify;\">Presidente da Banca: Prof.\u00aa. Dr.\u00aa Carmen L\u00facia Barreto Matzenauer \u2013 UCPel<br \/>\nProf.\u00aa. Dr.\u00aa\u00a0 Aracy Gra\u00e7a Ernst \u2013 FURG<br \/>\nProf. Dr.\u00a0 Waldenor Barros Moraes Filho \u2013 UFU<br \/>\nProf.\u00aa. Dr.\u00aa Ingrid Finger \u2013 UFRGS<\/p>\n","protected":false},"excerpt":{"rendered":"<p>A primeira defesa de Memorial Acad\u00eamico para promo\u00e7\u00e3o \u00e0 classe E \u2013 professor Titular &#8211; do Centro de Letras e Comunica\u00e7\u00e3o ocorreu no dia 29\/08\/2018, defendida pela Prof\u00aa. Dra.\u00a0Isabella Mozzillo. Acesso ao Memorial:\u00a0Memorial Acad\u00eamico &#8211; Isabella Mozzillo Banca: Aracy Gra\u00e7a &hellip; <a href=\"https:\/\/wp.ufpel.edu.br\/clc\/defesas-de-memoriais\/\">Continue lendo <span class=\"meta-nav\">&rarr;<\/span><\/a><\/p>\n","protected":false},"author":50,"featured_media":0,"parent":0,"menu_order":0,"comment_status":"closed","ping_status":"closed","template":"","meta":{"footnotes":""},"class_list":["post-8759","page","type-page","status-publish","hentry"],"_links":{"self":[{"href":"https:\/\/wp.ufpel.edu.br\/clc\/wp-json\/wp\/v2\/pages\/8759","targetHints":{"allow":["GET"]}}],"collection":[{"href":"https:\/\/wp.ufpel.edu.br\/clc\/wp-json\/wp\/v2\/pages"}],"about":[{"href":"https:\/\/wp.ufpel.edu.br\/clc\/wp-json\/wp\/v2\/types\/page"}],"author":[{"embeddable":true,"href":"https:\/\/wp.ufpel.edu.br\/clc\/wp-json\/wp\/v2\/users\/50"}],"replies":[{"embeddable":true,"href":"https:\/\/wp.ufpel.edu.br\/clc\/wp-json\/wp\/v2\/comments?post=8759"}],"version-history":[{"count":20,"href":"https:\/\/wp.ufpel.edu.br\/clc\/wp-json\/wp\/v2\/pages\/8759\/revisions"}],"predecessor-version":[{"id":17771,"href":"https:\/\/wp.ufpel.edu.br\/clc\/wp-json\/wp\/v2\/pages\/8759\/revisions\/17771"}],"wp:attachment":[{"href":"https:\/\/wp.ufpel.edu.br\/clc\/wp-json\/wp\/v2\/media?parent=8759"}],"curies":[{"name":"wp","href":"https:\/\/api.w.org\/{rel}","templated":true}]}}