{"id":6168,"date":"2018-03-01T18:21:19","date_gmt":"2018-03-01T21:21:19","guid":{"rendered":"https:\/\/wp.ufpel.edu.br\/clc\/?page_id=6168"},"modified":"2019-11-29T15:04:03","modified_gmt":"2019-11-29T18:04:03","slug":"trancamento-do-curso","status":"publish","type":"page","link":"https:\/\/wp.ufpel.edu.br\/clc\/cursos-basicos-de-linguas\/trancamento-do-curso\/","title":{"rendered":"Trancamento do curso"},"content":{"rendered":"<p style=\"text-align: justify\"><strong>Cursos de L\u00ednguas<\/strong><\/p>\n<p style=\"text-align: justify\"><strong>Do trancamento da matr\u00edcula:<\/strong><\/p>\n<ul style=\"text-align: justify\">\n<li>O aluno matriculado poder\u00e1 trancar a matr\u00edcula <strong>em at\u00e9 30 dias ap\u00f3s <u>o in\u00edcio das aulas<\/u>;<\/strong><\/li>\n<li><strong>O aluno apenas poder\u00e1 realizar este recurso uma vez; n\u00e3o podendo solicit\u00e1-lo em um segundo momento;<\/strong><\/li>\n<li>O aluno dever\u00e1 preencher o <strong>formul\u00e1rio padr\u00e3o<\/strong> da CaExt para <strong>solicita\u00e7\u00e3o do trancamento<\/strong> (dispon\u00edvel no link: <a href=\"https:\/\/forms.gle\/aGdtifcSinwHgC3q8\">formul\u00e1rio<\/a>);<\/li>\n<li>Enviar para o e-mail <a href=\"mailto:caextufpel@gmail.com\">caextufpel@gmail.com<\/a>\u00a0a documenta\u00e7\u00e3o que comprove sua impossibilidade de frequentar o curso por motivos de sa\u00fade ou de trabalho. Casos excepcionais ser\u00e3o avaliados pela CaExt;<\/li>\n<li>A chefia da CaExt ir\u00e1 analisar o pedido, comunicando em 7 dias \u00fateis o resultado;<\/li>\n<li>O aluno que tiver a sua solicita\u00e7\u00e3o de trancamento aprovada poder\u00e1 retornar ao mesmo curso no semestre subsequente, isento da taxa de matr\u00edcula (n\u00e3o h\u00e1 devolu\u00e7\u00e3o do valor da taxa).<\/li>\n<\/ul>\n","protected":false},"excerpt":{"rendered":"<p>Cursos de L\u00ednguas Do trancamento da matr\u00edcula: O aluno matriculado poder\u00e1 trancar a matr\u00edcula em at\u00e9 30 dias ap\u00f3s o in\u00edcio das aulas; O aluno apenas poder\u00e1 realizar este recurso uma vez; n\u00e3o podendo solicit\u00e1-lo em um segundo momento; O &hellip; <a href=\"https:\/\/wp.ufpel.edu.br\/clc\/cursos-basicos-de-linguas\/trancamento-do-curso\/\">Continue lendo <span class=\"meta-nav\">&rarr;<\/span><\/a><\/p>\n","protected":false},"author":50,"featured_media":0,"parent":318,"menu_order":0,"comment_status":"closed","ping_status":"closed","template":"","meta":{"footnotes":""},"class_list":["post-6168","page","type-page","status-publish","hentry"],"_links":{"self":[{"href":"https:\/\/wp.ufpel.edu.br\/clc\/wp-json\/wp\/v2\/pages\/6168","targetHints":{"allow":["GET"]}}],"collection":[{"href":"https:\/\/wp.ufpel.edu.br\/clc\/wp-json\/wp\/v2\/pages"}],"about":[{"href":"https:\/\/wp.ufpel.edu.br\/clc\/wp-json\/wp\/v2\/types\/page"}],"author":[{"embeddable":true,"href":"https:\/\/wp.ufpel.edu.br\/clc\/wp-json\/wp\/v2\/users\/50"}],"replies":[{"embeddable":true,"href":"https:\/\/wp.ufpel.edu.br\/clc\/wp-json\/wp\/v2\/comments?post=6168"}],"version-history":[{"count":2,"href":"https:\/\/wp.ufpel.edu.br\/clc\/wp-json\/wp\/v2\/pages\/6168\/revisions"}],"predecessor-version":[{"id":10332,"href":"https:\/\/wp.ufpel.edu.br\/clc\/wp-json\/wp\/v2\/pages\/6168\/revisions\/10332"}],"up":[{"embeddable":true,"href":"https:\/\/wp.ufpel.edu.br\/clc\/wp-json\/wp\/v2\/pages\/318"}],"wp:attachment":[{"href":"https:\/\/wp.ufpel.edu.br\/clc\/wp-json\/wp\/v2\/media?parent=6168"}],"curies":[{"name":"wp","href":"https:\/\/api.w.org\/{rel}","templated":true}]}}