{"id":61,"date":"2011-11-11T09:51:24","date_gmt":"2011-11-11T12:51:24","guid":{"rendered":"https:\/\/wp.ufpel.edu.br\/letras\/"},"modified":"2023-11-22T18:20:15","modified_gmt":"2023-11-22T21:20:15","slug":"biblioteca","status":"publish","type":"page","link":"https:\/\/wp.ufpel.edu.br\/clc\/biblioteca\/","title":{"rendered":"Biblioteca"},"content":{"rendered":"<p style=\"text-align: left;\"><strong>Biblioteca do Campus Porto<\/strong><\/p>\n<p><strong>Endere\u00e7o:<\/strong> Rua Gomes Carneiro, n\u00ba 1. Pelotas \/ RS &#8211; CEP: 96010-610<br \/>\n<strong>Tel.:<\/strong> (53) 3284-4037<\/p>\n<p><strong>E-mail: <\/strong><a href=\"mailto:aline.batista@ufpel.edu.br\">bibcp@ufpel.edu.br<\/a><\/p>\n<p><strong>Hor\u00e1rio: <\/strong>das 8h \u00e0s 21h<\/p>\n<p><strong>Equipe:<\/strong>\u00a0<a href=\"https:\/\/wp.ufpel.edu.br\/bibcp\/equipe-bcp\/\" target=\"_blank\" rel=\"noopener\">https:\/\/wp.ufpel.edu.br\/bibcp\/equipe-bcp\/<\/a><\/p>\n<p style=\"text-align: justify;\"><strong>Acervo: <\/strong>BACHARELADOS: Jornalismo, Letras \u2013 Reda\u00e7\u00e3o e Revis\u00e3o de Texto, Letras \u2013 Tradu\u00e7\u00e3o Espanhol Portugu\u00eas, Letras \u2013 Tradu\u00e7\u00e3o Ingl\u00eas Portugu\u00eas.<br \/>\nLICENCIATURAS: Letras \u2013 Libras e literatura surda, Letras \u2013 Portugu\u00eas, Letras \u2013 Portugu\u00eas e Alem\u00e3o, Letras \u2013 Portugu\u00eas e Espanhol, Letras \u2013 Portugu\u00eas e Franc\u00eas, Letras \u2013 Portugu\u00eas e Ingl\u00eas.<br \/>\nMestrado e Doutorado em Letras.<\/p>\n<p><a href=\"https:\/\/wp.ufpel.edu.br\/sisbi\/biblioteca-campus-porto-bcp\/\" target=\"_blank\" rel=\"noopener\">Outros cursos atendidos nesta biblioteca.<\/a><\/p>\n<p>Consulta ao acervo:\u00a0<a href=\"https:\/\/pergamum.ufpel.edu.br\/pergamum\/biblioteca\/index.php\" target=\"_blank\" rel=\"noopener\">https:\/\/pergamum.ufpel.edu.br\/pergamum\/biblioteca\/index.php<\/a><\/p>\n<p>Conhe\u00e7a o site da Biblioteca do Campus Porto: <a href=\"https:\/\/wp.ufpel.edu.br\/bibcp\/\">https:\/\/wp.ufpel.edu.br\/bibcp\/<\/a><\/p>\n<p>&nbsp;<\/p>\n","protected":false},"excerpt":{"rendered":"<p>Biblioteca do Campus Porto Endere\u00e7o: Rua Gomes Carneiro, n\u00ba 1. Pelotas \/ RS &#8211; CEP: 96010-610 Tel.: (53) 3284-4037 E-mail: bibcp@ufpel.edu.br Hor\u00e1rio: das 8h \u00e0s 21h Equipe:\u00a0https:\/\/wp.ufpel.edu.br\/bibcp\/equipe-bcp\/ Acervo: BACHARELADOS: Jornalismo, Letras \u2013 Reda\u00e7\u00e3o e Revis\u00e3o de Texto, Letras \u2013 Tradu\u00e7\u00e3o &hellip; <a href=\"https:\/\/wp.ufpel.edu.br\/clc\/biblioteca\/\">Continue lendo <span class=\"meta-nav\">&rarr;<\/span><\/a><\/p>\n","protected":false},"author":143,"featured_media":0,"parent":0,"menu_order":0,"comment_status":"closed","ping_status":"closed","template":"","meta":{"footnotes":""},"class_list":["post-61","page","type-page","status-publish","hentry"],"_links":{"self":[{"href":"https:\/\/wp.ufpel.edu.br\/clc\/wp-json\/wp\/v2\/pages\/61","targetHints":{"allow":["GET"]}}],"collection":[{"href":"https:\/\/wp.ufpel.edu.br\/clc\/wp-json\/wp\/v2\/pages"}],"about":[{"href":"https:\/\/wp.ufpel.edu.br\/clc\/wp-json\/wp\/v2\/types\/page"}],"author":[{"embeddable":true,"href":"https:\/\/wp.ufpel.edu.br\/clc\/wp-json\/wp\/v2\/users\/143"}],"replies":[{"embeddable":true,"href":"https:\/\/wp.ufpel.edu.br\/clc\/wp-json\/wp\/v2\/comments?post=61"}],"version-history":[{"count":20,"href":"https:\/\/wp.ufpel.edu.br\/clc\/wp-json\/wp\/v2\/pages\/61\/revisions"}],"predecessor-version":[{"id":16015,"href":"https:\/\/wp.ufpel.edu.br\/clc\/wp-json\/wp\/v2\/pages\/61\/revisions\/16015"}],"wp:attachment":[{"href":"https:\/\/wp.ufpel.edu.br\/clc\/wp-json\/wp\/v2\/media?parent=61"}],"curies":[{"name":"wp","href":"https:\/\/api.w.org\/{rel}","templated":true}]}}