{"id":5564,"date":"2017-08-07T14:42:02","date_gmt":"2017-08-07T17:42:02","guid":{"rendered":"https:\/\/wp.ufpel.edu.br\/clc\/?page_id=5564"},"modified":"2018-10-17T14:35:19","modified_gmt":"2018-10-17T17:35:19","slug":"centro-academico-patricia-galvao-ca-pagu","status":"publish","type":"page","link":"https:\/\/wp.ufpel.edu.br\/clc\/centro-academico-patricia-galvao-ca-pagu\/","title":{"rendered":"Centro Acad\u00eamico Patr\u00edcia Galv\u00e3o (CA Pagu)"},"content":{"rendered":"<p style=\"text-align: justify\"><img loading=\"lazy\" decoding=\"async\" class=\"wp-image-5566 alignleft\" src=\"https:\/\/wp.ufpel.edu.br\/clc\/files\/2017\/08\/CA-Pagu.jpg\" alt=\"\" width=\"248\" height=\"248\" srcset=\"https:\/\/wp.ufpel.edu.br\/clc\/files\/2017\/08\/CA-Pagu.jpg 900w, https:\/\/wp.ufpel.edu.br\/clc\/files\/2017\/08\/CA-Pagu-159x159.jpg 159w, https:\/\/wp.ufpel.edu.br\/clc\/files\/2017\/08\/CA-Pagu-318x318.jpg 318w, https:\/\/wp.ufpel.edu.br\/clc\/files\/2017\/08\/CA-Pagu-768x768.jpg 768w\" sizes=\"auto, (max-width: 248px) 100vw, 248px\" \/><strong>Sobre<\/strong><\/p>\n<p style=\"text-align: justify\">O <strong>Centro Acad\u00eamico Patr\u00edcia Galv\u00e3o (CA Pagu)<\/strong> representa os estudantes do curso de Jornalismo da UFPel desde o dia 22 de junho de 2017.<\/p>\n<p style=\"text-align: justify\">Nossa motiva\u00e7\u00e3o para criar a chapa foi acreditar que pol\u00edtica se faz todos os dias, seja nas grandes ou pequenas inst\u00e2ncias. A mudan\u00e7a que queremos no Brasil come\u00e7a nas pequenas a\u00e7\u00f5es, com engajamento e esfor\u00e7o. Acreditamos, sobretudo, no movimento estudantil e na sua for\u00e7a.<\/p>\n<p><strong>Nominata<\/strong><\/p>\n<p>Coordenadora Geral: Laura Marques<br \/>\n2\u00aa Coordenadora Geral: Isabelli Neckel<br \/>\nCoordenador de Finan\u00e7as: Roberta Pereira<br \/>\nSecret\u00e1rio Geral: Hiago Reisdoerfer<br \/>\nSecret\u00e1rio de Comunica\u00e7\u00e3o, Cultura e Eventos: Rui J\u00fanior<br \/>\nApoiadores: Mariana Hallal, Ana Maria de Oliveira (representante discente), J\u00falia M\u00fcller, D\u00e9bora Let\u00edcia<\/p>\n<p style=\"text-align: justify\"><strong>Acompanhe<\/strong><\/p>\n<p style=\"text-align: justify\">Temos uma <a href=\"https:\/\/www.facebook.com\/cajornalismoufpel\/?ref=br_rs\" target=\"_blank\" rel=\"noopener\">p\u00e1gina<\/a> e um <a href=\"https:\/\/www.facebook.com\/capaguufpel?ref=br_rs\" target=\"_blank\" rel=\"noopener\">perfil<\/a> no Facebook. Na p\u00e1gina, divulgamos as a\u00e7\u00f5es do CA. No perfil, tamb\u00e9m postamos materiais que possam ser do interesse dos estudantes de Jornalismo da Universidade, como vagas de est\u00e1gio, cursos e oportunidades.<\/p>\n<p style=\"text-align: justify\"><strong>Participe<\/strong><\/p>\n<p style=\"text-align: justify\">Estamos abertos \u00e0 qualquer aluno do curso que tenha interesse em somar. Nossas reuni\u00f5es acontecem na sala 104 do Anglo. Para saber o dia e hor\u00e1rio, basta falar com qualquer um dos membros. Tamb\u00e9m \u00e9 poss\u00edvel enviar sugest\u00f5es, d\u00favidas e opini\u00f5es em geral por meio do <a href=\"https:\/\/www.facebook.com\/capaguufpel?ref=br_rs\" target=\"_blank\" rel=\"noopener\">perfil<\/a> ou da <a href=\"https:\/\/www.facebook.com\/cajornalismoufpel\/?ref=br_rs\" target=\"_blank\" rel=\"noopener\">p\u00e1gina<\/a>.<\/p>\n<p style=\"text-align: justify\"><strong>Propostas<\/strong><\/p>\n<p style=\"text-align: justify\">Nossas a\u00e7\u00f5es s\u00e3o baseadas em seis pilares:<\/p>\n<p style=\"text-align: justify\">1) Forma\u00e7\u00e3o cr\u00edtica<\/p>\n<p style=\"text-align: justify\">&#8211; Organizar palestras e debates que contribuam na forma\u00e7\u00e3o de jornalistas conscientes do papel social de sua profiss\u00e3o, sempre valorizando a pluralidade de vozes e incentivando o pensamento cr\u00edtico.<\/p>\n<p style=\"text-align: justify\">2) Forma\u00e7\u00e3o t\u00e9cnica<\/p>\n<p style=\"text-align: justify\">&#8211; Realizar oficinas e cursos (principalmente relacionadas ao audiovisual) que deem ao aluno aptid\u00f5es para o exerc\u00edcio do jornalismo al\u00e9m das ensinadas em sala de aula.<\/p>\n<p style=\"text-align: justify\">&#8211; Lutar por melhorias na infraestrutura do curso para que, assim, haja melhor aproveitamento das disciplinas pr\u00e1ticas.<\/p>\n<p style=\"text-align: justify\">3) Uni\u00e3o<\/p>\n<p style=\"text-align: justify\">&#8211; Incentivar o di\u00e1logo e trabalhar em parceria com o CLC, os professores e outros centros acad\u00eamicos, visando ter maior for\u00e7a na hora de lutar pelos interesses dos alunos do curso.<\/p>\n<p style=\"text-align: justify\">4) Conviv\u00eancia<\/p>\n<p style=\"text-align: justify\">&#8211; Continuar buscando, junto aos \u00f3rg\u00e3os competentes da UFPel, por um espa\u00e7o de conviv\u00eancia apenas para os alunos do curso.<\/p>\n<p style=\"text-align: justify\">&#8211; Promover atividades que estimulem a integra\u00e7\u00e3o entre os acad\u00eamicos, como festas e eventos de rua.<\/p>\n<p style=\"text-align: justify\">5) Diversidade<\/p>\n<p style=\"text-align: justify\">&#8211; Somar no combate \u00e0s opress\u00f5es e ao preconceito, realizando a\u00e7\u00f5es que promovam o respeito \u00e0s minorias.<\/p>\n<p style=\"text-align: justify\">6) Compromisso<\/p>\n<p style=\"text-align: justify\">&#8211; Estar presente em conselhos e assembleias do Movimento Estudantil da UFPel, votando sempre de acordo com os interesses dos alunos do curso.<\/p>\n<p style=\"text-align: justify\">&#8211; Apoiar atos, paralisa\u00e7\u00f5es e protestos, desde que esses estejam em defesa de uma universidade p\u00fablica, gratuita e de qualidade.<\/p>\n","protected":false},"excerpt":{"rendered":"<p>Sobre O Centro Acad\u00eamico Patr\u00edcia Galv\u00e3o (CA Pagu) representa os estudantes do curso de Jornalismo da UFPel desde o dia 22 de junho de 2017. Nossa motiva\u00e7\u00e3o para criar a chapa foi acreditar que pol\u00edtica se faz todos os dias, &hellip; <a href=\"https:\/\/wp.ufpel.edu.br\/clc\/centro-academico-patricia-galvao-ca-pagu\/\">Continue lendo <span class=\"meta-nav\">&rarr;<\/span><\/a><\/p>\n","protected":false},"author":50,"featured_media":0,"parent":0,"menu_order":0,"comment_status":"closed","ping_status":"closed","template":"","meta":{"footnotes":""},"class_list":["post-5564","page","type-page","status-publish","hentry"],"_links":{"self":[{"href":"https:\/\/wp.ufpel.edu.br\/clc\/wp-json\/wp\/v2\/pages\/5564","targetHints":{"allow":["GET"]}}],"collection":[{"href":"https:\/\/wp.ufpel.edu.br\/clc\/wp-json\/wp\/v2\/pages"}],"about":[{"href":"https:\/\/wp.ufpel.edu.br\/clc\/wp-json\/wp\/v2\/types\/page"}],"author":[{"embeddable":true,"href":"https:\/\/wp.ufpel.edu.br\/clc\/wp-json\/wp\/v2\/users\/50"}],"replies":[{"embeddable":true,"href":"https:\/\/wp.ufpel.edu.br\/clc\/wp-json\/wp\/v2\/comments?post=5564"}],"version-history":[{"count":8,"href":"https:\/\/wp.ufpel.edu.br\/clc\/wp-json\/wp\/v2\/pages\/5564\/revisions"}],"predecessor-version":[{"id":8213,"href":"https:\/\/wp.ufpel.edu.br\/clc\/wp-json\/wp\/v2\/pages\/5564\/revisions\/8213"}],"wp:attachment":[{"href":"https:\/\/wp.ufpel.edu.br\/clc\/wp-json\/wp\/v2\/media?parent=5564"}],"curies":[{"name":"wp","href":"https:\/\/api.w.org\/{rel}","templated":true}]}}

Centro Acadêmico Patrícia Galvão (CA Pagu)

<p style="text-align: justify"><img loading="lazy" decoding="async" class="wp-image-5566 alignleft" src="https://wp.ufpel.edu.br/clc/files/2017/08/CA-Pagu.jpg" alt="" width="248" height="248" srcset="https://wp.ufpel.edu.br/clc/files/2017/08/CA-Pagu.jpg 900w, https://wp.ufpel.edu.br/clc/files/2017/08/CA-Pagu-159x159.jpg 159w, https://wp.ufpel.edu.br/clc/files/2017/08/CA-Pagu-318x318.jpg 318w, https://wp.ufpel.edu.br/clc/files/2017/08/CA-Pagu-768x768.jpg 768w" sizes="auto, (max-width: 248px) 100vw, 248px" /><strong>Sobre</strong></p>
<p style="text-align: justify">O <strong>Centro Acadêmico Patrícia Galvão (CA Pagu)</strong> representa os estudantes do curso de Jornalismo da UFPel desde o dia 22 de junho de 2017.</p>
<p style="text-align: justify">Nossa motivação para criar a chapa foi acreditar que política se faz todos os dias, seja nas grandes ou pequenas instâncias. A mudança que queremos no Brasil começa nas pequenas ações, com engajamento e esforço. Acreditamos, sobretudo, no movimento estudantil e na sua força.</p>
<p><strong>Nominata</strong></p>
<p>Coordenadora Geral: Laura Marques<br />
2ª Coordenadora Geral: Isabelli Neckel<br />
Coordenador de Finanças: Roberta Pereira<br />
Secretário Geral: Hiago Reisdoerfer<br />
Secretário de Comunicação, Cultura e Eventos: Rui Júnior<br />
Apoiadores: Mariana Hallal, Ana Maria de Oliveira (representante discente), Júlia Müller, Débora Letícia</p>
<p style="text-align: justify"><strong>Acompanhe</strong></p>
<p style="text-align: justify">Temos uma <a href="https://www.facebook.com/cajornalismoufpel/?ref=br_rs" target="_blank" rel="noopener">página</a> e um <a href="https://www.facebook.com/capaguufpel?ref=br_rs" target="_blank" rel="noopener">perfil</a> no Facebook. Na página, divulgamos as ações do CA. No perfil, também postamos materiais que possam ser do interesse dos estudantes de Jornalismo da Universidade, como vagas de estágio, cursos e oportunidades.</p>
<p style="text-align: justify"><strong>Participe</strong></p>
<p style="text-align: justify">Estamos abertos à qualquer aluno do curso que tenha interesse em somar. Nossas reuniões acontecem na sala 104 do Anglo. Para saber o dia e horário, basta falar com qualquer um dos membros. Também é possível enviar sugestões, dúvidas e opiniões em geral por meio do <a href="https://www.facebook.com/capaguufpel?ref=br_rs" target="_blank" rel="noopener">perfil</a> ou da <a href="https://www.facebook.com/cajornalismoufpel/?ref=br_rs" target="_blank" rel="noopener">página</a>.</p>
<p style="text-align: justify"><strong>Propostas</strong></p>
<p style="text-align: justify">Nossas ações são baseadas em seis pilares:</p>
<p style="text-align: justify">1) Formação crítica</p>
<p style="text-align: justify">&#8211; Organizar palestras e debates que contribuam na formação de jornalistas conscientes do papel social de sua profissão, sempre valorizando a pluralidade de vozes e incentivando o pensamento crítico.</p>
<p style="text-align: justify">2) Formação técnica</p>
<p style="text-align: justify">&#8211; Realizar oficinas e cursos (principalmente relacionadas ao audiovisual) que deem ao aluno aptidões para o exercício do jornalismo além das ensinadas em sala de aula.</p>
<p style="text-align: justify">&#8211; Lutar por melhorias na infraestrutura do curso para que, assim, haja melhor aproveitamento das disciplinas práticas.</p>
<p style="text-align: justify">3) União</p>
<p style="text-align: justify">&#8211; Incentivar o diálogo e trabalhar em parceria com o CLC, os professores e outros centros acadêmicos, visando ter maior força na hora de lutar pelos interesses dos alunos do curso.</p>
<p style="text-align: justify">4) Convivência</p>
<p style="text-align: justify">&#8211; Continuar buscando, junto aos órgãos competentes da UFPel, por um espaço de convivência apenas para os alunos do curso.</p>
<p style="text-align: justify">&#8211; Promover atividades que estimulem a integração entre os acadêmicos, como festas e eventos de rua.</p>
<p style="text-align: justify">5) Diversidade</p>
<p style="text-align: justify">&#8211; Somar no combate às opressões e ao preconceito, realizando ações que promovam o respeito às minorias.</p>
<p style="text-align: justify">6) Compromisso</p>
<p style="text-align: justify">&#8211; Estar presente em conselhos e assembleias do Movimento Estudantil da UFPel, votando sempre de acordo com os interesses dos alunos do curso.</p>
<p style="text-align: justify">&#8211; Apoiar atos, paralisações e protestos, desde que esses estejam em defesa de uma universidade pública, gratuita e de qualidade.</p>

<p>Sobre O Centro Acadêmico Patrícia Galvão (CA Pagu) representa os estudantes do curso de Jornalismo da UFPel desde o dia 22 de junho de 2017. Nossa motivação para criar a chapa foi acreditar que política se faz todos os dias, &hellip; <a href="https://wp.ufpel.edu.br/clc/centro-academico-patricia-galvao-ca-pagu/">Continue lendo <span class="meta-nav">&rarr;</span></a></p>
