{"id":5350,"date":"2017-07-12T15:46:49","date_gmt":"2017-07-12T18:46:49","guid":{"rendered":"https:\/\/wp.ufpel.edu.br\/clc\/?page_id=5350"},"modified":"2023-06-19T15:29:30","modified_gmt":"2023-06-19T18:29:30","slug":"documentos-bolsistas","status":"publish","type":"page","link":"https:\/\/wp.ufpel.edu.br\/clc\/documentos-bolsistas\/","title":{"rendered":"Documentos bolsistas"},"content":{"rendered":"<div style=\"text-align: justify;\">A Pr\u00f3-Reitoria de Extens\u00e3o e Cultura exige o acompanhamento da efetividade dos bolsistas de extens\u00e3o.<\/div>\n<p style=\"text-align: justify;\">&#8211; A declara\u00e7\u00e3o de efetividade do <span class=\"il\">bolsista<\/span> dever\u00e1 ser enviada para o e-mail\u00a0<a href=\"mailto:bolsas.extensao@ufpel.edu.br\" target=\"_blank\" rel=\"noopener\">bolsas.extensao@ufpel.edu.br<\/a>\u00a0at\u00e9 o \u00faltimo dia \u00fatil do m\u00eas corrente, atrav\u00e9s do e-mail pessoal do coordenador.<\/p>\n<div>\n<p><strong>Orienta\u00e7\u00f5es<\/strong> est\u00e3o dispon\u00edveis no\u00a0<a href=\"https:\/\/wp.ufpel.edu.br\/clc\/files\/2017\/07\/Memorando-Circular-08-2017-Efetividade-Bolsistas.pdf\" target=\"_blank\" rel=\"noopener\">memorando circular 08\/2017.<\/a><\/p>\n<p><strong>Modelos<\/strong> de documentos que dever\u00e3o ser utilizados:<\/p>\n<\/div>\n<ul>\n<li><strong>Documentos para controle da efetividade do bolsista:<\/strong>\n<p><a href=\"https:\/\/wp.ufpel.edu.br\/prec\/files\/2021\/05\/Declaracao-de-Efetividade-do-Bolsista-2021-Coordenador.docx\">Declara\u00e7\u00e3o de Efetividade do Bolsista \u2013 Coordenador<\/a><\/p>\n<p><a href=\"https:\/\/wp.ufpel.edu.br\/prec\/files\/2021\/05\/Declaracao-de-Efetividade-do-Bolsista-2021-Coordenador-Adjunto.docx\">Declara\u00e7\u00e3o de Efetividade do Bolsista \u2013 Coordenador Adjunto<\/a><\/p>\n<p><a href=\"https:\/\/wp.ufpel.edu.br\/prec\/files\/2019\/05\/Formul%C3%A1rio-de-controle-de-frequ%C3%AAncia-do-bolsista-2019.docx\">Formul\u00e1rio de controle de frequ\u00eancia do bolsista<\/a>\u00a0\u2013\u00a0<em>(Para controle do orientador, n\u00e3o \u00e9 necess\u00e1rio enviar \u00e0 PREC)<\/em><\/li>\n<\/ul>\n","protected":false},"excerpt":{"rendered":"<p>A Pr\u00f3-Reitoria de Extens\u00e3o e Cultura exige o acompanhamento da efetividade dos bolsistas de extens\u00e3o. &#8211; A declara\u00e7\u00e3o de efetividade do bolsista dever\u00e1 ser enviada para o e-mail\u00a0bolsas.extensao@ufpel.edu.br\u00a0at\u00e9 o \u00faltimo dia \u00fatil do m\u00eas corrente, atrav\u00e9s do e-mail pessoal do &hellip; <a href=\"https:\/\/wp.ufpel.edu.br\/clc\/documentos-bolsistas\/\">Continue lendo <span class=\"meta-nav\">&rarr;<\/span><\/a><\/p>\n","protected":false},"author":50,"featured_media":0,"parent":0,"menu_order":0,"comment_status":"closed","ping_status":"closed","template":"","meta":{"footnotes":""},"class_list":["post-5350","page","type-page","status-publish","hentry"],"_links":{"self":[{"href":"https:\/\/wp.ufpel.edu.br\/clc\/wp-json\/wp\/v2\/pages\/5350","targetHints":{"allow":["GET"]}}],"collection":[{"href":"https:\/\/wp.ufpel.edu.br\/clc\/wp-json\/wp\/v2\/pages"}],"about":[{"href":"https:\/\/wp.ufpel.edu.br\/clc\/wp-json\/wp\/v2\/types\/page"}],"author":[{"embeddable":true,"href":"https:\/\/wp.ufpel.edu.br\/clc\/wp-json\/wp\/v2\/users\/50"}],"replies":[{"embeddable":true,"href":"https:\/\/wp.ufpel.edu.br\/clc\/wp-json\/wp\/v2\/comments?post=5350"}],"version-history":[{"count":4,"href":"https:\/\/wp.ufpel.edu.br\/clc\/wp-json\/wp\/v2\/pages\/5350\/revisions"}],"predecessor-version":[{"id":15076,"href":"https:\/\/wp.ufpel.edu.br\/clc\/wp-json\/wp\/v2\/pages\/5350\/revisions\/15076"}],"wp:attachment":[{"href":"https:\/\/wp.ufpel.edu.br\/clc\/wp-json\/wp\/v2\/media?parent=5350"}],"curies":[{"name":"wp","href":"https:\/\/api.w.org\/{rel}","templated":true}]}}

<div style="text-align: justify;">A Pró-Reitoria de Extensão e Cultura exige o acompanhamento da efetividade dos bolsistas de extensão.</div>
<p style="text-align: justify;">&#8211; A declaração de efetividade do <span class="il">bolsista</span> deverá ser enviada para o e-mail <a href="mailto:bolsas.extensao@ufpel.edu.br" target="_blank" rel="noopener">bolsas.extensao@ufpel.edu.br</a> até o último dia útil do mês corrente, através do e-mail pessoal do coordenador.</p>
<div>
<p><strong>Orientações</strong> estão disponíveis no <a href="https://wp.ufpel.edu.br/clc/files/2017/07/Memorando-Circular-08-2017-Efetividade-Bolsistas.pdf" target="_blank" rel="noopener">memorando circular 08/2017.</a></p>
<p><strong>Modelos</strong> de documentos que deverão ser utilizados:</p>
</div>
<ul>
<li><strong>Documentos para controle da efetividade do bolsista:</strong>
<p><a href="https://wp.ufpel.edu.br/prec/files/2021/05/Declaracao-de-Efetividade-do-Bolsista-2021-Coordenador.docx">Declaração de Efetividade do Bolsista – Coordenador</a></p>
<p><a href="https://wp.ufpel.edu.br/prec/files/2021/05/Declaracao-de-Efetividade-do-Bolsista-2021-Coordenador-Adjunto.docx">Declaração de Efetividade do Bolsista – Coordenador Adjunto</a></p>
<p><a href="https://wp.ufpel.edu.br/prec/files/2019/05/Formul%C3%A1rio-de-controle-de-frequ%C3%AAncia-do-bolsista-2019.docx">Formulário de controle de frequência do bolsista</a> – <em>(Para controle do orientador, não é necessário enviar à PREC)</em></li>
</ul>

<p>A Pró-Reitoria de Extensão e Cultura exige o acompanhamento da efetividade dos bolsistas de extensão. &#8211; A declaração de efetividade do bolsista deverá ser enviada para o e-mail bolsas.extensao@ufpel.edu.br até o último dia útil do mês corrente, através do e-mail pessoal do &hellip; <a href="https://wp.ufpel.edu.br/clc/documentos-bolsistas/">Continue lendo <span class="meta-nav">&rarr;</span></a></p>
