{"id":3703,"date":"2015-11-25T14:50:53","date_gmt":"2015-11-25T16:50:53","guid":{"rendered":"https:\/\/wp.ufpel.edu.br\/clc\/?page_id=3703"},"modified":"2018-11-16T18:18:32","modified_gmt":"2018-11-16T20:18:32","slug":"lampell","status":"publish","type":"page","link":"https:\/\/wp.ufpel.edu.br\/clc\/lampell\/","title":{"rendered":"LAMPELL"},"content":{"rendered":"<p style=\"text-align: justify\">O <strong>Laborat\u00f3rio Multim\u00eddia de Pesquisa em Estudos da Linguagem e Literatura \u2013 LAMPELL<\/strong> foi aprovado via Projeto da UFPel no Edital Pr\u00f3-equipamentos Institucional (de acordo com o Edital n\u00ba 025\/2011 \u2013 Capes) com o objetivo principal de dar apoio \u00e0s pesquisas desenvolvidas no \u00e2mbito Programa de P\u00f3s-Gradua\u00e7\u00e3o em Letras <em>stricto sensu <\/em>\u2013 Mestrado, mais especificamente aquelas que trabalham com a coleta e an\u00e1lise de dados de \u00e1udio, v\u00eddeo e imagem, bem como as relacionadas \u00e0 produ\u00e7\u00e3o de materiais de ensino\/aprendizagem de l\u00edngua e literatura. Tendo em vista o uso compartilhado dos equipamentos do LAMPELL, o subprojeto j\u00e1 considerava a continuidade das discuss\u00f5es e interlocu\u00e7\u00f5es entre pesquisadores para al\u00e9m do PPGL \u2013 Mestrado, oportunizando trabalhos e parcerias com pesquisadores do Centro de Letras e Comunica\u00e7\u00e3o e de outros Centros, Faculdades e Cursos da Universidade Federal de Pelotas, de outras Institui\u00e7\u00f5es de Ensino Superior (P\u00fablicas e Privadas) e de Organiza\u00e7\u00f5es p\u00fablicas e privadas (Bibliotecas, Institutos Culturais, ONGs). A intersec\u00e7\u00e3o de usos t\u00e3o variados, com pesquisas de Estudos da Linguagem, Literatura, Computa\u00e7\u00e3o e Educa\u00e7\u00e3o, al\u00e9m das especificidades que cada uma das \u00e1reas possui envolvendo saberes e profissionais m\u00faltiplos, evidencia o apoio a projetos investigativos que contribuem para o desenvolvimento de novas pesquisas, no aperfei\u00e7oamento docente e discente e na comunidade acad\u00eamica.<\/p>\n<p style=\"text-align: justify\">Os Grupos de Pesquisa <em>Elabora\u00e7\u00e3o de materiais e pr\u00e1ticas pedag\u00f3gicas na aprendizagem de l\u00ednguas, Emerg\u00eancia da Linguagem Oral (ELO) <\/em>e <em>\u00cdCARO (Interdisciplinaridade, Cr\u00edtica ao Autoritarismo, Regionalidade e Oralidade)<\/em>, todos registrados no CNPq e certificados pela institui\u00e7\u00e3o, fundamentaram o subprojeto aprovado no ano de 2011 e s\u00e3o os respons\u00e1veis pela coordena\u00e7\u00e3o das atividades t\u00e9cnico-cient\u00edficas e administrativas do LAMPELL, em conformidade com este regulamento.<\/p>\n<p style=\"text-align: justify\"><strong>Cursos Atendidos:<\/strong> todos os cursos da universidade que tenham interesse nessas \u00e1reas mediante a apresenta\u00e7\u00e3o de projetos que ser\u00e3o avaliados pela coordena\u00e7\u00e3o e elaboradas diretrizes que sua execu\u00e7\u00e3o (utiliza\u00e7\u00e3o de equipamentos, reserva do espa\u00e7o para reuni\u00f5es e orienta\u00e7\u00e3o, etc).<\/p>\n<p style=\"text-align: justify\"><strong>Materiais Dispon\u00edveis:<\/strong> Computadores, c\u00e2meras filmadoras, gravadores e scanners.<\/p>\n<p style=\"text-align: justify\"><strong>Respons\u00e1veis:<\/strong>\u00a0Rafael Vetromille Castro<\/p>\n<p style=\"text-align: justify\"><strong>Sala:<\/strong> 119, Campus Porto<\/p>\n<p style=\"text-align: justify\"><strong>Dias dispon\u00edveis:<\/strong> segunda a sexta-feira &#8211; atividades de orienta\u00e7\u00e3o, desenvolvimento de projetos, digitaliza\u00e7\u00e3o, entre outras atividades &#8211; para demais atividades envolvendo interessados de outros grupos, cursos, centros, dever\u00e1 ser submetido projeto junto a coordena\u00e7\u00e3o.<\/p>\n<p style=\"text-align: justify\"><strong>Grupo de estudos:<\/strong> <a href=\"https:\/\/wp.ufpel.edu.br\/grupoicaro\/\">https:\/\/wp.ufpel.edu.br\/grupoicaro\/<\/a><\/p>\n<p style=\"text-align: justify\"><strong>Contato:\u00a0<\/strong><a href=\"mailto:vetromillecastro@gmail.com\">vetromillecastro@gmail.com\u00a0<\/a><\/p>\n<p style=\"text-align: justify\"><strong>Para mais informa\u00e7\u00f5es:<\/strong> <a href=\"https:\/\/wp.ufpel.edu.br\/clc\/files\/2015\/11\/Regulamento_Lampell.pdf\">Regulamento &#8211; Lampell<\/a><\/p>\n","protected":false},"excerpt":{"rendered":"<p>O Laborat\u00f3rio Multim\u00eddia de Pesquisa em Estudos da Linguagem e Literatura \u2013 LAMPELL foi aprovado via Projeto da UFPel no Edital Pr\u00f3-equipamentos Institucional (de acordo com o Edital n\u00ba 025\/2011 \u2013 Capes) com o objetivo principal de dar apoio \u00e0s &hellip; <a href=\"https:\/\/wp.ufpel.edu.br\/clc\/lampell\/\">Continue lendo <span class=\"meta-nav\">&rarr;<\/span><\/a><\/p>\n","protected":false},"author":50,"featured_media":0,"parent":0,"menu_order":3,"comment_status":"closed","ping_status":"closed","template":"","meta":{"footnotes":""},"class_list":["post-3703","page","type-page","status-publish","hentry"],"_links":{"self":[{"href":"https:\/\/wp.ufpel.edu.br\/clc\/wp-json\/wp\/v2\/pages\/3703","targetHints":{"allow":["GET"]}}],"collection":[{"href":"https:\/\/wp.ufpel.edu.br\/clc\/wp-json\/wp\/v2\/pages"}],"about":[{"href":"https:\/\/wp.ufpel.edu.br\/clc\/wp-json\/wp\/v2\/types\/page"}],"author":[{"embeddable":true,"href":"https:\/\/wp.ufpel.edu.br\/clc\/wp-json\/wp\/v2\/users\/50"}],"replies":[{"embeddable":true,"href":"https:\/\/wp.ufpel.edu.br\/clc\/wp-json\/wp\/v2\/comments?post=3703"}],"version-history":[{"count":3,"href":"https:\/\/wp.ufpel.edu.br\/clc\/wp-json\/wp\/v2\/pages\/3703\/revisions"}],"predecessor-version":[{"id":8349,"href":"https:\/\/wp.ufpel.edu.br\/clc\/wp-json\/wp\/v2\/pages\/3703\/revisions\/8349"}],"wp:attachment":[{"href":"https:\/\/wp.ufpel.edu.br\/clc\/wp-json\/wp\/v2\/media?parent=3703"}],"curies":[{"name":"wp","href":"https:\/\/api.w.org\/{rel}","templated":true}]}}

<p style="text-align: justify">O <strong>Laboratório Multimídia de Pesquisa em Estudos da Linguagem e Literatura – LAMPELL</strong> foi aprovado via Projeto da UFPel no Edital Pró-equipamentos Institucional (de acordo com o Edital nº 025/2011 – Capes) com o objetivo principal de dar apoio às pesquisas desenvolvidas no âmbito Programa de Pós-Graduação em Letras <em>stricto sensu </em>– Mestrado, mais especificamente aquelas que trabalham com a coleta e análise de dados de áudio, vídeo e imagem, bem como as relacionadas à produção de materiais de ensino/aprendizagem de língua e literatura. Tendo em vista o uso compartilhado dos equipamentos do LAMPELL, o subprojeto já considerava a continuidade das discussões e interlocuções entre pesquisadores para além do PPGL – Mestrado, oportunizando trabalhos e parcerias com pesquisadores do Centro de Letras e Comunicação e de outros Centros, Faculdades e Cursos da Universidade Federal de Pelotas, de outras Instituições de Ensino Superior (Públicas e Privadas) e de Organizações públicas e privadas (Bibliotecas, Institutos Culturais, ONGs). A intersecção de usos tão variados, com pesquisas de Estudos da Linguagem, Literatura, Computação e Educação, além das especificidades que cada uma das áreas possui envolvendo saberes e profissionais múltiplos, evidencia o apoio a projetos investigativos que contribuem para o desenvolvimento de novas pesquisas, no aperfeiçoamento docente e discente e na comunidade acadêmica.</p>
<p style="text-align: justify">Os Grupos de Pesquisa <em>Elaboração de materiais e práticas pedagógicas na aprendizagem de línguas, Emergência da Linguagem Oral (ELO) </em>e <em>ÍCARO (Interdisciplinaridade, Crítica ao Autoritarismo, Regionalidade e Oralidade)</em>, todos registrados no CNPq e certificados pela instituição, fundamentaram o subprojeto aprovado no ano de 2011 e são os responsáveis pela coordenação das atividades técnico-científicas e administrativas do LAMPELL, em conformidade com este regulamento.</p>
<p style="text-align: justify"><strong>Cursos Atendidos:</strong> todos os cursos da universidade que tenham interesse nessas áreas mediante a apresentação de projetos que serão avaliados pela coordenação e elaboradas diretrizes que sua execução (utilização de equipamentos, reserva do espaço para reuniões e orientação, etc).</p>
<p style="text-align: justify"><strong>Materiais Disponíveis:</strong> Computadores, câmeras filmadoras, gravadores e scanners.</p>
<p style="text-align: justify"><strong>Responsáveis:</strong> Rafael Vetromille Castro</p>
<p style="text-align: justify"><strong>Sala:</strong> 119, Campus Porto</p>
<p style="text-align: justify"><strong>Dias disponíveis:</strong> segunda a sexta-feira &#8211; atividades de orientação, desenvolvimento de projetos, digitalização, entre outras atividades &#8211; para demais atividades envolvendo interessados de outros grupos, cursos, centros, deverá ser submetido projeto junto a coordenação.</p>
<p style="text-align: justify"><strong>Grupo de estudos:</strong> <a href="https://wp.ufpel.edu.br/grupoicaro/">https://wp.ufpel.edu.br/grupoicaro/</a></p>
<p style="text-align: justify"><strong>Contato: </strong><a href="mailto:vetromillecastro@gmail.com">vetromillecastro@gmail.com </a></p>
<p style="text-align: justify"><strong>Para mais informações:</strong> <a href="https://wp.ufpel.edu.br/clc/files/2015/11/Regulamento_Lampell.pdf">Regulamento &#8211; Lampell</a></p>

<p>O Laboratório Multimídia de Pesquisa em Estudos da Linguagem e Literatura – LAMPELL foi aprovado via Projeto da UFPel no Edital Pró-equipamentos Institucional (de acordo com o Edital nº 025/2011 – Capes) com o objetivo principal de dar apoio às &hellip; <a href="https://wp.ufpel.edu.br/clc/lampell/">Continue lendo <span class="meta-nav">&rarr;</span></a></p>
