{"id":11969,"date":"2021-03-30T16:10:01","date_gmt":"2021-03-30T19:10:01","guid":{"rendered":"https:\/\/wp.ufpel.edu.br\/clc\/?page_id=11969"},"modified":"2025-03-24T13:49:20","modified_gmt":"2025-03-24T16:49:20","slug":"atas-diversas","status":"publish","type":"page","link":"https:\/\/wp.ufpel.edu.br\/clc\/atas-diversas\/","title":{"rendered":"Atas diversas"},"content":{"rendered":"<p><a href=\"https:\/\/wp.ufpel.edu.br\/clc\/files\/2022\/09\/SEI_UFPel-1822045-Ata-de-Reuniao-Geral-01-08-22.pdf\">SEI_UFPel &#8211; 1822045 &#8211; Ata de Reuni\u00e3o Geral 01-08-22<\/a>\u00a0&#8211; Reuni\u00e3o Geral CLC em 01\/08\/2022<\/p>\n<p><a href=\"https:\/\/wp.ufpel.edu.br\/clc\/files\/2021\/03\/Ata-reuniao-geral-09-03-21.pdf\">Ata reuni\u00e3o geral 09-03-21<\/a> &#8211; Reuni\u00e3o com Docentes em mar\u00e7o de 2021<\/p>\n<p><a href=\"https:\/\/wp.ufpel.edu.br\/clc\/files\/2025\/03\/ATA-DE-REUNIAO-DA-ASSEMBLEIA-ESTUDANTIL.pdf\">ATA DE REUNI\u00c3O DA ASSEMBLEIA ESTUDANTIL<\/a> &#8211; Assembleia Estudantil CLC 18\/03\/2025<\/p>\n","protected":false},"excerpt":{"rendered":"<p>SEI_UFPel &#8211; 1822045 &#8211; Ata de Reuni\u00e3o Geral 01-08-22\u00a0&#8211; Reuni\u00e3o Geral CLC em 01\/08\/2022 Ata reuni\u00e3o geral 09-03-21 &#8211; Reuni\u00e3o com Docentes em mar\u00e7o de 2021 ATA DE REUNI\u00c3O DA ASSEMBLEIA ESTUDANTIL &#8211; Assembleia Estudantil CLC 18\/03\/2025<\/p>\n","protected":false},"author":50,"featured_media":0,"parent":0,"menu_order":0,"comment_status":"closed","ping_status":"closed","template":"","meta":{"footnotes":""},"class_list":["post-11969","page","type-page","status-publish","hentry"],"_links":{"self":[{"href":"https:\/\/wp.ufpel.edu.br\/clc\/wp-json\/wp\/v2\/pages\/11969","targetHints":{"allow":["GET"]}}],"collection":[{"href":"https:\/\/wp.ufpel.edu.br\/clc\/wp-json\/wp\/v2\/pages"}],"about":[{"href":"https:\/\/wp.ufpel.edu.br\/clc\/wp-json\/wp\/v2\/types\/page"}],"author":[{"embeddable":true,"href":"https:\/\/wp.ufpel.edu.br\/clc\/wp-json\/wp\/v2\/users\/50"}],"replies":[{"embeddable":true,"href":"https:\/\/wp.ufpel.edu.br\/clc\/wp-json\/wp\/v2\/comments?post=11969"}],"version-history":[{"count":4,"href":"https:\/\/wp.ufpel.edu.br\/clc\/wp-json\/wp\/v2\/pages\/11969\/revisions"}],"predecessor-version":[{"id":17830,"href":"https:\/\/wp.ufpel.edu.br\/clc\/wp-json\/wp\/v2\/pages\/11969\/revisions\/17830"}],"wp:attachment":[{"href":"https:\/\/wp.ufpel.edu.br\/clc\/wp-json\/wp\/v2\/media?parent=11969"}],"curies":[{"name":"wp","href":"https:\/\/api.w.org\/{rel}","templated":true}]}}

<p><a href="https://wp.ufpel.edu.br/clc/files/2022/09/SEI_UFPel-1822045-Ata-de-Reuniao-Geral-01-08-22.pdf">SEI_UFPel &#8211; 1822045 &#8211; Ata de Reunião Geral 01-08-22</a> &#8211; Reunião Geral CLC em 01/08/2022</p>
<p><a href="https://wp.ufpel.edu.br/clc/files/2021/03/Ata-reuniao-geral-09-03-21.pdf">Ata reunião geral 09-03-21</a> &#8211; Reunião com Docentes em março de 2021</p>
<p><a href="https://wp.ufpel.edu.br/clc/files/2025/03/ATA-DE-REUNIAO-DA-ASSEMBLEIA-ESTUDANTIL.pdf">ATA DE REUNIÃO DA ASSEMBLEIA ESTUDANTIL</a> &#8211; Assembleia Estudantil CLC 18/03/2025</p>

<p>SEI_UFPel &#8211; 1822045 &#8211; Ata de Reunião Geral 01-08-22 &#8211; Reunião Geral CLC em 01/08/2022 Ata reunião geral 09-03-21 &#8211; Reunião com Docentes em março de 2021 ATA DE REUNIÃO DA ASSEMBLEIA ESTUDANTIL &#8211; Assembleia Estudantil CLC 18/03/2025</p>
