{"id":10141,"date":"2019-10-31T16:37:49","date_gmt":"2019-10-31T19:37:49","guid":{"rendered":"https:\/\/wp.ufpel.edu.br\/clc\/?page_id=10141"},"modified":"2025-10-24T14:58:54","modified_gmt":"2025-10-24T17:58:54","slug":"camara-de-extensao","status":"publish","type":"page","link":"https:\/\/wp.ufpel.edu.br\/clc\/camara-de-extensao\/","title":{"rendered":"C\u00e2mara de Extens\u00e3o"},"content":{"rendered":"<p style=\"text-align: center;\"><strong>Acesse as p\u00e1ginas da C\u00e2mara de Extens\u00e3o do CLC:<\/strong><\/p>\n<p style=\"text-align: center;\"><span style=\"background-color: #ffff99;\"><strong><a style=\"background-color: #ffff99;\" href=\"https:\/\/wp.ufpel.edu.br\/clc\/projetos-de-extensao\/\" target=\"_blank\" rel=\"noopener noreferrer\">Projetos desenvolvidos<\/a><\/strong><\/span><\/p>\n<p style=\"text-align: center;\"><span style=\"background-color: #ccffcc; color: #333333;\"><a style=\"background-color: #ccffcc; color: #333333;\" href=\"https:\/\/wp.ufpel.edu.br\/cursosdelinguas\/\" target=\"_blank\" rel=\"noopener noreferrer\"><img loading=\"lazy\" decoding=\"async\" class=\"alignnone wp-image-10581\" src=\"https:\/\/wp.ufpel.edu.br\/clc\/files\/2020\/03\/Logo-Cursos-de-Linguas-2018-por-Daniela-Agendes.png\" alt=\"\" width=\"49\" height=\"36\" srcset=\"https:\/\/wp.ufpel.edu.br\/clc\/files\/2020\/03\/Logo-Cursos-de-Linguas-2018-por-Daniela-Agendes.png 1600w, https:\/\/wp.ufpel.edu.br\/clc\/files\/2020\/03\/Logo-Cursos-de-Linguas-2018-por-Daniela-Agendes-424x308.png 424w, https:\/\/wp.ufpel.edu.br\/clc\/files\/2020\/03\/Logo-Cursos-de-Linguas-2018-por-Daniela-Agendes-212x154.png 212w, https:\/\/wp.ufpel.edu.br\/clc\/files\/2020\/03\/Logo-Cursos-de-Linguas-2018-por-Daniela-Agendes-768x559.png 768w, https:\/\/wp.ufpel.edu.br\/clc\/files\/2020\/03\/Logo-Cursos-de-Linguas-2018-por-Daniela-Agendes-1536x1117.png 1536w\" sizes=\"auto, (max-width: 49px) 100vw, 49px\" \/><\/a><a style=\"background-color: #ccffcc; color: #333333;\" href=\"https:\/\/wp.ufpel.edu.br\/cursosdelinguas\/\" target=\"_blank\" rel=\"noopener noreferrer\">Site dos Cursos de L\u00ednguas <\/a><\/span><\/p>\n<table class=\"aligncenter\" style=\"width: 100%; border-collapse: collapse; border-style: double; border-color: #4d4a4a; background-color: #e8f7fc;\" border=\"1\">\n<tbody>\n<tr style=\"height: 23px;\">\n<td style=\"width: 54.6729%; height: 23px;\">\n<ul>\n<li><a href=\"https:\/\/wp.ufpel.edu.br\/clc\/tclle-testes-de-competencia\/\" target=\"_blank\" rel=\"noopener noreferrer\">Teste de Compet\u00eancia em Leitura em LE<\/a><\/li>\n<\/ul>\n<\/td>\n<td style=\"width: 48.2867%; height: 23px;\">\n<ul>\n<li>\u00a0<a style=\"font-family: inherit;\" href=\"https:\/\/wp.ufpel.edu.br\/clc\/cursos-basicos-de-linguas\/\" target=\"_blank\" rel=\"noopener noreferrer\">Sobre os Cursos de L\u00ednguas<\/a><\/li>\n<\/ul>\n<\/td>\n<\/tr>\n<tr style=\"height: 23px;\">\n<td style=\"width: 54.6729%; height: 23px;\">\n<ul>\n<li><a href=\"https:\/\/wp.ufpel.edu.br\/clc\/todas-as-noticias\/\" target=\"_blank\" rel=\"noopener noreferrer\">Todas as not\u00edcias dos Cursos<\/a><\/li>\n<\/ul>\n<\/td>\n<td style=\"width: 48.2867%; height: 23px;\">\n<ul>\n<li><a href=\"https:\/\/wp.ufpel.edu.br\/cursosdelinguas\/locais\/\" target=\"_blank\" rel=\"noopener noreferrer\">Locais dos Cursos<\/a><\/li>\n<\/ul>\n<\/td>\n<\/tr>\n<tr style=\"height: 23px;\">\n<td style=\"width: 54.6729%; height: 23px;\">\n<ul>\n<li><a href=\"https:\/\/wp.ufpel.edu.br\/clc\/cursos-basicos-de-linguas\/trancamento-do-curso\/\" target=\"_blank\" rel=\"noopener noreferrer\">Trancamento do curso<\/a><\/li>\n<\/ul>\n<\/td>\n<td style=\"width: 48.2867%; height: 23px;\">\n<ul>\n<li><a href=\"https:\/\/wp.ufpel.edu.br\/clc\/publicacoes-extensionistas\/\" target=\"_blank\" rel=\"noopener noreferrer\">Publica\u00e7\u00f5es extensionistas<\/a><\/li>\n<\/ul>\n<\/td>\n<\/tr>\n<tr style=\"height: 23px;\">\n<td style=\"width: 54.6729%; height: 23px;\">\n<ul>\n<li><a href=\"https:\/\/wp.ufpel.edu.br\/clc\/certificados-de-extensao\/\" target=\"_blank\" rel=\"noopener noreferrer\">Certificados de extens\u00e3o<\/a><\/li>\n<\/ul>\n<\/td>\n<td style=\"width: 48.2867%; height: 23px;\">\n<ul>\n<li><a href=\"https:\/\/wp.ufpel.edu.br\/clc\/fluxo-de-projetos-de-extensao\/\" target=\"_blank\" rel=\"noopener noreferrer\">Fluxo de Projetos de Extens\u00e3o<\/a><\/li>\n<\/ul>\n<\/td>\n<\/tr>\n<tr style=\"height: 23px;\">\n<td style=\"width: 54.6729%; height: 23px;\">\n<ul>\n<li><a href=\"https:\/\/wp.ufpel.edu.br\/clc\/documentos-bolsistas\/\" target=\"_blank\" rel=\"noopener noreferrer\">Orienta\u00e7\u00e3o a coordenadores para efetividade de bolsistas<\/a><\/li>\n<\/ul>\n<\/td>\n<td style=\"width: 48.2867%; height: 23px;\">\n<ul>\n<li><a href=\"https:\/\/wp.ufpel.edu.br\/clc\/tutoriais-projetos-de-extensao-no-cobalto\/\" target=\"_blank\" rel=\"noopener noreferrer\">Tutoriais no Cobalto<\/a><\/li>\n<\/ul>\n<\/td>\n<\/tr>\n<tr style=\"height: 23px;\">\n<td style=\"width: 54.6729%; height: 23px;\">\n<ul>\n<li><a href=\"https:\/\/wp.ufpel.edu.br\/clc\/tutoriais-projetos-de-extensao-no-sei\/\" target=\"_blank\" rel=\"noopener noreferrer\">Tutoriais no SEI<\/a><\/li>\n<\/ul>\n<\/td>\n<td style=\"width: 48.2867%; height: 23px;\">\n<ul>\n<li><a href=\"https:\/\/wp.ufpel.edu.br\/clc\/projetos-de-extensao\/\" target=\"_blank\" rel=\"noopener noreferrer\">Projetos desenvolvidos<\/a><\/li>\n<\/ul>\n<\/td>\n<\/tr>\n<tr>\n<td style=\"width: 54.6729%;\">\n<ul>\n<li><a href=\"https:\/\/wp.ufpel.edu.br\/prec\/siex\/certificados\/\" target=\"_blank\" rel=\"noopener noreferrer\">Orienta\u00e7\u00e3o: certificados\u00a0de extens\u00e3o<\/a><\/li>\n<\/ul>\n<\/td>\n<td style=\"width: 48.2867%;\">\n<ul>\n<li><a href=\"https:\/\/wp.me\/P8BNZR-2I0\" target=\"_blank\" rel=\"noopener noreferrer\">Membros representantes da CaExt<\/a><\/li>\n<\/ul>\n<\/td>\n<\/tr>\n<\/tbody>\n<\/table>\n<p style=\"text-align: justify;\"><strong><img loading=\"lazy\" decoding=\"async\" class=\"wp-image-5452 alignleft\" src=\"https:\/\/i0.wp.com\/wp.ufpel.edu.br\/clc\/files\/2017\/07\/CaExt-logo-azul.jpg?resize=168%2C168&amp;ssl=1\" alt=\"\" width=\"168\" height=\"168\" data-attachment-id=\"5452\" data-permalink=\"https:\/\/wp.ufpel.edu.br\/clc\/sobre-a-caext\/caext-logo-azul\/\" data-orig-file=\"https:\/\/i0.wp.com\/wp.ufpel.edu.br\/clc\/files\/2017\/07\/CaExt-logo-azul.jpg?fit=1231%2C1231&amp;ssl=1\" data-orig-size=\"1231,1231\" data-comments-opened=\"0\" data-image-meta=\"{&quot;aperture&quot;:&quot;0&quot;,&quot;credit&quot;:&quot;&quot;,&quot;camera&quot;:&quot;&quot;,&quot;caption&quot;:&quot;&quot;,&quot;created_timestamp&quot;:&quot;0&quot;,&quot;copyright&quot;:&quot;&quot;,&quot;focal_length&quot;:&quot;0&quot;,&quot;iso&quot;:&quot;0&quot;,&quot;shutter_speed&quot;:&quot;0&quot;,&quot;title&quot;:&quot;&quot;,&quot;orientation&quot;:&quot;1&quot;}\" data-image-title=\"CaExt logo azul\" data-image-description=\"\" data-medium-file=\"https:\/\/i0.wp.com\/wp.ufpel.edu.br\/clc\/files\/2017\/07\/CaExt-logo-azul.jpg?fit=318%2C318&amp;ssl=1\" data-large-file=\"https:\/\/i0.wp.com\/wp.ufpel.edu.br\/clc\/files\/2017\/07\/CaExt-logo-azul.jpg?fit=640%2C143&amp;ssl=1\" data-recalc-dims=\"1\" srcset=\"https:\/\/wp.ufpel.edu.br\/clc\/files\/2017\/07\/CaExt-logo-azul.jpg 1231w, https:\/\/wp.ufpel.edu.br\/clc\/files\/2017\/07\/CaExt-logo-azul-159x159.jpg 159w, https:\/\/wp.ufpel.edu.br\/clc\/files\/2017\/07\/CaExt-logo-azul-318x318.jpg 318w, https:\/\/wp.ufpel.edu.br\/clc\/files\/2017\/07\/CaExt-logo-azul-768x768.jpg 768w\" sizes=\"auto, (max-width: 168px) 100vw, 168px\" \/> <\/strong>Rua Gomes Carneiro, n\u00ba 1, Campus Porto, sala 102, bloco B.<\/p>\n<p>Email: <a href=\"http:\/\/caextufpel@gmail.com\/\">caextufpel@gmail.com<\/a><br \/>\n<strong>Fone:<\/strong> (53) 3284-3811<strong><br \/>\n<\/strong>Turno da tarde.<\/p>\n<p style=\"text-align: justify;\"><strong>Chefe da C\u00e2mara de Extens\u00e3o do CLC<\/strong>:<br \/>\nProfa. <span class=\"qu\" tabindex=\"-1\" role=\"gridcell\" translate=\"no\"><span class=\"gD\" data-hovercard-id=\"rekabke@gmail.com\" data-hovercard-owner-id=\"22\">Renata Kabke Pinheiro<\/span><\/span><\/p>\n<p style=\"text-align: justify;\"><strong>Equipe Administrativa<br \/>\n<\/strong>Assistente administrativa: Daniela Silva Agendes<\/p>\n<div id='gallery-1' class='gallery galleryid-10141 gallery-columns-2 gallery-size-thumbnail'><dl class='gallery-item'>\n\t\t\t<dt class='gallery-icon landscape'>\n\t\t\t\t<img loading=\"lazy\" decoding=\"async\" width=\"159\" height=\"159\" src=\"https:\/\/wp.ufpel.edu.br\/clc\/files\/2019\/10\/insta-logo-159x159.png\" class=\"attachment-thumbnail size-thumbnail\" alt=\"\" srcset=\"https:\/\/wp.ufpel.edu.br\/clc\/files\/2019\/10\/insta-logo-159x159.png 159w, https:\/\/wp.ufpel.edu.br\/clc\/files\/2019\/10\/insta-logo-318x318.png 318w, https:\/\/wp.ufpel.edu.br\/clc\/files\/2019\/10\/insta-logo-768x768.png 768w, https:\/\/wp.ufpel.edu.br\/clc\/files\/2019\/10\/insta-logo.png 1000w\" sizes=\"auto, (max-width: 159px) 100vw, 159px\" \/>\n\t\t\t<\/dt><\/dl><dl class='gallery-item'>\n\t\t\t<dt class='gallery-icon landscape'>\n\t\t\t\t<img loading=\"lazy\" decoding=\"async\" width=\"159\" height=\"159\" src=\"https:\/\/wp.ufpel.edu.br\/clc\/files\/2019\/10\/facebook-logo-159x159.png\" class=\"attachment-thumbnail size-thumbnail\" alt=\"\" srcset=\"https:\/\/wp.ufpel.edu.br\/clc\/files\/2019\/10\/facebook-logo-159x159.png 159w, https:\/\/wp.ufpel.edu.br\/clc\/files\/2019\/10\/facebook-logo-318x318.png 318w, https:\/\/wp.ufpel.edu.br\/clc\/files\/2019\/10\/facebook-logo.png 512w\" sizes=\"auto, (max-width: 159px) 100vw, 159px\" \/>\n\t\t\t<\/dt><\/dl><br style=\"clear: both\" \/>\n\t\t<\/div>\n\n<ul>\n<li>Curta a<a href=\"http:\/\/www.facebook.com\/pages\/C%C3%A2mara-de-Extens%C3%A3o-CLC-UFPel\/706771579377748?ref=hl\" target=\"_blank\" rel=\"noopener noreferrer\">\u00a0fan page da CaExt no\u00a0<strong>Facebook<\/strong>\u00a0\u2013\u00a0C\u00e2mara de Extens\u00e3o \u2013 CLC UFPel<\/a>.<\/li>\n<li>Curta o <a href=\"https:\/\/www.instagram.com\/cursosdelinguasufpel\/\" target=\"_blank\" rel=\"noopener noreferrer\">Instagram dos Cursos de L\u00ednguas\u00a0<\/a><\/li>\n<\/ul>\n","protected":false},"excerpt":{"rendered":"<p>Acesse as p\u00e1ginas da C\u00e2mara de Extens\u00e3o do CLC: Projetos desenvolvidos Site dos Cursos de L\u00ednguas Teste de Compet\u00eancia em Leitura em LE \u00a0Sobre os Cursos de L\u00ednguas Todas as not\u00edcias dos Cursos Locais dos Cursos Trancamento do curso Publica\u00e7\u00f5es &hellip; <a href=\"https:\/\/wp.ufpel.edu.br\/clc\/camara-de-extensao\/\">Continue lendo <span class=\"meta-nav\">&rarr;<\/span><\/a><\/p>\n","protected":false},"author":50,"featured_media":0,"parent":0,"menu_order":0,"comment_status":"closed","ping_status":"closed","template":"","meta":{"footnotes":""},"class_list":["post-10141","page","type-page","status-publish","hentry"],"_links":{"self":[{"href":"https:\/\/wp.ufpel.edu.br\/clc\/wp-json\/wp\/v2\/pages\/10141","targetHints":{"allow":["GET"]}}],"collection":[{"href":"https:\/\/wp.ufpel.edu.br\/clc\/wp-json\/wp\/v2\/pages"}],"about":[{"href":"https:\/\/wp.ufpel.edu.br\/clc\/wp-json\/wp\/v2\/types\/page"}],"author":[{"embeddable":true,"href":"https:\/\/wp.ufpel.edu.br\/clc\/wp-json\/wp\/v2\/users\/50"}],"replies":[{"embeddable":true,"href":"https:\/\/wp.ufpel.edu.br\/clc\/wp-json\/wp\/v2\/comments?post=10141"}],"version-history":[{"count":3,"href":"https:\/\/wp.ufpel.edu.br\/clc\/wp-json\/wp\/v2\/pages\/10141\/revisions"}],"predecessor-version":[{"id":18827,"href":"https:\/\/wp.ufpel.edu.br\/clc\/wp-json\/wp\/v2\/pages\/10141\/revisions\/18827"}],"wp:attachment":[{"href":"https:\/\/wp.ufpel.edu.br\/clc\/wp-json\/wp\/v2\/media?parent=10141"}],"curies":[{"name":"wp","href":"https:\/\/api.w.org\/{rel}","templated":true}]}}

Câmara de Extensão

<p style="text-align: center;"><strong>Acesse as páginas da Câmara de Extensão do CLC:</strong></p>
<p style="text-align: center;"><span style="background-color: #ffff99;"><strong><a style="background-color: #ffff99;" href="https://wp.ufpel.edu.br/clc/projetos-de-extensao/" target="_blank" rel="noopener noreferrer">Projetos desenvolvidos</a></strong></span></p>
<p style="text-align: center;"><span style="background-color: #ccffcc; color: #333333;"><a style="background-color: #ccffcc; color: #333333;" href="https://wp.ufpel.edu.br/cursosdelinguas/" target="_blank" rel="noopener noreferrer"><img loading="lazy" decoding="async" class="alignnone wp-image-10581" src="https://wp.ufpel.edu.br/clc/files/2020/03/Logo-Cursos-de-Linguas-2018-por-Daniela-Agendes.png" alt="" width="49" height="36" srcset="https://wp.ufpel.edu.br/clc/files/2020/03/Logo-Cursos-de-Linguas-2018-por-Daniela-Agendes.png 1600w, https://wp.ufpel.edu.br/clc/files/2020/03/Logo-Cursos-de-Linguas-2018-por-Daniela-Agendes-424x308.png 424w, https://wp.ufpel.edu.br/clc/files/2020/03/Logo-Cursos-de-Linguas-2018-por-Daniela-Agendes-212x154.png 212w, https://wp.ufpel.edu.br/clc/files/2020/03/Logo-Cursos-de-Linguas-2018-por-Daniela-Agendes-768x559.png 768w, https://wp.ufpel.edu.br/clc/files/2020/03/Logo-Cursos-de-Linguas-2018-por-Daniela-Agendes-1536x1117.png 1536w" sizes="auto, (max-width: 49px) 100vw, 49px" /></a><a style="background-color: #ccffcc; color: #333333;" href="https://wp.ufpel.edu.br/cursosdelinguas/" target="_blank" rel="noopener noreferrer">Site dos Cursos de Línguas </a></span></p>
<table class="aligncenter" style="width: 100%; border-collapse: collapse; border-style: double; border-color: #4d4a4a; background-color: #e8f7fc;" border="1">
<tbody>
<tr style="height: 23px;">
<td style="width: 54.6729%; height: 23px;">
<ul>
<li><a href="https://wp.ufpel.edu.br/clc/tclle-testes-de-competencia/" target="_blank" rel="noopener noreferrer">Teste de Competência em Leitura em LE</a></li>
</ul>
</td>
<td style="width: 48.2867%; height: 23px;">
<ul>
<li> <a style="font-family: inherit;" href="https://wp.ufpel.edu.br/clc/cursos-basicos-de-linguas/" target="_blank" rel="noopener noreferrer">Sobre os Cursos de Línguas</a></li>
</ul>
</td>
</tr>
<tr style="height: 23px;">
<td style="width: 54.6729%; height: 23px;">
<ul>
<li><a href="https://wp.ufpel.edu.br/clc/todas-as-noticias/" target="_blank" rel="noopener noreferrer">Todas as notícias dos Cursos</a></li>
</ul>
</td>
<td style="width: 48.2867%; height: 23px;">
<ul>
<li><a href="https://wp.ufpel.edu.br/cursosdelinguas/locais/" target="_blank" rel="noopener noreferrer">Locais dos Cursos</a></li>
</ul>
</td>
</tr>
<tr style="height: 23px;">
<td style="width: 54.6729%; height: 23px;">
<ul>
<li><a href="https://wp.ufpel.edu.br/clc/cursos-basicos-de-linguas/trancamento-do-curso/" target="_blank" rel="noopener noreferrer">Trancamento do curso</a></li>
</ul>
</td>
<td style="width: 48.2867%; height: 23px;">
<ul>
<li><a href="https://wp.ufpel.edu.br/clc/publicacoes-extensionistas/" target="_blank" rel="noopener noreferrer">Publicações extensionistas</a></li>
</ul>
</td>
</tr>
<tr style="height: 23px;">
<td style="width: 54.6729%; height: 23px;">
<ul>
<li><a href="https://wp.ufpel.edu.br/clc/certificados-de-extensao/" target="_blank" rel="noopener noreferrer">Certificados de extensão</a></li>
</ul>
</td>
<td style="width: 48.2867%; height: 23px;">
<ul>
<li><a href="https://wp.ufpel.edu.br/clc/fluxo-de-projetos-de-extensao/" target="_blank" rel="noopener noreferrer">Fluxo de Projetos de Extensão</a></li>
</ul>
</td>
</tr>
<tr style="height: 23px;">
<td style="width: 54.6729%; height: 23px;">
<ul>
<li><a href="https://wp.ufpel.edu.br/clc/documentos-bolsistas/" target="_blank" rel="noopener noreferrer">Orientação a coordenadores para efetividade de bolsistas</a></li>
</ul>
</td>
<td style="width: 48.2867%; height: 23px;">
<ul>
<li><a href="https://wp.ufpel.edu.br/clc/tutoriais-projetos-de-extensao-no-cobalto/" target="_blank" rel="noopener noreferrer">Tutoriais no Cobalto</a></li>
</ul>
</td>
</tr>
<tr style="height: 23px;">
<td style="width: 54.6729%; height: 23px;">
<ul>
<li><a href="https://wp.ufpel.edu.br/clc/tutoriais-projetos-de-extensao-no-sei/" target="_blank" rel="noopener noreferrer">Tutoriais no SEI</a></li>
</ul>
</td>
<td style="width: 48.2867%; height: 23px;">
<ul>
<li><a href="https://wp.ufpel.edu.br/clc/projetos-de-extensao/" target="_blank" rel="noopener noreferrer">Projetos desenvolvidos</a></li>
</ul>
</td>
</tr>
<tr>
<td style="width: 54.6729%;">
<ul>
<li><a href="https://wp.ufpel.edu.br/prec/siex/certificados/" target="_blank" rel="noopener noreferrer">Orientação: certificados de extensão</a></li>
</ul>
</td>
<td style="width: 48.2867%;">
<ul>
<li><a href="https://wp.me/P8BNZR-2I0" target="_blank" rel="noopener noreferrer">Membros representantes da CaExt</a></li>
</ul>
</td>
</tr>
</tbody>
</table>
<p style="text-align: justify;"><strong><img loading="lazy" decoding="async" class="wp-image-5452 alignleft" src="https://i0.wp.com/wp.ufpel.edu.br/clc/files/2017/07/CaExt-logo-azul.jpg?resize=168%2C168&amp;ssl=1" alt="" width="168" height="168" data-attachment-id="5452" data-permalink="https://wp.ufpel.edu.br/clc/sobre-a-caext/caext-logo-azul/" data-orig-file="https://i0.wp.com/wp.ufpel.edu.br/clc/files/2017/07/CaExt-logo-azul.jpg?fit=1231%2C1231&amp;ssl=1" data-orig-size="1231,1231" data-comments-opened="0" data-image-meta="{&quot;aperture&quot;:&quot;0&quot;,&quot;credit&quot;:&quot;&quot;,&quot;camera&quot;:&quot;&quot;,&quot;caption&quot;:&quot;&quot;,&quot;created_timestamp&quot;:&quot;0&quot;,&quot;copyright&quot;:&quot;&quot;,&quot;focal_length&quot;:&quot;0&quot;,&quot;iso&quot;:&quot;0&quot;,&quot;shutter_speed&quot;:&quot;0&quot;,&quot;title&quot;:&quot;&quot;,&quot;orientation&quot;:&quot;1&quot;}" data-image-title="CaExt logo azul" data-image-description="" data-medium-file="https://i0.wp.com/wp.ufpel.edu.br/clc/files/2017/07/CaExt-logo-azul.jpg?fit=318%2C318&amp;ssl=1" data-large-file="https://i0.wp.com/wp.ufpel.edu.br/clc/files/2017/07/CaExt-logo-azul.jpg?fit=640%2C143&amp;ssl=1" data-recalc-dims="1" srcset="https://wp.ufpel.edu.br/clc/files/2017/07/CaExt-logo-azul.jpg 1231w, https://wp.ufpel.edu.br/clc/files/2017/07/CaExt-logo-azul-159x159.jpg 159w, https://wp.ufpel.edu.br/clc/files/2017/07/CaExt-logo-azul-318x318.jpg 318w, https://wp.ufpel.edu.br/clc/files/2017/07/CaExt-logo-azul-768x768.jpg 768w" sizes="auto, (max-width: 168px) 100vw, 168px" /> </strong>Rua Gomes Carneiro, nº 1, Campus Porto, sala 102, bloco B.</p>
<p>Email: <a href="http://caextufpel@gmail.com/">caextufpel@gmail.com</a><br />
<strong>Fone:</strong> (53) 3284-3811<strong><br />
</strong>Turno da tarde.</p>
<p style="text-align: justify;"><strong>Chefe da Câmara de Extensão do CLC</strong>:<br />
Profa. <span class="qu" tabindex="-1" role="gridcell" translate="no"><span class="gD" data-hovercard-id="rekabke@gmail.com" data-hovercard-owner-id="22">Renata Kabke Pinheiro</span></span></p>
<p style="text-align: justify;"><strong>Equipe Administrativa<br />
</strong>Assistente administrativa: Daniela Silva Agendes</p>
<div id='gallery-1' class='gallery galleryid-10141 gallery-columns-2 gallery-size-thumbnail'><dl class='gallery-item'>
			<dt class='gallery-icon landscape'>
				<img loading="lazy" decoding="async" width="159" height="159" src="https://wp.ufpel.edu.br/clc/files/2019/10/insta-logo-159x159.png" class="attachment-thumbnail size-thumbnail" alt="" srcset="https://wp.ufpel.edu.br/clc/files/2019/10/insta-logo-159x159.png 159w, https://wp.ufpel.edu.br/clc/files/2019/10/insta-logo-318x318.png 318w, https://wp.ufpel.edu.br/clc/files/2019/10/insta-logo-768x768.png 768w, https://wp.ufpel.edu.br/clc/files/2019/10/insta-logo.png 1000w" sizes="auto, (max-width: 159px) 100vw, 159px" />
			</dt></dl><dl class='gallery-item'>
			<dt class='gallery-icon landscape'>
				<img loading="lazy" decoding="async" width="159" height="159" src="https://wp.ufpel.edu.br/clc/files/2019/10/facebook-logo-159x159.png" class="attachment-thumbnail size-thumbnail" alt="" srcset="https://wp.ufpel.edu.br/clc/files/2019/10/facebook-logo-159x159.png 159w, https://wp.ufpel.edu.br/clc/files/2019/10/facebook-logo-318x318.png 318w, https://wp.ufpel.edu.br/clc/files/2019/10/facebook-logo.png 512w" sizes="auto, (max-width: 159px) 100vw, 159px" />
			</dt></dl><br style="clear: both" />
		</div>

<ul>
<li>Curta a<a href="http://www.facebook.com/pages/C%C3%A2mara-de-Extens%C3%A3o-CLC-UFPel/706771579377748?ref=hl" target="_blank" rel="noopener noreferrer"> fan page da CaExt no <strong>Facebook</strong> – Câmara de Extensão – CLC UFPel</a>.</li>
<li>Curta o <a href="https://www.instagram.com/cursosdelinguasufpel/" target="_blank" rel="noopener noreferrer">Instagram dos Cursos de Línguas </a></li>
</ul>

<p>Acesse as páginas da Câmara de Extensão do CLC: Projetos desenvolvidos Site dos Cursos de Línguas Teste de Competência em Leitura em LE  Sobre os Cursos de Línguas Todas as notícias dos Cursos Locais dos Cursos Trancamento do curso Publicações &hellip; <a href="https://wp.ufpel.edu.br/clc/camara-de-extensao/">Continue lendo <span class="meta-nav">&rarr;</span></a></p>
