{"id":10,"date":"2014-08-08T20:36:00","date_gmt":"2014-08-08T23:36:00","guid":{"rendered":"https:\/\/wp.ufpel.edu.br\/citycell\/?page_id=10"},"modified":"2014-08-14T18:04:02","modified_gmt":"2014-08-14T21:04:02","slug":"sobre","status":"publish","type":"page","link":"https:\/\/wp.ufpel.edu.br\/citycell\/sobre\/","title":{"rendered":"Sobre"},"content":{"rendered":"<p class=\"p1\"><b>CityCell &#8211; Urban Growth Simulator<br \/>\nversion 4.0 Curupira<\/b><\/p>\n<p class=\"p2\">CityCell \u00e9 um software concebido como um framework que disponibiliza as ferramentas necess\u00e1rias \u00e0 execu\u00e7\u00e3o de modelos de simula\u00e7\u00e3o de crescimento urbano em espa\u00e7os celulares. Os modelos s\u00e3o chamados de Regras, em refer\u00eancia ao componente din\u00e2mico dos Aut\u00f4matos Celulares.<\/p>\n<p class=\"p1\">SARAIVA, Marcus Vinicius Pereira; POLIDORI, Maur\u00edcio Couto (2014). CityCell \u2013 Urban Growth Simulator (software). LabUrb \u2013 Laborat\u00f3rio de Urbanismo da FAUrb. Pelotas: UFPel.<\/p>\n<p class=\"p1\"><span class=\"s1\">Models currently available (Rules):<\/span><\/p>\n<p class=\"p1\"><b>Threshold Potential e Free Potential<\/b> (POLIDORI, 2004);<br \/>\n<b>Threshold Reload e Free Reload <\/b>(POLIDORI, 2004);<br \/>\n<b>Environmental Percolation<\/b> (POLIDORI, 2004);<br \/>\nPOLIDORI, Maur\u00edcio Couto(2004). Crescimento urbano e ambiente: um estudo explorat\u00f3rio sobre as transforma\u00e7\u00f5es e o futuro da cidade. Tese de Doutorado UFRGS PPGECO. [S.l.], 352 p.<\/p>\n<p class=\"p1\"><b>WaterLand Factor<\/b> (PERES e POLIDORI, 2010);<br \/>\nPERES, Otavio Martins (2010). Crescimento urbano e hidrografia: din\u00e2micas morfol\u00f3gicas e articula\u00e7\u00e3o \u00e0 paisagem natural. Disserta\u00e7\u00e3o de Mestrado UFPel PROGRAU. [S.l.], 132 p.<\/p>\n<p class=\"p1\"><b>Periurban Growth<\/b> (TORALLES e POLIDORI; 2013).<br \/>\nTORALLES, Christiano Piccioni (2013). Cidade e crescimento perif\u00e9rico: morfologia e modelagem da forma\u00e7\u00e3o do tecido urbano. Disserta\u00e7\u00e3o de Mestrado UFPel PROGRAU. Pelotas.<\/p>\n<p class=\"p1\"><b>Environmental Accessibility<\/b> (SARAIVA e POLIDORI, 2013)<br \/>\nSARAIVA, Marcus Vinicius Pereira (2013). Simula\u00e7\u00e3o de crescimento urbano em espa\u00e7os celulares com uma medida de acessibilidade: m\u00e9todo e estudo de caso em cidades do sul do Rio Grande do Sul. Disserta\u00e7\u00e3o de Mestrado UFPel &#8211; PROGRAU. Pelotas.<\/p>\n<p class=\"p1\"><span class=\"s1\"><b>Colaboradores:<\/b><\/span><\/p>\n<p class=\"p1\">Alexandre Pereira Santos<br \/>\nAna Paula Neto de Faria<\/p>\n<p class=\"p1\"><b>Antecedente:<\/b><\/p>\n<p class=\"p1\"><b>SACI \u2013 Simulador do Ambiente da Cidade<\/b><br \/>\nPOLIDORI, Maur\u00edcio Couto, GRANERO, Juliano Chaves (2004). SACI \u2013 Simulador do Ambiente da Cidade\u00ae (software). Componente da Tese de Doutorado em Ecologia de Maur\u00edcio Couto Polidori. Porto Alegre: UFRGS \u2013 PPGECO.<\/p>\n<p class=\"p1\">Laborat\u00f3rio de Urbanismo<br \/>\nFaculdade de Arquitetura e Urbanismo \/ Universidade Federal de Pelotas<\/p>\n","protected":false},"excerpt":{"rendered":"<p>CityCell &#8211; Urban Growth Simulator version 4.0 Curupira CityCell \u00e9 um software concebido como um framework que disponibiliza as ferramentas necess\u00e1rias \u00e0 execu\u00e7\u00e3o de modelos de simula\u00e7\u00e3o de crescimento urbano em espa\u00e7os celulares. Os&#46;&#46;&#46;<\/p>\n","protected":false},"author":420,"featured_media":0,"parent":0,"menu_order":0,"comment_status":"closed","ping_status":"closed","template":"","meta":{"footnotes":""},"class_list":["post-10","page","type-page","status-publish","hentry"],"_links":{"self":[{"href":"https:\/\/wp.ufpel.edu.br\/citycell\/wp-json\/wp\/v2\/pages\/10","targetHints":{"allow":["GET"]}}],"collection":[{"href":"https:\/\/wp.ufpel.edu.br\/citycell\/wp-json\/wp\/v2\/pages"}],"about":[{"href":"https:\/\/wp.ufpel.edu.br\/citycell\/wp-json\/wp\/v2\/types\/page"}],"author":[{"embeddable":true,"href":"https:\/\/wp.ufpel.edu.br\/citycell\/wp-json\/wp\/v2\/users\/420"}],"replies":[{"embeddable":true,"href":"https:\/\/wp.ufpel.edu.br\/citycell\/wp-json\/wp\/v2\/comments?post=10"}],"version-history":[{"count":5,"href":"https:\/\/wp.ufpel.edu.br\/citycell\/wp-json\/wp\/v2\/pages\/10\/revisions"}],"predecessor-version":[{"id":41,"href":"https:\/\/wp.ufpel.edu.br\/citycell\/wp-json\/wp\/v2\/pages\/10\/revisions\/41"}],"wp:attachment":[{"href":"https:\/\/wp.ufpel.edu.br\/citycell\/wp-json\/wp\/v2\/media?parent=10"}],"curies":[{"name":"wp","href":"https:\/\/api.w.org\/{rel}","templated":true}]}}