{"id":67,"date":"2023-08-24T14:02:14","date_gmt":"2023-08-24T17:02:14","guid":{"rendered":"https:\/\/wp.ufpel.edu.br\/cisas\/?page_id=67"},"modified":"2025-04-10T09:45:33","modified_gmt":"2025-04-10T12:45:33","slug":"laboratorio-de-preparacao-e-extracao","status":"publish","type":"page","link":"https:\/\/wp.ufpel.edu.br\/cisas\/laboratorios-e-equipamentos\/laboratorio-de-preparacao-e-extracao\/","title":{"rendered":"Laborat\u00f3rio de Pr\u00e9-Tratamento, Prepara\u00e7\u00e3o e Extra\u00e7\u00e3o"},"content":{"rendered":"<p><span style=\"font-family: arial, helvetica, sans-serif; font-size: 12pt;\">Este laborat\u00f3rio tem a finalidade de realizar o preparo de amostras que ser\u00e3o analisadas em equipamentos dos demais laborat\u00f3rios do CISAS.<\/span><\/p>\n<p><strong><span style=\"font-family: arial, helvetica, sans-serif; font-size: 12pt;\">Equipamentos:<\/span><\/strong><\/p>\n<ul>\n<li><span style=\"color: #333333; font-family: arial, helvetica, sans-serif; font-size: 12pt;\"><strong>Ultracentr\u00edfuga refrigerada de ch\u00e3o\u00a0<\/strong>(<em>Em processo de instala\u00e7\u00e3o<\/em>)<\/span><\/li>\n<\/ul>\n<p><span style=\"font-family: arial, helvetica, sans-serif; font-size: 12pt;\"><span style=\"color: #333333;\">Por motivos de adapta\u00e7\u00e3o dos espa\u00e7os f\u00edsicos, esse equipamento est\u00e1 instalado temporariamente no <\/span><em><span style=\"color: #333333;\"><a style=\"color: #333333;\" href=\"https:\/\/wp.ufpel.edu.br\/bioprolab\/regras-de-utilizacao-dos-equipamentos\/\">Laborat\u00f3rio de Bioinform\u00e1tica e Prote\u00f4mica \u2013\u00a0BioPro_Lab<\/a><\/span><\/em><\/span><\/p>\n<ul>\n<li><span style=\"font-family: arial, helvetica, sans-serif; font-size: 12pt;\"><strong>Reator em fluxo\u00a0<\/strong><\/span><\/li>\n<\/ul>\n<p><span style=\"font-size: 12pt; color: #333333; font-family: arial, helvetica, sans-serif;\">Por motivos de adapta\u00e7\u00e3o dos espa\u00e7os f\u00edsicos, esse equipamento est\u00e1 instalado temporariamente na <em><a href=\"https:\/\/wp.ufpel.edu.br\/centralanaliticaquimica\/dados-sobre-o-uso-dos-equipamentos-da-central-analitica\/\">Central Anal\u00edtica da UFPel (CA-UFPel) \u2013 M\u00f3dulo Qu\u00edmica<\/a><\/em><\/span><\/p>\n<ul>\n<li><span style=\"font-family: arial, helvetica, sans-serif; font-size: 12pt;\"><strong>Sistema modular de alta resolu\u00e7\u00e3o\u00a0<\/strong>(<em>Em processo de instala\u00e7\u00e3o<\/em>)<\/span><\/li>\n<\/ul>\n","protected":false},"excerpt":{"rendered":"<p>Este laborat\u00f3rio tem a finalidade de realizar o preparo de amostras que ser\u00e3o analisadas em equipamentos dos demais laborat\u00f3rios do CISAS. Equipamentos: Ultracentr\u00edfuga refrigerada de ch\u00e3o\u00a0(Em processo de instala\u00e7\u00e3o) Por motivos de adapta\u00e7\u00e3o dos espa\u00e7os f\u00edsicos, esse equipamento est\u00e1 instalado temporariamente no Laborat\u00f3rio de Bioinform\u00e1tica e Prote\u00f4mica \u2013\u00a0BioPro_Lab Reator em fluxo\u00a0 Por motivos de adapta\u00e7\u00e3o [&hellip;]<\/p>\n","protected":false},"author":1112,"featured_media":0,"parent":39,"menu_order":0,"comment_status":"closed","ping_status":"closed","template":"","meta":{"footnotes":""},"class_list":["post-67","page","type-page","status-publish","hentry"],"_links":{"self":[{"href":"https:\/\/wp.ufpel.edu.br\/cisas\/wp-json\/wp\/v2\/pages\/67","targetHints":{"allow":["GET"]}}],"collection":[{"href":"https:\/\/wp.ufpel.edu.br\/cisas\/wp-json\/wp\/v2\/pages"}],"about":[{"href":"https:\/\/wp.ufpel.edu.br\/cisas\/wp-json\/wp\/v2\/types\/page"}],"author":[{"embeddable":true,"href":"https:\/\/wp.ufpel.edu.br\/cisas\/wp-json\/wp\/v2\/users\/1112"}],"replies":[{"embeddable":true,"href":"https:\/\/wp.ufpel.edu.br\/cisas\/wp-json\/wp\/v2\/comments?post=67"}],"version-history":[{"count":11,"href":"https:\/\/wp.ufpel.edu.br\/cisas\/wp-json\/wp\/v2\/pages\/67\/revisions"}],"predecessor-version":[{"id":189,"href":"https:\/\/wp.ufpel.edu.br\/cisas\/wp-json\/wp\/v2\/pages\/67\/revisions\/189"}],"up":[{"embeddable":true,"href":"https:\/\/wp.ufpel.edu.br\/cisas\/wp-json\/wp\/v2\/pages\/39"}],"wp:attachment":[{"href":"https:\/\/wp.ufpel.edu.br\/cisas\/wp-json\/wp\/v2\/media?parent=67"}],"curies":[{"name":"wp","href":"https:\/\/api.w.org\/{rel}","templated":true}]}}

Laboratório de Pré-Tratamento, Preparação e Extração

<p><span style="font-family: arial, helvetica, sans-serif; font-size: 12pt;">Este laboratório tem a finalidade de realizar o preparo de amostras que serão analisadas em equipamentos dos demais laboratórios do CISAS.</span></p>
<p><strong><span style="font-family: arial, helvetica, sans-serif; font-size: 12pt;">Equipamentos:</span></strong></p>
<ul>
<li><span style="color: #333333; font-family: arial, helvetica, sans-serif; font-size: 12pt;"><strong>Ultracentrífuga refrigerada de chão </strong>(<em>Em processo de instalação</em>)</span></li>
</ul>
<p><span style="font-family: arial, helvetica, sans-serif; font-size: 12pt;"><span style="color: #333333;">Por motivos de adaptação dos espaços físicos, esse equipamento está instalado temporariamente no </span><em><span style="color: #333333;"><a style="color: #333333;" href="https://wp.ufpel.edu.br/bioprolab/regras-de-utilizacao-dos-equipamentos/">Laboratório de Bioinformática e Proteômica – BioPro_Lab</a></span></em></span></p>
<ul>
<li><span style="font-family: arial, helvetica, sans-serif; font-size: 12pt;"><strong>Reator em fluxo </strong></span></li>
</ul>
<p><span style="font-size: 12pt; color: #333333; font-family: arial, helvetica, sans-serif;">Por motivos de adaptação dos espaços físicos, esse equipamento está instalado temporariamente na <em><a href="https://wp.ufpel.edu.br/centralanaliticaquimica/dados-sobre-o-uso-dos-equipamentos-da-central-analitica/">Central Analítica da UFPel (CA-UFPel) – Módulo Química</a></em></span></p>
<ul>
<li><span style="font-family: arial, helvetica, sans-serif; font-size: 12pt;"><strong>Sistema modular de alta resolução </strong>(<em>Em processo de instalação</em>)</span></li>
</ul>

<p>Este laboratório tem a finalidade de realizar o preparo de amostras que serão analisadas em equipamentos dos demais laboratórios do CISAS. Equipamentos: Ultracentrífuga refrigerada de chão (Em processo de instalação) Por motivos de adaptação dos espaços físicos, esse equipamento está instalado temporariamente no Laboratório de Bioinformática e Proteômica – BioPro_Lab Reator em fluxo  Por motivos de adaptação [&hellip;]</p>
