{"id":61,"date":"2023-08-24T14:01:33","date_gmt":"2023-08-24T17:01:33","guid":{"rendered":"https:\/\/wp.ufpel.edu.br\/cisas\/?page_id=61"},"modified":"2025-04-10T09:47:20","modified_gmt":"2025-04-10T12:47:20","slug":"laboratorio-de-tecnologias-avancadas-em-ensaios-quimicos-e-biologicos","status":"publish","type":"page","link":"https:\/\/wp.ufpel.edu.br\/cisas\/laboratorios-e-equipamentos\/laboratorio-de-tecnologias-avancadas-em-ensaios-quimicos-e-biologicos\/","title":{"rendered":"Laborat\u00f3rio de Tecnologias Avan\u00e7adas em Ensaios Qu\u00edmicos e Biol\u00f3gicos"},"content":{"rendered":"<p><span style=\"font-family: arial, helvetica, sans-serif; font-size: 12pt;\">Finalidade: Abrigar equipamentos como HPLC, ICP-MS, Cromat\u00f3grafo de para an\u00e1lise de gases de efeito estufa, analisador de carbono e nitrog\u00eanio e Probe<\/span><\/p>\n<p>&nbsp;<\/p>\n<p><strong><span style=\"font-family: arial, helvetica, sans-serif; font-size: 12pt;\">Equipamentos:<\/span><\/strong><\/p>\n<ul>\n<li><span style=\"font-family: arial, helvetica, sans-serif; font-size: 12pt;\"><strong>Espectrometro de massa com plasma indutivamente acoplado (ICP-MS)\u00a0<\/strong>(<em>Em processo de instala\u00e7\u00e3o<\/em>)<\/span><\/li>\n<\/ul>\n<p><span style=\"font-family: arial, helvetica, sans-serif; font-size: 12pt;\">Por motivos de adapta\u00e7\u00e3o dos espa\u00e7os f\u00edsicos, esse equipamento est\u00e1 instalado temporariamente no <em><a href=\"https:\/\/wp.ufpel.edu.br\/lccbio\/eventos\/\"><span id=\"nomesite\">Laborat\u00f3rio de Controle de Contaminantes em Biomateriais (LCCBio)<\/span><\/a><\/em><\/span><\/p>\n<ul>\n<li><span style=\"font-family: arial, helvetica, sans-serif; font-size: 12pt;\"><strong>Sistema de abla\u00e7\u00e3o com laser (LA)\u00a0<\/strong>(<em>Em processo de instala\u00e7\u00e3o<\/em>)<\/span><\/li>\n<\/ul>\n<p><span style=\"font-family: arial, helvetica, sans-serif; font-size: 12pt;\">Por motivos de adapta\u00e7\u00e3o dos espa\u00e7os f\u00edsicos, esse equipamento est\u00e1 instalado temporariamente no <em><a href=\"https:\/\/wp.ufpel.edu.br\/lccbio\/eventos\/\"><span id=\"nomesite\">Laborat\u00f3rio de Controle de Contaminantes em Biomateriais (LCCBio)<\/span><\/a><\/em><\/span><\/p>\n<ul>\n<li><span style=\"font-family: arial, helvetica, sans-serif; font-size: 12pt;\"><strong>Detector de massas<\/strong>\u00a0(<em>Em processo de instala\u00e7\u00e3o<\/em>)<\/span><\/li>\n<\/ul>\n<p><span style=\"font-family: arial, helvetica, sans-serif; font-size: 12pt;\">Por motivos de adapta\u00e7\u00e3o dos espa\u00e7os f\u00edsicos, esse equipamento est\u00e1 instalado temporariamente no <\/span><em><a href=\"https:\/\/wp.ufpel.edu.br\/ppgbbio\/pessoas\/laboratorio-de-lipidomica-e-bioorganica-llipidomicabio\/\"><span style=\"font-family: arial, helvetica, sans-serif; font-size: 12pt;\">Laborat\u00f3rio de Lipid\u00f4mica e Bioorg\u00e2nica (LLipiBio)<\/span><\/a><\/em><\/p>\n","protected":false},"excerpt":{"rendered":"<p>Finalidade: Abrigar equipamentos como HPLC, ICP-MS, Cromat\u00f3grafo de para an\u00e1lise de gases de efeito estufa, analisador de carbono e nitrog\u00eanio e Probe &nbsp; Equipamentos: Espectrometro de massa com plasma indutivamente acoplado (ICP-MS)\u00a0(Em processo de instala\u00e7\u00e3o) Por motivos de adapta\u00e7\u00e3o dos espa\u00e7os f\u00edsicos, esse equipamento est\u00e1 instalado temporariamente no Laborat\u00f3rio de Controle de Contaminantes em Biomateriais [&hellip;]<\/p>\n","protected":false},"author":1112,"featured_media":0,"parent":39,"menu_order":0,"comment_status":"closed","ping_status":"closed","template":"","meta":{"footnotes":""},"class_list":["post-61","page","type-page","status-publish","hentry"],"_links":{"self":[{"href":"https:\/\/wp.ufpel.edu.br\/cisas\/wp-json\/wp\/v2\/pages\/61","targetHints":{"allow":["GET"]}}],"collection":[{"href":"https:\/\/wp.ufpel.edu.br\/cisas\/wp-json\/wp\/v2\/pages"}],"about":[{"href":"https:\/\/wp.ufpel.edu.br\/cisas\/wp-json\/wp\/v2\/types\/page"}],"author":[{"embeddable":true,"href":"https:\/\/wp.ufpel.edu.br\/cisas\/wp-json\/wp\/v2\/users\/1112"}],"replies":[{"embeddable":true,"href":"https:\/\/wp.ufpel.edu.br\/cisas\/wp-json\/wp\/v2\/comments?post=61"}],"version-history":[{"count":9,"href":"https:\/\/wp.ufpel.edu.br\/cisas\/wp-json\/wp\/v2\/pages\/61\/revisions"}],"predecessor-version":[{"id":192,"href":"https:\/\/wp.ufpel.edu.br\/cisas\/wp-json\/wp\/v2\/pages\/61\/revisions\/192"}],"up":[{"embeddable":true,"href":"https:\/\/wp.ufpel.edu.br\/cisas\/wp-json\/wp\/v2\/pages\/39"}],"wp:attachment":[{"href":"https:\/\/wp.ufpel.edu.br\/cisas\/wp-json\/wp\/v2\/media?parent=61"}],"curies":[{"name":"wp","href":"https:\/\/api.w.org\/{rel}","templated":true}]}}