{"id":55,"date":"2023-08-24T13:59:23","date_gmt":"2023-08-24T16:59:23","guid":{"rendered":"https:\/\/wp.ufpel.edu.br\/cisas\/?page_id=55"},"modified":"2025-04-10T09:49:00","modified_gmt":"2025-04-10T12:49:00","slug":"localizacao-e-contato","status":"publish","type":"page","link":"https:\/\/wp.ufpel.edu.br\/cisas\/localizacao-e-contato\/","title":{"rendered":"Localiza\u00e7\u00e3o e Contato"},"content":{"rendered":"<ul>\n<li><span style=\"font-size: 12pt;\"><strong><a href=\"https:\/\/wp.ufpel.edu.br\/cisas\/\" rel=\"home\">\u00a0Centro de Inova\u00e7\u00e3o em Sistemas Agroalimentares Sustent\u00e1veis &#8211; CISAS<\/a><\/strong><\/span><\/li>\n<\/ul>\n<p><span style=\"font-size: 12pt;\">Email: cisas@ufpel.edu.br<\/span><\/p>\n<p><span style=\"font-size: 12pt;\">Localiza\u00e7\u00e3o: <b><a title=\"Localize no mapa\" href=\"http:\/\/goo.gl\/eHJdG2\" target=\"_blank\" rel=\"noopener\">Campus Cap\u00e3o do Le\u00e3o<\/a><\/b><\/span><\/p>\n<div>\n<ul>\n<li><span style=\"font-size: 12pt;\"><a href=\"https:\/\/wp.ufpel.edu.br\/centralanaliticaquimica\/\"><strong>Central Anal\u00edtica &#8211; Qu\u00edmica &#8211; CA-Quim<\/strong><\/a><\/span><\/li>\n<\/ul>\n<p><span style=\"font-size: 12pt;\">Email: catiarad@yahoo.com.br<\/span><\/p>\n<p><span style=\"font-size: 12pt;\">Localiza\u00e7\u00e3o: <b><a title=\"Localize no mapa\" href=\"http:\/\/goo.gl\/eHJdG2\" target=\"_blank\" rel=\"noopener\">Campus Cap\u00e3o do Le\u00e3o<\/a><\/b><\/span><\/p>\n<\/div>\n<ul>\n<li><span style=\"font-size: 12pt;\"><strong><a href=\"https:\/\/wp.ufpel.edu.br\/novonanomaterialresearchgroup\/grupo-novonano\/\">Grupo de Tecnologias Aplicadas em Materiais Avan\u00e7ados &#8211; Novonano<\/a><\/strong><\/span><\/li>\n<\/ul>\n<p><span style=\"font-size: 12pt;\">Email: novonanoanalises@gmail.com<\/span><\/p>\n<p><span style=\"font-size: 12pt;\">Localiza\u00e7\u00e3o:<b> <a title=\"Localize no mapa\" href=\"https:\/\/goo.gl\/Boi7lb\" target=\"_blank\" rel=\"noopener\">Campus Anglo<\/a><\/b><\/span><\/p>\n<ul>\n<li><span style=\"font-size: 12pt;\"><strong><a href=\"https:\/\/wp.ufpel.edu.br\/bioprolab\/\">Laborat\u00f3rio de Bioinform\u00e1tica e Prote\u00f4mica \u2013\u00a0BioPro_Lab<\/a><\/strong><\/span><\/li>\n<\/ul>\n<p><span style=\"font-size: 12pt;\">Email: dmpluc@gmail.com<\/span><\/p>\n<p><span style=\"font-size: 12pt;\">Localiza\u00e7\u00e3o: <b><a title=\"Localize no mapa\" href=\"http:\/\/goo.gl\/eHJdG2\" target=\"_blank\" rel=\"noopener\">Campus Cap\u00e3o do Le\u00e3o<\/a><\/b><\/span><\/p>\n<ul>\n<li><span style=\"font-size: 12pt;\"><strong><a href=\"https:\/\/wp.ufpel.edu.br\/lccbio\/eventos\/\"><span id=\"nomesite\">Laborat\u00f3rio de Controle de Contaminantes em Biomateriais (LCCBio)<\/span><\/a><\/strong><\/span><\/li>\n<\/ul>\n<p><span style=\"font-size: 12pt;\">Email: lccbioufpel@gmail.com<\/span><\/p>\n<p><span style=\"font-size: 12pt;\">Localiza\u00e7\u00e3o: <b><a title=\"Localize no mapa\" href=\"http:\/\/goo.gl\/eHJdG2\" target=\"_blank\" rel=\"noopener\">Campus Cap\u00e3o do Le\u00e3o<\/a><\/b><\/span><\/p>\n<ul>\n<li><span style=\"font-size: 12pt;\"><strong><a href=\"https:\/\/wp.ufpel.edu.br\/ppgbbio\/pessoas\/laboratorio-de-lipidomica-e-bioorganica-llipidomicabio\/\">Laborat\u00f3rio de Lipid\u00f4mica e Bioorg\u00e2nica (LLipiBio)<\/a><\/strong><\/span><\/li>\n<\/ul>\n<p><span style=\"font-size: 12pt;\">Email: ppgbbio@gmail.com<\/span><\/p>\n<p><span style=\"font-size: 12pt;\">Localiza\u00e7\u00e3o: <b><a title=\"Localize no mapa\" href=\"http:\/\/goo.gl\/eHJdG2\" target=\"_blank\" rel=\"noopener\">Campus Cap\u00e3o do Le\u00e3o<\/a><\/b><\/span><\/p>\n<ul>\n<li><span style=\"font-size: 12pt;\"><a href=\"https:\/\/wp.ufpel.edu.br\/nupeec\/historia-nupeec-hub\/\"><strong>N\u00facleo de Pesquisa, Ensino e Extens\u00e3o em Pecu\u00e1ria &#8211; NUPEEC<\/strong><\/a><\/span><\/li>\n<\/ul>\n<p><span style=\"font-size: 12pt;\">E-mail:\u00a0nupeechub@gmail.com<\/span><\/p>\n","protected":false},"excerpt":{"rendered":"<p>\u00a0Centro de Inova\u00e7\u00e3o em Sistemas Agroalimentares Sustent\u00e1veis &#8211; CISAS Email: cisas@ufpel.edu.br Localiza\u00e7\u00e3o: Campus Cap\u00e3o do Le\u00e3o Central Anal\u00edtica &#8211; Qu\u00edmica &#8211; CA-Quim Email: catiarad@yahoo.com.br Localiza\u00e7\u00e3o: Campus Cap\u00e3o do Le\u00e3o Grupo de Tecnologias Aplicadas em Materiais Avan\u00e7ados &#8211; Novonano Email: novonanoanalises@gmail.com Localiza\u00e7\u00e3o: Campus Anglo Laborat\u00f3rio de Bioinform\u00e1tica e Prote\u00f4mica \u2013\u00a0BioPro_Lab Email: dmpluc@gmail.com Localiza\u00e7\u00e3o: Campus Cap\u00e3o do [&hellip;]<\/p>\n","protected":false},"author":1112,"featured_media":0,"parent":0,"menu_order":0,"comment_status":"closed","ping_status":"closed","template":"","meta":{"footnotes":""},"class_list":["post-55","page","type-page","status-publish","hentry"],"_links":{"self":[{"href":"https:\/\/wp.ufpel.edu.br\/cisas\/wp-json\/wp\/v2\/pages\/55","targetHints":{"allow":["GET"]}}],"collection":[{"href":"https:\/\/wp.ufpel.edu.br\/cisas\/wp-json\/wp\/v2\/pages"}],"about":[{"href":"https:\/\/wp.ufpel.edu.br\/cisas\/wp-json\/wp\/v2\/types\/page"}],"author":[{"embeddable":true,"href":"https:\/\/wp.ufpel.edu.br\/cisas\/wp-json\/wp\/v2\/users\/1112"}],"replies":[{"embeddable":true,"href":"https:\/\/wp.ufpel.edu.br\/cisas\/wp-json\/wp\/v2\/comments?post=55"}],"version-history":[{"count":15,"href":"https:\/\/wp.ufpel.edu.br\/cisas\/wp-json\/wp\/v2\/pages\/55\/revisions"}],"predecessor-version":[{"id":195,"href":"https:\/\/wp.ufpel.edu.br\/cisas\/wp-json\/wp\/v2\/pages\/55\/revisions\/195"}],"wp:attachment":[{"href":"https:\/\/wp.ufpel.edu.br\/cisas\/wp-json\/wp\/v2\/media?parent=55"}],"curies":[{"name":"wp","href":"https:\/\/api.w.org\/{rel}","templated":true}]}}