{"id":2,"date":"2023-08-09T16:01:39","date_gmt":"2023-08-09T19:01:39","guid":{"rendered":"https:\/\/wp.ufpel.edu.br\/cisas\/?page_id=2"},"modified":"2025-04-10T09:50:18","modified_gmt":"2025-04-10T12:50:18","slug":"sobre","status":"publish","type":"page","link":"https:\/\/wp.ufpel.edu.br\/cisas\/","title":{"rendered":"CISAS"},"content":{"rendered":"<p style=\"text-align: justify;\"><span style=\"font-size: 12pt; font-family: arial, helvetica, sans-serif;\">O Centro de Inova\u00e7\u00e3o em Sistemas Agroalimentares Sustent\u00e1veis (CISAS) re\u00fane grupos de pesquisadores e infraestrutura de pesquisa com a finalidade de fazer frente, com avan\u00e7os cient\u00edficos, tecnol\u00f3gicos e de inova\u00e7\u00e3o, aos desafios da produ\u00e7\u00e3o de alimentos saud\u00e1veis com impacto ambiental aceit\u00e1vel dentro de um cen\u00e1rio de mudan\u00e7as clim\u00e1ticas que impactam negativamente a atividade agropecu\u00e1ria.<\/span><\/p>\n","protected":false},"excerpt":{"rendered":"<p>O Centro de Inova\u00e7\u00e3o em Sistemas Agroalimentares Sustent\u00e1veis (CISAS) re\u00fane grupos de pesquisadores e infraestrutura de pesquisa com a finalidade de fazer frente, com avan\u00e7os cient\u00edficos, tecnol\u00f3gicos e de inova\u00e7\u00e3o, aos desafios da produ\u00e7\u00e3o de alimentos saud\u00e1veis com impacto ambiental aceit\u00e1vel dentro de um cen\u00e1rio de mudan\u00e7as clim\u00e1ticas que impactam negativamente a atividade agropecu\u00e1ria.<\/p>\n","protected":false},"author":1112,"featured_media":0,"parent":0,"menu_order":0,"comment_status":"closed","ping_status":"closed","template":"","meta":{"footnotes":""},"class_list":["post-2","page","type-page","status-publish","hentry"],"_links":{"self":[{"href":"https:\/\/wp.ufpel.edu.br\/cisas\/wp-json\/wp\/v2\/pages\/2","targetHints":{"allow":["GET"]}}],"collection":[{"href":"https:\/\/wp.ufpel.edu.br\/cisas\/wp-json\/wp\/v2\/pages"}],"about":[{"href":"https:\/\/wp.ufpel.edu.br\/cisas\/wp-json\/wp\/v2\/types\/page"}],"author":[{"embeddable":true,"href":"https:\/\/wp.ufpel.edu.br\/cisas\/wp-json\/wp\/v2\/users\/1112"}],"replies":[{"embeddable":true,"href":"https:\/\/wp.ufpel.edu.br\/cisas\/wp-json\/wp\/v2\/comments?post=2"}],"version-history":[{"count":3,"href":"https:\/\/wp.ufpel.edu.br\/cisas\/wp-json\/wp\/v2\/pages\/2\/revisions"}],"predecessor-version":[{"id":198,"href":"https:\/\/wp.ufpel.edu.br\/cisas\/wp-json\/wp\/v2\/pages\/2\/revisions\/198"}],"wp:attachment":[{"href":"https:\/\/wp.ufpel.edu.br\/cisas\/wp-json\/wp\/v2\/media?parent=2"}],"curies":[{"name":"wp","href":"https:\/\/api.w.org\/{rel}","templated":true}]}}