{"id":8,"date":"2014-04-18T22:29:45","date_gmt":"2014-04-19T01:29:45","guid":{"rendered":"https:\/\/wp.ufpel.edu.br\/cis\/?page_id=8"},"modified":"2019-05-09T11:27:39","modified_gmt":"2019-05-09T14:27:39","slug":"membros","status":"publish","type":"page","link":"https:\/\/wp.ufpel.edu.br\/cis\/membros\/","title":{"rendered":"Membros"},"content":{"rendered":"<p>TITULARES:<\/p>\n<p class=\"Texto_Justificado_Recuo_Primeira_Linha\"><em>Antonio Augusto da Silva Azambuja\u200b<\/em><\/p>\n<p class=\"Texto_Justificado_Recuo_Primeira_Linha\"><em>Barto Olivan Rosa de Farias\u200b<\/em><\/p>\n<p class=\"Texto_Justificado_Recuo_Primeira_Linha\"><em>Denir Domingues Cunha\u200b<\/em><\/p>\n<p class=\"Texto_Justificado_Recuo_Primeira_Linha\"><em>Edimar Gon\u00e7alves Ribeiro\u200b<\/em><\/p>\n<p class=\"Texto_Justificado_Recuo_Primeira_Linha\"><em>Helo\u00edsa Helena Campelo Rodrigues da Rocha<\/em><\/p>\n<p class=\"Texto_Justificado_Recuo_Primeira_Linha\"><em>Jo\u00e3o Paulo Voltan Adamoli\u200b<\/em><\/p>\n<p class=\"Texto_Justificado_Recuo_Primeira_Linha\"><em>Ot\u00e1vio Augusto Zanin Delevedove<\/em><\/p>\n<p>SUPLENTE:<br \/>\n<em>Jos\u00e9 Emir Rodrigues Gon\u00e7alves<\/em><\/p>\n<p>&nbsp;<\/p>\n<p>PORTARIA N\u00ba 740, DE 28 DE MAR\u00c7O DE 2019<\/p>\n","protected":false},"excerpt":{"rendered":"<p>TITULARES: Antonio Augusto da Silva Azambuja\u200b Barto Olivan Rosa de Farias\u200b Denir Domingues Cunha\u200b Edimar Gon\u00e7alves Ribeiro\u200b Helo\u00edsa Helena Campelo Rodrigues da Rocha Jo\u00e3o Paulo Voltan Adamoli\u200b Ot\u00e1vio Augusto Zanin Delevedove SUPLENTE: Jos\u00e9 Emir Rodrigues Gon\u00e7alves &nbsp; PORTARIA N\u00ba 740, DE 28 DE MAR\u00c7O DE 2019<\/p>\n","protected":false},"author":251,"featured_media":0,"parent":0,"menu_order":2,"comment_status":"closed","ping_status":"closed","template":"","meta":{"footnotes":""},"class_list":["post-8","page","type-page","status-publish","hentry"],"_links":{"self":[{"href":"https:\/\/wp.ufpel.edu.br\/cis\/wp-json\/wp\/v2\/pages\/8","targetHints":{"allow":["GET"]}}],"collection":[{"href":"https:\/\/wp.ufpel.edu.br\/cis\/wp-json\/wp\/v2\/pages"}],"about":[{"href":"https:\/\/wp.ufpel.edu.br\/cis\/wp-json\/wp\/v2\/types\/page"}],"author":[{"embeddable":true,"href":"https:\/\/wp.ufpel.edu.br\/cis\/wp-json\/wp\/v2\/users\/251"}],"replies":[{"embeddable":true,"href":"https:\/\/wp.ufpel.edu.br\/cis\/wp-json\/wp\/v2\/comments?post=8"}],"version-history":[{"count":20,"href":"https:\/\/wp.ufpel.edu.br\/cis\/wp-json\/wp\/v2\/pages\/8\/revisions"}],"predecessor-version":[{"id":128,"href":"https:\/\/wp.ufpel.edu.br\/cis\/wp-json\/wp\/v2\/pages\/8\/revisions\/128"}],"wp:attachment":[{"href":"https:\/\/wp.ufpel.edu.br\/cis\/wp-json\/wp\/v2\/media?parent=8"}],"curies":[{"name":"wp","href":"https:\/\/api.w.org\/{rel}","templated":true}]}}