{"id":59,"date":"2014-04-28T12:08:22","date_gmt":"2014-04-28T15:08:22","guid":{"rendered":"https:\/\/wp.ufpel.edu.br\/cis\/?page_id=59"},"modified":"2019-05-09T10:56:37","modified_gmt":"2019-05-09T13:56:37","slug":"programas","status":"publish","type":"page","link":"https:\/\/wp.ufpel.edu.br\/cis\/programas\/","title":{"rendered":"Links \u00fateis"},"content":{"rendered":"<p>Capacita\u00e7\u00e3o:<a href=\"http:\/\/www.ufpel.edu.br\/prgrh\/dpdp\/noticias\/arq\/Resolucao_02_-_08_-_Programa_de_Capacitacao.pdf\">http:\/\/www.ufpel.edu.br\/prgrh\/dpdp\/noticias\/arq\/Resolucao_02_-_08_-_Programa_de_Capacitacao.pdf<\/a><\/p>\n<p>Em aprova\u00e7\u00e3o pelo Conselho Universit\u00e1rio<\/p>\n<p>Desempenho: <a href=\"https:\/\/wp.ufpel.edu.br\/cis\/files\/2009\/08\/norma-desempenho.doc\">norma-desempenho<br \/>\n<\/a><\/p>\n<p>Dimensionamento: <a href=\"https:\/\/wp.ufpel.edu.br\/cis\/files\/2009\/08\/norma_dimensionamento_v_final_ufpel1.doc\">norma_dimensionamento_v_final_ufpel1<\/a><\/p>\n","protected":false},"excerpt":{"rendered":"<p>Capacita\u00e7\u00e3o:http:\/\/www.ufpel.edu.br\/prgrh\/dpdp\/noticias\/arq\/Resolucao_02_-_08_-_Programa_de_Capacitacao.pdf Em aprova\u00e7\u00e3o pelo Conselho Universit\u00e1rio Desempenho: norma-desempenho Dimensionamento: norma_dimensionamento_v_final_ufpel1<\/p>\n","protected":false},"author":251,"featured_media":0,"parent":0,"menu_order":4,"comment_status":"closed","ping_status":"closed","template":"","meta":{"footnotes":""},"class_list":["post-59","page","type-page","status-publish","hentry"],"_links":{"self":[{"href":"https:\/\/wp.ufpel.edu.br\/cis\/wp-json\/wp\/v2\/pages\/59","targetHints":{"allow":["GET"]}}],"collection":[{"href":"https:\/\/wp.ufpel.edu.br\/cis\/wp-json\/wp\/v2\/pages"}],"about":[{"href":"https:\/\/wp.ufpel.edu.br\/cis\/wp-json\/wp\/v2\/types\/page"}],"author":[{"embeddable":true,"href":"https:\/\/wp.ufpel.edu.br\/cis\/wp-json\/wp\/v2\/users\/251"}],"replies":[{"embeddable":true,"href":"https:\/\/wp.ufpel.edu.br\/cis\/wp-json\/wp\/v2\/comments?post=59"}],"version-history":[{"count":10,"href":"https:\/\/wp.ufpel.edu.br\/cis\/wp-json\/wp\/v2\/pages\/59\/revisions"}],"predecessor-version":[{"id":122,"href":"https:\/\/wp.ufpel.edu.br\/cis\/wp-json\/wp\/v2\/pages\/59\/revisions\/122"}],"wp:attachment":[{"href":"https:\/\/wp.ufpel.edu.br\/cis\/wp-json\/wp\/v2\/media?parent=59"}],"curies":[{"name":"wp","href":"https:\/\/api.w.org\/{rel}","templated":true}]}}