{"id":97,"date":"2018-07-09T16:49:42","date_gmt":"2018-07-09T19:49:42","guid":{"rendered":"https:\/\/wp.ufpel.edu.br\/cineufpel\/?page_id=97"},"modified":"2025-06-03T00:55:31","modified_gmt":"2025-06-03T03:55:31","slug":"sobrenos","status":"publish","type":"page","link":"https:\/\/wp.ufpel.edu.br\/cineufpel\/sobrenos\/","title":{"rendered":"Sobre"},"content":{"rendered":"<p class=\"jetpack-slideshow-noscript robots-nocontent\">Este slideshow necessita de JavaScript.<\/p><div id=\"gallery-97-1-slideshow\" class=\"jetpack-slideshow-window jetpack-slideshow jetpack-slideshow-black\" data-trans=\"fade\" data-autostart=\"1\" data-gallery=\"[{&quot;src&quot;:&quot;https:\\\/\\\/wp.ufpel.edu.br\\\/cineufpel\\\/files\\\/2018\\\/10\\\/cine_escolas4.jpg&quot;,&quot;id&quot;:&quot;138&quot;,&quot;title&quot;:&quot;cine_escolas4&quot;,&quot;alt&quot;:&quot;&quot;,&quot;caption&quot;:&quot;&quot;,&quot;itemprop&quot;:&quot;image&quot;},{&quot;src&quot;:&quot;https:\\\/\\\/wp.ufpel.edu.br\\\/cineufpel\\\/files\\\/2018\\\/10\\\/cine_escolas2.jpg&quot;,&quot;id&quot;:&quot;137&quot;,&quot;title&quot;:&quot;cine_escolas2&quot;,&quot;alt&quot;:&quot;&quot;,&quot;caption&quot;:&quot;&quot;,&quot;itemprop&quot;:&quot;image&quot;},{&quot;src&quot;:&quot;https:\\\/\\\/wp.ufpel.edu.br\\\/cineufpel\\\/files\\\/2018\\\/10\\\/cine3.jpg&quot;,&quot;id&quot;:&quot;140&quot;,&quot;title&quot;:&quot;cine3&quot;,&quot;alt&quot;:&quot;&quot;,&quot;caption&quot;:&quot;&quot;,&quot;itemprop&quot;:&quot;image&quot;},{&quot;src&quot;:&quot;https:\\\/\\\/wp.ufpel.edu.br\\\/cineufpel\\\/files\\\/2018\\\/10\\\/cine4.jpg&quot;,&quot;id&quot;:&quot;141&quot;,&quot;title&quot;:&quot;cine4&quot;,&quot;alt&quot;:&quot;&quot;,&quot;caption&quot;:&quot;&quot;,&quot;itemprop&quot;:&quot;image&quot;},{&quot;src&quot;:&quot;https:\\\/\\\/wp.ufpel.edu.br\\\/cineufpel\\\/files\\\/2018\\\/10\\\/cine2.jpg&quot;,&quot;id&quot;:&quot;139&quot;,&quot;title&quot;:&quot;cine2&quot;,&quot;alt&quot;:&quot;&quot;,&quot;caption&quot;:&quot;&quot;,&quot;itemprop&quot;:&quot;image&quot;},{&quot;src&quot;:&quot;https:\\\/\\\/wp.ufpel.edu.br\\\/cineufpel\\\/files\\\/2018\\\/10\\\/kids.jpg&quot;,&quot;id&quot;:&quot;142&quot;,&quot;title&quot;:&quot;kids&quot;,&quot;alt&quot;:&quot;&quot;,&quot;caption&quot;:&quot;&quot;,&quot;itemprop&quot;:&quot;image&quot;}]\" itemscope itemtype=\"https:\/\/schema.org\/ImageGallery\"><\/div>\n<p>&nbsp;<\/p>\n<p>Cine UFPEL \u00e9 uma Sala de cinema da Universidade Federal de Pelotas que foi constitu\u00eddo por iniciativa dos docentes do Colegiado dos Cursos de Cinema do Centro de Artes (Cinema e Audiovisual e Cinema de Anima\u00e7\u00e3o) atrav\u00e9s de Projeto de Extens\u00e3o. A sala de cinema \u00e9 sediada no Audit\u00f3rio Luis Sim\u00f5es Lopes da Ag\u00eancia de Desenvolvimento da Lagoa Mirim e articula com os projetos Cine UFPel para crian\u00e7as e idosos, al\u00e9m de abrigar diferentes cineclubes. A sala se encontra aberta nas quartas-feiras, quintas-feiras e sextas-feiras. As se\u00e7\u00f5es podem ser conferidas em nossa agenda aqui mesmo no site ou atrav\u00e9s das nossas redes sociais.<\/p>\n<p>Entre os objetivos do projeto est\u00e3o Estimular a universaliza\u00e7\u00e3o do acesso e voca\u00e7\u00f5es para as obras cinematogr\u00e1ficas e audiovisuais, em especial as nacionais e latino-americana; Promover o conhecimento das e pelas artes cinematogr\u00e1ficas e audiovisuais; Garantir a participa\u00e7\u00e3o diversificada de obras cinematogr\u00e1ficas e audiovisuais estrangeiras no mercado brasileiro; Incentivar a reflex\u00e3o e a discuss\u00e3o de ideias atrav\u00e9s do cinema e de suas in\u00fameras interfaces culturais e sociais; Oportunizar atividades de ensino, pesquisa e extens\u00e3o relacionadas a obras cinematogr\u00e1ficas e audiovisuais; Formar p\u00fablico (comunidade interna e externa) para as artes cinematogr\u00e1ficas e audiovisuais.<\/p>\n","protected":false},"excerpt":{"rendered":"<p>&nbsp; Cine UFPEL \u00e9 uma Sala de cinema da Universidade Federal de Pelotas que foi constitu\u00eddo por iniciativa dos docentes do Colegiado dos Cursos de Cinema do Centro de Artes (Cinema e Audiovisual e Cinema de Anima\u00e7\u00e3o) atrav\u00e9s de Projeto&#8230; <a class=\"more-link\" href=\"https:\/\/wp.ufpel.edu.br\/cineufpel\/sobrenos\/\">Continue lendo &rarr;<\/a><\/p>\n","protected":false},"author":721,"featured_media":0,"parent":0,"menu_order":0,"comment_status":"closed","ping_status":"closed","template":"page-templates\/template-grid.php","meta":{"jetpack_post_was_ever_published":false,"footnotes":""},"class_list":["post-97","page","type-page","status-publish","hentry"],"jetpack_sharing_enabled":true,"jetpack_shortlink":"https:\/\/wp.me\/P8Lz44-1z","_links":{"self":[{"href":"https:\/\/wp.ufpel.edu.br\/cineufpel\/wp-json\/wp\/v2\/pages\/97","targetHints":{"allow":["GET"]}}],"collection":[{"href":"https:\/\/wp.ufpel.edu.br\/cineufpel\/wp-json\/wp\/v2\/pages"}],"about":[{"href":"https:\/\/wp.ufpel.edu.br\/cineufpel\/wp-json\/wp\/v2\/types\/page"}],"author":[{"embeddable":true,"href":"https:\/\/wp.ufpel.edu.br\/cineufpel\/wp-json\/wp\/v2\/users\/721"}],"replies":[{"embeddable":true,"href":"https:\/\/wp.ufpel.edu.br\/cineufpel\/wp-json\/wp\/v2\/comments?post=97"}],"version-history":[{"count":10,"href":"https:\/\/wp.ufpel.edu.br\/cineufpel\/wp-json\/wp\/v2\/pages\/97\/revisions"}],"predecessor-version":[{"id":869,"href":"https:\/\/wp.ufpel.edu.br\/cineufpel\/wp-json\/wp\/v2\/pages\/97\/revisions\/869"}],"wp:attachment":[{"href":"https:\/\/wp.ufpel.edu.br\/cineufpel\/wp-json\/wp\/v2\/media?parent=97"}],"curies":[{"name":"wp","href":"https:\/\/api.w.org\/{rel}","templated":true}]}}

<p class="jetpack-slideshow-noscript robots-nocontent">Este slideshow necessita de JavaScript.</p><div id="gallery-97-1-slideshow" class="jetpack-slideshow-window jetpack-slideshow jetpack-slideshow-black" data-trans="fade" data-autostart="1" data-gallery="[{&quot;src&quot;:&quot;https:\/\/wp.ufpel.edu.br\/cineufpel\/files\/2018\/10\/cine_escolas4.jpg&quot;,&quot;id&quot;:&quot;138&quot;,&quot;title&quot;:&quot;cine_escolas4&quot;,&quot;alt&quot;:&quot;&quot;,&quot;caption&quot;:&quot;&quot;,&quot;itemprop&quot;:&quot;image&quot;},{&quot;src&quot;:&quot;https:\/\/wp.ufpel.edu.br\/cineufpel\/files\/2018\/10\/cine_escolas2.jpg&quot;,&quot;id&quot;:&quot;137&quot;,&quot;title&quot;:&quot;cine_escolas2&quot;,&quot;alt&quot;:&quot;&quot;,&quot;caption&quot;:&quot;&quot;,&quot;itemprop&quot;:&quot;image&quot;},{&quot;src&quot;:&quot;https:\/\/wp.ufpel.edu.br\/cineufpel\/files\/2018\/10\/cine3.jpg&quot;,&quot;id&quot;:&quot;140&quot;,&quot;title&quot;:&quot;cine3&quot;,&quot;alt&quot;:&quot;&quot;,&quot;caption&quot;:&quot;&quot;,&quot;itemprop&quot;:&quot;image&quot;},{&quot;src&quot;:&quot;https:\/\/wp.ufpel.edu.br\/cineufpel\/files\/2018\/10\/cine4.jpg&quot;,&quot;id&quot;:&quot;141&quot;,&quot;title&quot;:&quot;cine4&quot;,&quot;alt&quot;:&quot;&quot;,&quot;caption&quot;:&quot;&quot;,&quot;itemprop&quot;:&quot;image&quot;},{&quot;src&quot;:&quot;https:\/\/wp.ufpel.edu.br\/cineufpel\/files\/2018\/10\/cine2.jpg&quot;,&quot;id&quot;:&quot;139&quot;,&quot;title&quot;:&quot;cine2&quot;,&quot;alt&quot;:&quot;&quot;,&quot;caption&quot;:&quot;&quot;,&quot;itemprop&quot;:&quot;image&quot;},{&quot;src&quot;:&quot;https:\/\/wp.ufpel.edu.br\/cineufpel\/files\/2018\/10\/kids.jpg&quot;,&quot;id&quot;:&quot;142&quot;,&quot;title&quot;:&quot;kids&quot;,&quot;alt&quot;:&quot;&quot;,&quot;caption&quot;:&quot;&quot;,&quot;itemprop&quot;:&quot;image&quot;}]" itemscope itemtype="https://schema.org/ImageGallery"></div>
<p>&nbsp;</p>
<p>Cine UFPEL é uma Sala de cinema da Universidade Federal de Pelotas que foi constituído por iniciativa dos docentes do Colegiado dos Cursos de Cinema do Centro de Artes (Cinema e Audiovisual e Cinema de Animação) através de Projeto de Extensão. A sala de cinema é sediada no Auditório Luis Simões Lopes da Agência de Desenvolvimento da Lagoa Mirim e articula com os projetos Cine UFPel para crianças e idosos, além de abrigar diferentes cineclubes. A sala se encontra aberta nas quartas-feiras, quintas-feiras e sextas-feiras. As seções podem ser conferidas em nossa agenda aqui mesmo no site ou através das nossas redes sociais.</p>
<p>Entre os objetivos do projeto estão Estimular a universalização do acesso e vocações para as obras cinematográficas e audiovisuais, em especial as nacionais e latino-americana; Promover o conhecimento das e pelas artes cinematográficas e audiovisuais; Garantir a participação diversificada de obras cinematográficas e audiovisuais estrangeiras no mercado brasileiro; Incentivar a reflexão e a discussão de ideias através do cinema e de suas inúmeras interfaces culturais e sociais; Oportunizar atividades de ensino, pesquisa e extensão relacionadas a obras cinematográficas e audiovisuais; Formar público (comunidade interna e externa) para as artes cinematográficas e audiovisuais.</p>

<p>&nbsp; Cine UFPEL é uma Sala de cinema da Universidade Federal de Pelotas que foi constituído por iniciativa dos docentes do Colegiado dos Cursos de Cinema do Centro de Artes (Cinema e Audiovisual e Cinema de Animação) através de Projeto&#8230; <a class="more-link" href="https://wp.ufpel.edu.br/cineufpel/sobrenos/">Continue lendo &rarr;</a></p>
