{"id":731,"date":"2025-02-14T22:27:45","date_gmt":"2025-02-15T01:27:45","guid":{"rendered":"https:\/\/wp.ufpel.edu.br\/cineufpel\/?page_id=731"},"modified":"2025-06-03T01:43:54","modified_gmt":"2025-06-03T04:43:54","slug":"projetos-2","status":"publish","type":"page","link":"https:\/\/wp.ufpel.edu.br\/cineufpel\/projetos-2\/","title":{"rendered":"Projetos"},"content":{"rendered":"<h2 style=\"text-align: center;\">Cine UFPel para Crian\u00e7as<\/h2>\n<p>Consiste na realiza\u00e7\u00e3o de sess\u00f5es de filmes para crian\u00e7as e adolescentes de escolas p\u00fablicas de Pelotas e regi\u00e3o, proporcionado um momento de lazer em uma sala de cinema adequada, e colabora na forma\u00e7\u00e3o cultural do p\u00fablico alvo. S\u00e3o exibidos filmes adequados a cada um dos p\u00fablicos, conforme faixa et\u00e1ria.<\/p>\n<p class=\"jetpack-slideshow-noscript robots-nocontent\">Este slideshow necessita de JavaScript.<\/p><div id=\"gallery-731-1-slideshow\" class=\"jetpack-slideshow-window jetpack-slideshow jetpack-slideshow-black\" data-trans=\"fade\" data-autostart=\"1\" data-gallery=\"[{&quot;src&quot;:&quot;https:\\\/\\\/wp.ufpel.edu.br\\\/cineufpel\\\/files\\\/2025\\\/05\\\/Captura-de-tela-2025-05-28-171943.png&quot;,&quot;id&quot;:&quot;853&quot;,&quot;title&quot;:&quot;Captura de tela 2025-05-28 171943&quot;,&quot;alt&quot;:&quot;&quot;,&quot;caption&quot;:&quot;&quot;,&quot;itemprop&quot;:&quot;image&quot;},{&quot;src&quot;:&quot;https:\\\/\\\/wp.ufpel.edu.br\\\/cineufpel\\\/files\\\/2025\\\/05\\\/Captura-de-tela-2025-05-28-172147.png&quot;,&quot;id&quot;:&quot;854&quot;,&quot;title&quot;:&quot;Captura de tela 2025-05-28 172147&quot;,&quot;alt&quot;:&quot;&quot;,&quot;caption&quot;:&quot;&quot;,&quot;itemprop&quot;:&quot;image&quot;},{&quot;src&quot;:&quot;https:\\\/\\\/wp.ufpel.edu.br\\\/cineufpel\\\/files\\\/2025\\\/05\\\/Captura-de-tela-2025-05-28-171922.png&quot;,&quot;id&quot;:&quot;852&quot;,&quot;title&quot;:&quot;Captura de tela 2025-05-28 171922&quot;,&quot;alt&quot;:&quot;&quot;,&quot;caption&quot;:&quot;&quot;,&quot;itemprop&quot;:&quot;image&quot;}]\" itemscope itemtype=\"https:\/\/schema.org\/ImageGallery\"><\/div>\n<div style=\"float: left; width: 45%;\">\n<p>&nbsp;<\/p>\n<\/div>\n<h2><\/h2>\n<h2 style=\"text-align: center;\">Cine UFPel para Idosos<\/h2>\n<p>Al\u00e9m de proporcionar um momento de lazer busca-se sempre realizar sess\u00f5es comentadas para que al\u00e9m de entreter, consigamos acrescentar na forma\u00e7\u00e3o cultural deste p\u00fablico. O objetivo principal deste projeto \u00e9 promover o conv\u00edvio de idosos com a comunidade pelotense por meio da arte.<\/p>\n<p class=\"jetpack-slideshow-noscript robots-nocontent\">Este slideshow necessita de JavaScript.<\/p><div id=\"gallery-731-2-slideshow\" class=\"jetpack-slideshow-window jetpack-slideshow jetpack-slideshow-black\" data-trans=\"fade\" data-autostart=\"1\" data-gallery=\"[{&quot;src&quot;:&quot;https:\\\/\\\/wp.ufpel.edu.br\\\/cineufpel\\\/files\\\/2025\\\/06\\\/3t-scaled.jpg&quot;,&quot;id&quot;:&quot;876&quot;,&quot;title&quot;:&quot;3t&quot;,&quot;alt&quot;:&quot;&quot;,&quot;caption&quot;:&quot;&quot;,&quot;itemprop&quot;:&quot;image&quot;},{&quot;src&quot;:&quot;https:\\\/\\\/wp.ufpel.edu.br\\\/cineufpel\\\/files\\\/2025\\\/06\\\/4-scaled.jpg&quot;,&quot;id&quot;:&quot;871&quot;,&quot;title&quot;:&quot;4&quot;,&quot;alt&quot;:&quot;&quot;,&quot;caption&quot;:&quot;&quot;,&quot;itemprop&quot;:&quot;image&quot;},{&quot;src&quot;:&quot;https:\\\/\\\/wp.ufpel.edu.br\\\/cineufpel\\\/files\\\/2025\\\/06\\\/5-scaled.jpg&quot;,&quot;id&quot;:&quot;872&quot;,&quot;title&quot;:&quot;5&quot;,&quot;alt&quot;:&quot;&quot;,&quot;caption&quot;:&quot;&quot;,&quot;itemprop&quot;:&quot;image&quot;},{&quot;src&quot;:&quot;https:\\\/\\\/wp.ufpel.edu.br\\\/cineufpel\\\/files\\\/2025\\\/06\\\/6t.jpg&quot;,&quot;id&quot;:&quot;873&quot;,&quot;title&quot;:&quot;6t&quot;,&quot;alt&quot;:&quot;&quot;,&quot;caption&quot;:&quot;&quot;,&quot;itemprop&quot;:&quot;image&quot;},{&quot;src&quot;:&quot;https:\\\/\\\/wp.ufpel.edu.br\\\/cineufpel\\\/files\\\/2025\\\/06\\\/7-scaled.jpg&quot;,&quot;id&quot;:&quot;874&quot;,&quot;title&quot;:&quot;7&quot;,&quot;alt&quot;:&quot;&quot;,&quot;caption&quot;:&quot;&quot;,&quot;itemprop&quot;:&quot;image&quot;}]\" itemscope itemtype=\"https:\/\/schema.org\/ImageGallery\"><\/div>\n<div style=\"float: left; width: 45%;\">\n<p>&nbsp;<\/p>\n<\/div>\n<h2><\/h2>\n<ul>\n<li style=\"list-style-type: none;\"><\/li>\n<\/ul>\n<div style=\"clear: both;\"><\/div>\n<h2 style=\"text-align: center;\"><strong>Outros Projetos<\/strong><\/h2>\n<ul>\n<li style=\"text-align: left;\">Ciclo de Cinema\u00a0\u00a0(programa\u00e7\u00e3o da grade curricular)<\/li>\n<li style=\"text-align: left;\">Mostras de Curtas\u00a0\u00a0(programa\u00e7\u00e3o da grade curricular)<\/li>\n<\/ul>\n","protected":false},"excerpt":{"rendered":"<p>Cine UFPel para Crian\u00e7as Consiste na realiza\u00e7\u00e3o de sess\u00f5es de filmes para crian\u00e7as e adolescentes de escolas p\u00fablicas de Pelotas e regi\u00e3o, proporcionado um momento de lazer em uma sala de cinema adequada, e colabora na forma\u00e7\u00e3o cultural do p\u00fablico&#8230; <a class=\"more-link\" href=\"https:\/\/wp.ufpel.edu.br\/cineufpel\/projetos-2\/\">Continue lendo &rarr;<\/a><\/p>\n","protected":false},"author":721,"featured_media":0,"parent":0,"menu_order":0,"comment_status":"closed","ping_status":"closed","template":"","meta":{"jetpack_post_was_ever_published":false,"footnotes":""},"class_list":["post-731","page","type-page","status-publish","hentry"],"jetpack_sharing_enabled":true,"jetpack_shortlink":"https:\/\/wp.me\/P8Lz44-bN","_links":{"self":[{"href":"https:\/\/wp.ufpel.edu.br\/cineufpel\/wp-json\/wp\/v2\/pages\/731","targetHints":{"allow":["GET"]}}],"collection":[{"href":"https:\/\/wp.ufpel.edu.br\/cineufpel\/wp-json\/wp\/v2\/pages"}],"about":[{"href":"https:\/\/wp.ufpel.edu.br\/cineufpel\/wp-json\/wp\/v2\/types\/page"}],"author":[{"embeddable":true,"href":"https:\/\/wp.ufpel.edu.br\/cineufpel\/wp-json\/wp\/v2\/users\/721"}],"replies":[{"embeddable":true,"href":"https:\/\/wp.ufpel.edu.br\/cineufpel\/wp-json\/wp\/v2\/comments?post=731"}],"version-history":[{"count":10,"href":"https:\/\/wp.ufpel.edu.br\/cineufpel\/wp-json\/wp\/v2\/pages\/731\/revisions"}],"predecessor-version":[{"id":848,"href":"https:\/\/wp.ufpel.edu.br\/cineufpel\/wp-json\/wp\/v2\/pages\/731\/revisions\/848"}],"wp:attachment":[{"href":"https:\/\/wp.ufpel.edu.br\/cineufpel\/wp-json\/wp\/v2\/media?parent=731"}],"curies":[{"name":"wp","href":"https:\/\/api.w.org\/{rel}","templated":true}]}}

<h2 style="text-align: center;">Cine UFPel para Crianças</h2>
<p>Consiste na realização de sessões de filmes para crianças e adolescentes de escolas públicas de Pelotas e região, proporcionado um momento de lazer em uma sala de cinema adequada, e colabora na formação cultural do público alvo. São exibidos filmes adequados a cada um dos públicos, conforme faixa etária.</p>
<p class="jetpack-slideshow-noscript robots-nocontent">Este slideshow necessita de JavaScript.</p><div id="gallery-731-1-slideshow" class="jetpack-slideshow-window jetpack-slideshow jetpack-slideshow-black" data-trans="fade" data-autostart="1" data-gallery="[{&quot;src&quot;:&quot;https:\/\/wp.ufpel.edu.br\/cineufpel\/files\/2025\/05\/Captura-de-tela-2025-05-28-171943.png&quot;,&quot;id&quot;:&quot;853&quot;,&quot;title&quot;:&quot;Captura de tela 2025-05-28 171943&quot;,&quot;alt&quot;:&quot;&quot;,&quot;caption&quot;:&quot;&quot;,&quot;itemprop&quot;:&quot;image&quot;},{&quot;src&quot;:&quot;https:\/\/wp.ufpel.edu.br\/cineufpel\/files\/2025\/05\/Captura-de-tela-2025-05-28-172147.png&quot;,&quot;id&quot;:&quot;854&quot;,&quot;title&quot;:&quot;Captura de tela 2025-05-28 172147&quot;,&quot;alt&quot;:&quot;&quot;,&quot;caption&quot;:&quot;&quot;,&quot;itemprop&quot;:&quot;image&quot;},{&quot;src&quot;:&quot;https:\/\/wp.ufpel.edu.br\/cineufpel\/files\/2025\/05\/Captura-de-tela-2025-05-28-171922.png&quot;,&quot;id&quot;:&quot;852&quot;,&quot;title&quot;:&quot;Captura de tela 2025-05-28 171922&quot;,&quot;alt&quot;:&quot;&quot;,&quot;caption&quot;:&quot;&quot;,&quot;itemprop&quot;:&quot;image&quot;}]" itemscope itemtype="https://schema.org/ImageGallery"></div>
<div style="float: left; width: 45%;">
<p>&nbsp;</p>
</div>
<h2></h2>
<h2 style="text-align: center;">Cine UFPel para Idosos</h2>
<p>Além de proporcionar um momento de lazer busca-se sempre realizar sessões comentadas para que além de entreter, consigamos acrescentar na formação cultural deste público. O objetivo principal deste projeto é promover o convívio de idosos com a comunidade pelotense por meio da arte.</p>
<p class="jetpack-slideshow-noscript robots-nocontent">Este slideshow necessita de JavaScript.</p><div id="gallery-731-2-slideshow" class="jetpack-slideshow-window jetpack-slideshow jetpack-slideshow-black" data-trans="fade" data-autostart="1" data-gallery="[{&quot;src&quot;:&quot;https:\/\/wp.ufpel.edu.br\/cineufpel\/files\/2025\/06\/3t-scaled.jpg&quot;,&quot;id&quot;:&quot;876&quot;,&quot;title&quot;:&quot;3t&quot;,&quot;alt&quot;:&quot;&quot;,&quot;caption&quot;:&quot;&quot;,&quot;itemprop&quot;:&quot;image&quot;},{&quot;src&quot;:&quot;https:\/\/wp.ufpel.edu.br\/cineufpel\/files\/2025\/06\/4-scaled.jpg&quot;,&quot;id&quot;:&quot;871&quot;,&quot;title&quot;:&quot;4&quot;,&quot;alt&quot;:&quot;&quot;,&quot;caption&quot;:&quot;&quot;,&quot;itemprop&quot;:&quot;image&quot;},{&quot;src&quot;:&quot;https:\/\/wp.ufpel.edu.br\/cineufpel\/files\/2025\/06\/5-scaled.jpg&quot;,&quot;id&quot;:&quot;872&quot;,&quot;title&quot;:&quot;5&quot;,&quot;alt&quot;:&quot;&quot;,&quot;caption&quot;:&quot;&quot;,&quot;itemprop&quot;:&quot;image&quot;},{&quot;src&quot;:&quot;https:\/\/wp.ufpel.edu.br\/cineufpel\/files\/2025\/06\/6t.jpg&quot;,&quot;id&quot;:&quot;873&quot;,&quot;title&quot;:&quot;6t&quot;,&quot;alt&quot;:&quot;&quot;,&quot;caption&quot;:&quot;&quot;,&quot;itemprop&quot;:&quot;image&quot;},{&quot;src&quot;:&quot;https:\/\/wp.ufpel.edu.br\/cineufpel\/files\/2025\/06\/7-scaled.jpg&quot;,&quot;id&quot;:&quot;874&quot;,&quot;title&quot;:&quot;7&quot;,&quot;alt&quot;:&quot;&quot;,&quot;caption&quot;:&quot;&quot;,&quot;itemprop&quot;:&quot;image&quot;}]" itemscope itemtype="https://schema.org/ImageGallery"></div>
<div style="float: left; width: 45%;">
<p>&nbsp;</p>
</div>
<h2></h2>
<ul>
<li style="list-style-type: none;"></li>
</ul>
<div style="clear: both;"></div>
<h2 style="text-align: center;"><strong>Outros Projetos</strong></h2>
<ul>
<li style="text-align: left;">Ciclo de Cinema  (programação da grade curricular)</li>
<li style="text-align: left;">Mostras de Curtas  (programação da grade curricular)</li>
</ul>

<p>Cine UFPel para Crianças Consiste na realização de sessões de filmes para crianças e adolescentes de escolas públicas de Pelotas e região, proporcionado um momento de lazer em uma sala de cinema adequada, e colabora na formação cultural do público&#8230; <a class="more-link" href="https://wp.ufpel.edu.br/cineufpel/projetos-2/">Continue lendo &rarr;</a></p>
