{"id":270,"date":"2021-01-11T09:03:44","date_gmt":"2021-01-11T12:03:44","guid":{"rendered":"https:\/\/wp.ufpel.edu.br\/cinema\/?page_id=270"},"modified":"2026-03-11T20:35:04","modified_gmt":"2026-03-11T23:35:04","slug":"cinema-e-audiovisual","status":"publish","type":"page","link":"https:\/\/wp.ufpel.edu.br\/cinema\/cinema-e-audiovisual\/","title":{"rendered":"cinema e audiovisual"},"content":{"rendered":"<p><span style=\"color: #999999;\">\u25ba acesse [+] para expandir o t\u00f3pico.<\/span><\/p>\n<p><span style=\"font-size: 18pt; color: #2ed6de;\">\u00a0 \u00a0 TOTAIS DO CURSO<\/span><\/p>\n<span class=\"collapseomatic \" id=\"id69d66514e364b\"  tabindex=\"0\" title=\"\"    ><\/span><div id=\"target-id69d66514e364b\" class=\"collapseomatic_content \"><span style=\"display: block; overflow: auto;\"><img loading=\"lazy\" decoding=\"async\" class=\"alignnone size-full wp-image-2734\" src=\"https:\/\/wp.ufpel.edu.br\/cinema\/files\/2026\/03\/grafico_5010-scaled.png\" alt=\"\" width=\"2560\" height=\"1318\" srcset=\"https:\/\/wp.ufpel.edu.br\/cinema\/files\/2026\/03\/grafico_5010-scaled.png 2560w, https:\/\/wp.ufpel.edu.br\/cinema\/files\/2026\/03\/grafico_5010-400x206.png 400w, https:\/\/wp.ufpel.edu.br\/cinema\/files\/2026\/03\/grafico_5010-1024x527.png 1024w, https:\/\/wp.ufpel.edu.br\/cinema\/files\/2026\/03\/grafico_5010-768x395.png 768w, https:\/\/wp.ufpel.edu.br\/cinema\/files\/2026\/03\/grafico_5010-1536x791.png 1536w, https:\/\/wp.ufpel.edu.br\/cinema\/files\/2026\/03\/grafico_5010-2048x1055.png 2048w, https:\/\/wp.ufpel.edu.br\/cinema\/files\/2026\/03\/grafico_5010-600x309.png 600w, https:\/\/wp.ufpel.edu.br\/cinema\/files\/2026\/03\/grafico_5010-945x487.png 945w\" sizes=\"auto, (max-width: 2560px) 100vw, 2560px\" \/><\/span><\/div>\n<table class=\"dados-cobalto tabela-disciplinas\"><tr><th colspan=\"5\" class=\"tabela-quebra\">1\u00ba Semestre<\/th><\/tr><tr><th>C\u00f3digo<\/th><th>Disciplina \/ Pr\u00e9-requisitos<\/th><th>Car\u00e1ter<\/th><th>Cr.<\/th><th>Horas<\/th><\/tr><tr><td>05002178<\/td><td><a href=\"https:\/\/institucional.ufpel.edu.br\/disciplinas\/id\/55781\" target=\"_blank\">DIRE\u00c7\u00c3O DE ARTE<\/a><\/td><td>Obrigat\u00f3ria<\/td><td>4<\/td><td>60<\/td><\/tr><tr><td>05002180<\/td><td><a href=\"https:\/\/institucional.ufpel.edu.br\/disciplinas\/id\/55783\" target=\"_blank\">HIST\u00d3RIA DO CINEMA<\/a><\/td><td>Obrigat\u00f3ria<\/td><td>4<\/td><td>60<\/td><\/tr><tr><td>05002181<\/td><td><a href=\"https:\/\/institucional.ufpel.edu.br\/disciplinas\/id\/55784\" target=\"_blank\">IMAGEM DIGITAL<\/a><\/td><td>Obrigat\u00f3ria<\/td><td>4<\/td><td>60<\/td><\/tr><tr><td>05002179<\/td><td><a href=\"https:\/\/institucional.ufpel.edu.br\/disciplinas\/id\/55782\" target=\"_blank\">INTRODU\u00c7\u00c3O AO AUDIOVISUAL<\/a><\/td><td>Obrigat\u00f3ria<\/td><td>2<\/td><td>30<\/td><\/tr><tr><td>05002183<\/td><td><a href=\"https:\/\/institucional.ufpel.edu.br\/disciplinas\/id\/55786\" target=\"_blank\">OPERA\u00c7\u00c3O DE EQUIPAMENTOS<\/a><\/td><td>Obrigat\u00f3ria<\/td><td>4<\/td><td>60<\/td><\/tr><tr><td>05002182<\/td><td><a href=\"https:\/\/institucional.ufpel.edu.br\/disciplinas\/id\/55785\" target=\"_blank\">ROTEIRO I<\/a><\/td><td>Obrigat\u00f3ria<\/td><td>4<\/td><td>60<\/td><\/tr><tr><th colspan=\"5\" class=\"tabela-quebra\">2\u00ba Semestre<\/th><\/tr><tr><th>C\u00f3digo<\/th><th>Disciplina \/ Pr\u00e9-requisitos<\/th><th>Car\u00e1ter<\/th><th>Cr.<\/th><th>Horas<\/th><\/tr><tr><td>05002184<\/td><td><a href=\"https:\/\/institucional.ufpel.edu.br\/disciplinas\/id\/55787\" target=\"_blank\">\u00c1UDIO I<\/a><\/td><td>Obrigat\u00f3ria<\/td><td>3<\/td><td>45<\/td><\/tr><tr><td>05002190<\/td><td><a href=\"https:\/\/institucional.ufpel.edu.br\/disciplinas\/id\/55793\" target=\"_blank\">COMPOSI\u00c7\u00c3O<\/a><div class=\"tabela-detalhe-info\">05002181 - IMAGEM DIGITAL<\/div><\/td><td>Obrigat\u00f3ria<\/td><td>4<\/td><td>60<\/td><\/tr><tr><td>05002186<\/td><td><a href=\"https:\/\/institucional.ufpel.edu.br\/disciplinas\/id\/55789\" target=\"_blank\">DIRE\u00c7\u00c3O DE PRODU\u00c7\u00c3O<\/a><div class=\"tabela-detalhe-info\">05002179 - INTRODU\u00c7\u00c3O AO AUDIOVISUAL<\/div><\/td><td>Obrigat\u00f3ria<\/td><td>2<\/td><td>30<\/td><\/tr><tr><td>05002185<\/td><td><a href=\"https:\/\/institucional.ufpel.edu.br\/disciplinas\/id\/55788\" target=\"_blank\">HIST\u00d3RIA DO CINEMA BRASILEIRO<\/a><div class=\"tabela-detalhe-info\">05002180 - HIST\u00d3RIA DO CINEMA<\/div><\/td><td>Obrigat\u00f3ria<\/td><td>4<\/td><td>60<\/td><\/tr><tr><td>05002187<\/td><td><a href=\"https:\/\/institucional.ufpel.edu.br\/disciplinas\/id\/55790\" target=\"_blank\">PREPARA\u00c7\u00c3O DE ATORES<\/a><\/td><td>Obrigat\u00f3ria<\/td><td>4<\/td><td>60<\/td><\/tr><tr><td>05002188<\/td><td><a href=\"https:\/\/institucional.ufpel.edu.br\/disciplinas\/id\/55791\" target=\"_blank\">ROTEIRO II<\/a><div class=\"tabela-detalhe-info\">05002182 - ROTEIRO I<\/div><\/td><td>Obrigat\u00f3ria<\/td><td>4<\/td><td>60<\/td><\/tr><tr><td>05002189<\/td><td><a href=\"https:\/\/institucional.ufpel.edu.br\/disciplinas\/id\/55792\" target=\"_blank\">STORYBOARD<\/a><\/td><td>Obrigat\u00f3ria<\/td><td>4<\/td><td>60<\/td><\/tr><tr><th colspan=\"5\" class=\"tabela-quebra\">3\u00ba Semestre<\/th><\/tr><tr><th>C\u00f3digo<\/th><th>Disciplina \/ Pr\u00e9-requisitos<\/th><th>Car\u00e1ter<\/th><th>Cr.<\/th><th>Horas<\/th><\/tr><tr><td>05002191<\/td><td><a href=\"https:\/\/institucional.ufpel.edu.br\/disciplinas\/id\/55794\" target=\"_blank\">\u00c1UDIO II<\/a><div class=\"tabela-detalhe-info\">05002184 - \u00c1UDIO I<\/div><\/td><td>Obrigat\u00f3ria<\/td><td>3<\/td><td>45<\/td><\/tr><tr><td>05002192<\/td><td><a href=\"https:\/\/institucional.ufpel.edu.br\/disciplinas\/id\/55795\" target=\"_blank\">HIST\u00d3RIA E TEORIA DO DOCUMENT\u00c1RIO<\/a><div class=\"tabela-detalhe-info\">05002180 - HIST\u00d3RIA DO CINEMA<\/div><\/td><td>Obrigat\u00f3ria<\/td><td>2<\/td><td>30<\/td><\/tr><tr><td>05002193<\/td><td><a href=\"https:\/\/institucional.ufpel.edu.br\/disciplinas\/id\/55796\" target=\"_blank\">LABORAT\u00d3RIO DE REALIZA\u00c7\u00c3O I<\/a><div class=\"tabela-detalhe-info\">05002179 - INTRODU\u00c7\u00c3O AO AUDIOVISUAL<\/div><\/td><td>Obrigat\u00f3ria<\/td><td>4<\/td><td>60<\/td><\/tr><tr><td>05002194<\/td><td><a href=\"https:\/\/institucional.ufpel.edu.br\/disciplinas\/id\/55797\" target=\"_blank\">MONTAGEM I<\/a><\/td><td>Obrigat\u00f3ria<\/td><td>4<\/td><td>60<\/td><\/tr><tr><td>05002196<\/td><td><a href=\"https:\/\/institucional.ufpel.edu.br\/disciplinas\/id\/55799\" target=\"_blank\">NARRATIVAS FOTOGR\u00c1FICAS<\/a><div class=\"tabela-detalhe-info\">05002183 - OPERA\u00c7\u00c3O DE EQUIPAMENTOS<\/div><\/td><td>Obrigat\u00f3ria<\/td><td>4<\/td><td>60<\/td><\/tr><tr><td>05002195<\/td><td><a href=\"https:\/\/institucional.ufpel.edu.br\/disciplinas\/id\/55798\" target=\"_blank\">ROTEIRO III<\/a><div class=\"tabela-detalhe-info\">05002188 - ROTEIRO II<\/div><\/td><td>Obrigat\u00f3ria<\/td><td>2<\/td><td>30<\/td><\/tr><tr><th colspan=\"5\" class=\"tabela-quebra\">4\u00ba Semestre<\/th><\/tr><tr><th>C\u00f3digo<\/th><th>Disciplina \/ Pr\u00e9-requisitos<\/th><th>Car\u00e1ter<\/th><th>Cr.<\/th><th>Horas<\/th><\/tr><tr><td>05002197<\/td><td><a href=\"https:\/\/institucional.ufpel.edu.br\/disciplinas\/id\/55800\" target=\"_blank\">ARTE APLICADA<\/a><\/td><td>Obrigat\u00f3ria<\/td><td>4<\/td><td>60<\/td><\/tr><tr><td>05002201<\/td><td><a href=\"https:\/\/institucional.ufpel.edu.br\/disciplinas\/id\/55804\" target=\"_blank\">DIRE\u00c7\u00c3O DE FOTOGRAFIA<\/a><div class=\"tabela-detalhe-info\">05002196 - NARRATIVAS FOTOGR\u00c1FICAS<\/div><\/td><td>Obrigat\u00f3ria<\/td><td>4<\/td><td>60<\/td><\/tr><tr><td>05002198<\/td><td><a href=\"https:\/\/institucional.ufpel.edu.br\/disciplinas\/id\/55801\" target=\"_blank\">LABORAT\u00d3RIO DE REALIZA\u00c7\u00c3O II<\/a><div class=\"tabela-detalhe-info\">05002179 - INTRODU\u00c7\u00c3O AO AUDIOVISUAL<\/div><\/td><td>Obrigat\u00f3ria<\/td><td>4<\/td><td>60<\/td><\/tr><tr><td>05002199<\/td><td><a href=\"https:\/\/institucional.ufpel.edu.br\/disciplinas\/id\/55802\" target=\"_blank\">MONTAGEM II<\/a><div class=\"tabela-detalhe-info\">05002194 - MONTAGEM I<\/div><\/td><td>Obrigat\u00f3ria<\/td><td>4<\/td><td>60<\/td><\/tr><tr><td>05002200<\/td><td><a href=\"https:\/\/institucional.ufpel.edu.br\/disciplinas\/id\/55803\" target=\"_blank\">PRODU\u00c7\u00c3O EXECUTIVA<\/a><div class=\"tabela-detalhe-info\">05002179 - INTRODU\u00c7\u00c3O AO AUDIOVISUAL<\/div><\/td><td>Obrigat\u00f3ria<\/td><td>2<\/td><td>30<\/td><\/tr><tr><th colspan=\"5\" class=\"tabela-quebra\">5\u00ba Semestre<\/th><\/tr><tr><th>C\u00f3digo<\/th><th>Disciplina \/ Pr\u00e9-requisitos<\/th><th>Car\u00e1ter<\/th><th>Cr.<\/th><th>Horas<\/th><\/tr><tr><td>05002202<\/td><td><a href=\"https:\/\/institucional.ufpel.edu.br\/disciplinas\/id\/55805\" target=\"_blank\">CINEMA CONTEMPOR\u00c2NEO<\/a><div class=\"tabela-detalhe-info\">05002180 - HIST\u00d3RIA DO CINEMA<\/div><\/td><td>Obrigat\u00f3ria<\/td><td>2<\/td><td>30<\/td><\/tr><tr><td>05002203<\/td><td><a href=\"https:\/\/institucional.ufpel.edu.br\/disciplinas\/id\/55806\" target=\"_blank\">DIRE\u00c7\u00c3O I<\/a><div class=\"tabela-detalhe-info\">05002193 - LABORAT\u00d3RIO DE REALIZA\u00c7\u00c3O I<\/div><\/td><td>Obrigat\u00f3ria<\/td><td>4<\/td><td>60<\/td><\/tr><tr><td>05002205<\/td><td><a href=\"https:\/\/institucional.ufpel.edu.br\/disciplinas\/id\/55808\" target=\"_blank\">DISTRIBUI\u00c7\u00c3O E EXIBI\u00c7\u00c3O<\/a><div class=\"tabela-detalhe-info\">05002200 - PRODU\u00c7\u00c3O EXECUTIVA<\/div><\/td><td>Obrigat\u00f3ria<\/td><td>2<\/td><td>30<\/td><\/tr><tr><td>05002207<\/td><td><a href=\"https:\/\/institucional.ufpel.edu.br\/disciplinas\/id\/55810\" target=\"_blank\">FINALIZA\u00c7\u00c3O<\/a><div class=\"tabela-detalhe-info\">05002190 - COMPOSI\u00c7\u00c3O<\/div><\/td><td>Obrigat\u00f3ria<\/td><td>4<\/td><td>60<\/td><\/tr><tr><td>05002204<\/td><td><a href=\"https:\/\/institucional.ufpel.edu.br\/disciplinas\/id\/55807\" target=\"_blank\">LABORAT\u00d3RIO DE REALIZA\u00c7\u00c3O III<\/a><div class=\"tabela-detalhe-info\">05002193 - LABORAT\u00d3RIO DE REALIZA\u00c7\u00c3O I<\/div><\/td><td>Obrigat\u00f3ria<\/td><td>4<\/td><td>60<\/td><\/tr><tr><td>05002206<\/td><td><a href=\"https:\/\/institucional.ufpel.edu.br\/disciplinas\/id\/55809\" target=\"_blank\">PR\u00c1TICAS DE SET<\/a><\/td><td>Obrigat\u00f3ria<\/td><td>4<\/td><td>60<\/td><\/tr><tr><th colspan=\"5\" class=\"tabela-quebra\">6\u00ba Semestre<\/th><\/tr><tr><th>C\u00f3digo<\/th><th>Disciplina \/ Pr\u00e9-requisitos<\/th><th>Car\u00e1ter<\/th><th>Cr.<\/th><th>Horas<\/th><\/tr><tr><td>05002208<\/td><td><a href=\"https:\/\/institucional.ufpel.edu.br\/disciplinas\/id\/55811\" target=\"_blank\">\u00c1UDIO III<\/a><div class=\"tabela-detalhe-info\">05002191 - \u00c1UDIO II<\/div><\/td><td>Obrigat\u00f3ria<\/td><td>1<\/td><td>15<\/td><\/tr><tr><td>05002209<\/td><td><a href=\"https:\/\/institucional.ufpel.edu.br\/disciplinas\/id\/55812\" target=\"_blank\">CR\u00cdTICA DE CINEMA<\/a><div class=\"tabela-detalhe-info\">05002180 - HIST\u00d3RIA DO CINEMA<\/div><\/td><td>Obrigat\u00f3ria<\/td><td>2<\/td><td>30<\/td><\/tr><tr><td>05002210<\/td><td><a href=\"https:\/\/institucional.ufpel.edu.br\/disciplinas\/id\/55813\" target=\"_blank\">DESIGN PARA AUDIOVISUAL<\/a><div class=\"tabela-detalhe-info\">05002181 - IMAGEM DIGITAL<\/div><\/td><td>Obrigat\u00f3ria<\/td><td>4<\/td><td>60<\/td><\/tr><tr><td>05002211<\/td><td><a href=\"https:\/\/institucional.ufpel.edu.br\/disciplinas\/id\/55814\" target=\"_blank\">DIRE\u00c7\u00c3O II<\/a><div class=\"tabela-detalhe-info\">05002203 - DIRE\u00c7\u00c3O I<\/div><\/td><td>Obrigat\u00f3ria<\/td><td>4<\/td><td>60<\/td><\/tr><tr><td>05002212<\/td><td><a href=\"https:\/\/institucional.ufpel.edu.br\/disciplinas\/id\/55815\" target=\"_blank\">TCCP I<\/a><div class=\"tabela-detalhe-info\">05002204 - LABORAT\u00d3RIO DE REALIZA\u00c7\u00c3O III<\/div><\/td><td>Obrigat\u00f3ria<\/td><td>4<\/td><td>60<\/td><\/tr><tr><th colspan=\"5\" class=\"tabela-quebra\">7\u00ba Semestre<\/th><\/tr><tr><th>C\u00f3digo<\/th><th>Disciplina \/ Pr\u00e9-requisitos<\/th><th>Car\u00e1ter<\/th><th>Cr.<\/th><th>Horas<\/th><\/tr><tr><td>05002213<\/td><td><a href=\"https:\/\/institucional.ufpel.edu.br\/disciplinas\/id\/55816\" target=\"_blank\">\u00c1UDIO IV<\/a><div class=\"tabela-detalhe-info\">05002208 - \u00c1UDIO III<\/div><\/td><td>Obrigat\u00f3ria<\/td><td>1<\/td><td>15<\/td><\/tr><tr><td>05002214<\/td><td><a href=\"https:\/\/institucional.ufpel.edu.br\/disciplinas\/id\/55817\" target=\"_blank\">TCCP II<\/a><div class=\"tabela-detalhe-info\">05002212 - TCCP I<\/div><\/td><td>Obrigat\u00f3ria<\/td><td>4<\/td><td>60<\/td><\/tr><tr><th colspan=\"5\" class=\"tabela-quebra\">8\u00ba Semestre<\/th><\/tr><tr><th>C\u00f3digo<\/th><th>Disciplina \/ Pr\u00e9-requisitos<\/th><th>Car\u00e1ter<\/th><th>Cr.<\/th><th>Horas<\/th><\/tr><tr><td>05002215<\/td><td><a href=\"https:\/\/institucional.ufpel.edu.br\/disciplinas\/id\/55818\" target=\"_blank\">EST\u00c1GIO CURRICULAR<\/a><div class=\"tabela-detalhe-info\">Todas Disciplinas at\u00e9 o 2 semestre<\/div><\/td><td>Obrigat\u00f3ria<\/td><td>16<\/td><td>240<\/td><\/tr><tr><th colspan=\"5\" class=\"tabela-quebra\">COMPLEMENTARES<\/th><\/tr><tr><th>C\u00f3digo<\/th><th>Disciplina \/ Pr\u00e9-requisitos<\/th><th>Car\u00e1ter<\/th><th>Cr.<\/th><th>Horas<\/th><\/tr><tr><td>05002217<\/td><td><a href=\"https:\/\/institucional.ufpel.edu.br\/disciplinas\/id\/55820\" target=\"_blank\">ATIVIDADES COMPLEMENTARES<\/a><\/td><td>Atividade complementar<\/td><td>12<\/td><td>180<\/td><\/tr><tr><td>05002216<\/td><td><a href=\"https:\/\/institucional.ufpel.edu.br\/disciplinas\/id\/55819\" target=\"_blank\">ATIVIDADES CURRICULARES EM EXTENS\u00c3O (ACE)<\/a><\/td><td>Obrigat\u00f3ria<\/td><td>20<\/td><td>300<\/td><\/tr><tr><th colspan=\"5\" class=\"tabela-quebra\">OPTATIVAS<\/th><\/tr><tr><th>C\u00f3digo<\/th><th>Disciplina \/ Pr\u00e9-requisitos<\/th><th>Car\u00e1ter<\/th><th>Cr.<\/th><th>Horas<\/th><\/tr><tr><td>05002249<\/td><td><a href=\"https:\/\/institucional.ufpel.edu.br\/disciplinas\/id\/55852\" target=\"_blank\">ANIMA\u00c7\u00c3O<\/a><\/td><td>Optativa<\/td><td>4<\/td><td>60<\/td><\/tr><tr><td>05002222<\/td><td><a href=\"https:\/\/institucional.ufpel.edu.br\/disciplinas\/id\/55825\" target=\"_blank\">ANIMA\u00c7\u00c3O EXPERIMENTAL<\/a><\/td><td>Optativa<\/td><td>4<\/td><td>60<\/td><\/tr><tr><td>05002221<\/td><td><a href=\"https:\/\/institucional.ufpel.edu.br\/disciplinas\/id\/55824\" target=\"_blank\">ATUA\u00c7\u00c3O PARA AUDIOVISUAL<\/a><\/td><td>Optativa<\/td><td>4<\/td><td>60<\/td><\/tr><tr><td>05002244<\/td><td><a href=\"https:\/\/institucional.ufpel.edu.br\/disciplinas\/id\/55847\" target=\"_blank\">CIBERCULTURA E AUDIOVISUAL<\/a><\/td><td>Optativa<\/td><td>4<\/td><td>60<\/td><\/tr><tr><td>05002255<\/td><td><a href=\"https:\/\/institucional.ufpel.edu.br\/disciplinas\/id\/55858\" target=\"_blank\">CICLO DE CINEMA I<\/a><\/td><td>Optativa<\/td><td>4<\/td><td>60<\/td><\/tr><tr><td>05002256<\/td><td><a href=\"https:\/\/institucional.ufpel.edu.br\/disciplinas\/id\/55859\" target=\"_blank\">CICLO DE CINEMA II<\/a><\/td><td>Optativa<\/td><td>4<\/td><td>60<\/td><\/tr><tr><td>05002257<\/td><td><a href=\"https:\/\/institucional.ufpel.edu.br\/disciplinas\/id\/55860\" target=\"_blank\">CICLO DE CINEMA III<\/a><\/td><td>Optativa<\/td><td>4<\/td><td>60<\/td><\/tr><tr><td>05002258<\/td><td><a href=\"https:\/\/institucional.ufpel.edu.br\/disciplinas\/id\/55861\" target=\"_blank\">CICLO DE CINEMA IV<\/a><\/td><td>Optativa<\/td><td>4<\/td><td>60<\/td><\/tr><tr><td>05002259<\/td><td><a href=\"https:\/\/institucional.ufpel.edu.br\/disciplinas\/id\/55862\" target=\"_blank\">CICLO DE CINEMA V<\/a><\/td><td>Optativa<\/td><td>4<\/td><td>60<\/td><\/tr><tr><td>05002260<\/td><td><a href=\"https:\/\/institucional.ufpel.edu.br\/disciplinas\/id\/55863\" target=\"_blank\">CICLO DE CINEMA VI<\/a><\/td><td>Optativa<\/td><td>4<\/td><td>60<\/td><\/tr><tr><td>05002261<\/td><td><a href=\"https:\/\/institucional.ufpel.edu.br\/disciplinas\/id\/55864\" target=\"_blank\">CICLO DE CINEMA VII<\/a><\/td><td>Optativa<\/td><td>4<\/td><td>60<\/td><\/tr><tr><td>05002262<\/td><td><a href=\"https:\/\/institucional.ufpel.edu.br\/disciplinas\/id\/55865\" target=\"_blank\">CICLO DE CINEMA VIII<\/a><\/td><td>Optativa<\/td><td>4<\/td><td>60<\/td><\/tr><tr><td>05002232<\/td><td><a href=\"https:\/\/institucional.ufpel.edu.br\/disciplinas\/id\/55835\" target=\"_blank\">CICLO DE CURTAS<\/a><\/td><td>Optativa<\/td><td>4<\/td><td>60<\/td><\/tr><tr><td>05002240<\/td><td><a href=\"https:\/\/institucional.ufpel.edu.br\/disciplinas\/id\/55843\" target=\"_blank\">CINEMA BRASILEIRO, EDUCA\u00c7\u00c3O E DIVERSIDADE<\/a><\/td><td>Optativa<\/td><td>4<\/td><td>60<\/td><\/tr><tr><td>05002230<\/td><td><a href=\"https:\/\/institucional.ufpel.edu.br\/disciplinas\/id\/55833\" target=\"_blank\">CINEMA DE ARQUIVO<\/a><\/td><td>Optativa<\/td><td>4<\/td><td>60<\/td><\/tr><tr><td>05002227<\/td><td><a href=\"https:\/\/institucional.ufpel.edu.br\/disciplinas\/id\/55830\" target=\"_blank\">CINEMA E PSIQUE<\/a><div class=\"tabela-detalhe-info\">05002180 - HIST\u00d3RIA DO CINEMA<\/div><\/td><td>Optativa<\/td><td>4<\/td><td>60<\/td><\/tr><tr><td>05002233<\/td><td><a href=\"https:\/\/institucional.ufpel.edu.br\/disciplinas\/id\/55836\" target=\"_blank\">CINEMA EXPERIMENTAL<\/a><\/td><td>Optativa<\/td><td>4<\/td><td>60<\/td><\/tr><tr><td>05002234<\/td><td><a href=\"https:\/\/institucional.ufpel.edu.br\/disciplinas\/id\/55837\" target=\"_blank\">CINEMA P\u00d3S-MODERNO<\/a><\/td><td>Optativa<\/td><td>4<\/td><td>60<\/td><\/tr><tr><td>05002229<\/td><td><a href=\"https:\/\/institucional.ufpel.edu.br\/disciplinas\/id\/55832\" target=\"_blank\">CINEMA SUPER 8<\/a><\/td><td>Optativa<\/td><td>4<\/td><td>60<\/td><\/tr><tr><td>05000873<\/td><td><a href=\"https:\/\/institucional.ufpel.edu.br\/disciplinas\/id\/26325\" target=\"_blank\">CINEMATOGRAFIAS PERIF\u00c9RICAS<\/a><\/td><td>Optativa<\/td><td>2<\/td><td>30<\/td><\/tr><tr><td>05002254<\/td><td><a href=\"https:\/\/institucional.ufpel.edu.br\/disciplinas\/id\/55857\" target=\"_blank\">COMUNICA\u00c7\u00c3O E CULTURA<\/a><\/td><td>Optativa<\/td><td>2<\/td><td>30<\/td><\/tr><tr><td>05002231<\/td><td><a href=\"https:\/\/institucional.ufpel.edu.br\/disciplinas\/id\/55834\" target=\"_blank\">CRIATIVIDADE MEDIADA<\/a><\/td><td>Optativa<\/td><td>2<\/td><td>30<\/td><\/tr><tr><td>05002239<\/td><td><a href=\"https:\/\/institucional.ufpel.edu.br\/disciplinas\/id\/55842\" target=\"_blank\">CURADORIA E PROGRAMA\u00c7\u00c3O DE FILMES<\/a><\/td><td>Optativa<\/td><td>2<\/td><td>30<\/td><\/tr><tr><td>05002237<\/td><td><a href=\"https:\/\/institucional.ufpel.edu.br\/disciplinas\/id\/55840\" target=\"_blank\">CURTA -METRAGEM: HIST\u00d3RIA E LINGUAGEM<\/a><\/td><td>Optativa<\/td><td>2<\/td><td>30<\/td><\/tr><tr><td>05002220<\/td><td><a href=\"https:\/\/institucional.ufpel.edu.br\/disciplinas\/id\/55823\" target=\"_blank\">DESENHO DA FIGURA HUMANA<\/a><\/td><td>Optativa<\/td><td>4<\/td><td>60<\/td><\/tr><tr><td>05002251<\/td><td><a href=\"https:\/\/institucional.ufpel.edu.br\/disciplinas\/id\/55854\" target=\"_blank\">DIRE\u00c7\u00c3O DE ATORES<\/a><\/td><td>Optativa<\/td><td>4<\/td><td>60<\/td><\/tr><tr><td>05002224<\/td><td><a href=\"https:\/\/institucional.ufpel.edu.br\/disciplinas\/id\/55827\" target=\"_blank\">EFEITOS VISUAIS<\/a><\/td><td>Optativa<\/td><td>2<\/td><td>30<\/td><\/tr><tr><td>05002250<\/td><td><a href=\"https:\/\/institucional.ufpel.edu.br\/disciplinas\/id\/55853\" target=\"_blank\">ELEMENTOS DE LINGUAGEM MUSICAL<\/a><\/td><td>Optativa<\/td><td>2<\/td><td>30<\/td><\/tr><tr><td>05002248<\/td><td><a href=\"https:\/\/institucional.ufpel.edu.br\/disciplinas\/id\/55851\" target=\"_blank\">ESTUDOS FEMINISTAS, M\u00cdDIA E AUDIOVISUAL<\/a><\/td><td>Optativa<\/td><td>4<\/td><td>60<\/td><\/tr><tr><td>05002241<\/td><td><a href=\"https:\/\/institucional.ufpel.edu.br\/disciplinas\/id\/55844\" target=\"_blank\">FILMES DE MONTAGEM<\/a><\/td><td>Optativa<\/td><td>2<\/td><td>30<\/td><\/tr><tr><td>05002253<\/td><td><a href=\"https:\/\/institucional.ufpel.edu.br\/disciplinas\/id\/55856\" target=\"_blank\">FOTOGRAFIA: HIST\u00d3RIA E COMPOSI\u00c7\u00c3O<\/a><\/td><td>Optativa<\/td><td>4<\/td><td>60<\/td><\/tr><tr><td>05000876<\/td><td><a href=\"https:\/\/institucional.ufpel.edu.br\/disciplinas\/id\/26328\" target=\"_blank\">HIST\u00d3RIAS EM QUADRINHOS<\/a><\/td><td>Optativa<\/td><td>4<\/td><td>60<\/td><\/tr><tr><td>05002223<\/td><td><a href=\"https:\/\/institucional.ufpel.edu.br\/disciplinas\/id\/55826\" target=\"_blank\">JOGOS DIGITAIS<\/a><\/td><td>Optativa<\/td><td>4<\/td><td>60<\/td><\/tr><tr><td>20000084<\/td><td><a href=\"https:\/\/institucional.ufpel.edu.br\/disciplinas\/id\/28026\" target=\"_blank\">L\u00cdNGUA BRASILEIRA DE SINAIS I ( LIBRAS I )<\/a><\/td><td>Optativa<\/td><td>4<\/td><td>60<\/td><\/tr><tr><td>05002236<\/td><td><a href=\"https:\/\/institucional.ufpel.edu.br\/disciplinas\/id\/55839\" target=\"_blank\">LINGUAGENS AUDIOVISUAIS<\/a><\/td><td>Optativa<\/td><td>2<\/td><td>30<\/td><\/tr><tr><td>05002252<\/td><td><a href=\"https:\/\/institucional.ufpel.edu.br\/disciplinas\/id\/55855\" target=\"_blank\">MATERIALIDADES DA ARTE<\/a><\/td><td>Optativa<\/td><td>4<\/td><td>60<\/td><\/tr><tr><td>05002228<\/td><td><a href=\"https:\/\/institucional.ufpel.edu.br\/disciplinas\/id\/55831\" target=\"_blank\">MITOS, ARQU\u00c9TIPOS E JORNADA DO HEROI<\/a><\/td><td>Optativa<\/td><td>4<\/td><td>60<\/td><\/tr><tr><td>05002246<\/td><td><a href=\"https:\/\/institucional.ufpel.edu.br\/disciplinas\/id\/55849\" target=\"_blank\">NARRATIVAS SERIADAS<\/a><\/td><td>Optativa<\/td><td>2<\/td><td>30<\/td><\/tr><tr><td>05002245<\/td><td><a href=\"https:\/\/institucional.ufpel.edu.br\/disciplinas\/id\/55848\" target=\"_blank\">NARRATIVAS SONORAS<\/a><div class=\"tabela-detalhe-info\">05002184 - \u00c1UDIO I<\/div><\/td><td>Optativa<\/td><td>2<\/td><td>30<\/td><\/tr><tr><td>05002238<\/td><td><a href=\"https:\/\/institucional.ufpel.edu.br\/disciplinas\/id\/55841\" target=\"_blank\">OFICINA DE ESCRITA AUDIOVISUAL<\/a><\/td><td>Optativa<\/td><td>2<\/td><td>30<\/td><\/tr><tr><td>05002242<\/td><td><a href=\"https:\/\/institucional.ufpel.edu.br\/disciplinas\/id\/55845\" target=\"_blank\">OFICINA DE PRODU\u00c7\u00c3O DE ROTEIRO PARA AUDIOVISUAL<\/a><\/td><td>Optativa<\/td><td>2<\/td><td>30<\/td><\/tr><tr><td>05000864<\/td><td><a href=\"https:\/\/institucional.ufpel.edu.br\/disciplinas\/id\/26316\" target=\"_blank\">PASSAGENS AUDIOVISUAIS<\/a><\/td><td>Optativa<\/td><td>2<\/td><td>30<\/td><\/tr><tr><td>05002235<\/td><td><a href=\"https:\/\/institucional.ufpel.edu.br\/disciplinas\/id\/55838\" target=\"_blank\">POL\u00cdTICAS P\u00daBLICAS PARA AUDIOVISUAL<\/a><\/td><td>Optativa<\/td><td>2<\/td><td>30<\/td><\/tr><tr><td>05002225<\/td><td><a href=\"https:\/\/institucional.ufpel.edu.br\/disciplinas\/id\/55828\" target=\"_blank\">PRESERVA\u00c7\u00c3O AUDIOVISUAL<\/a><\/td><td>Optativa<\/td><td>2<\/td><td>30<\/td><\/tr><tr><td>05002226<\/td><td><a href=\"https:\/\/institucional.ufpel.edu.br\/disciplinas\/id\/55829\" target=\"_blank\">PROGRAMA\u00c7\u00c3O ORIENTADA<\/a><div class=\"tabela-detalhe-info\">05002223 - JOGOS DIGITAIS<\/div><\/td><td>Optativa<\/td><td>2<\/td><td>30<\/td><\/tr><tr><td>05002218<\/td><td><a href=\"https:\/\/institucional.ufpel.edu.br\/disciplinas\/id\/55821\" target=\"_blank\">TCCT I<\/a><div class=\"tabela-detalhe-info\">05002204 - LABORAT\u00d3RIO DE REALIZA\u00c7\u00c3O III<\/div><\/td><td>Optativa<\/td><td>4<\/td><td>60<\/td><\/tr><tr><td>05002219<\/td><td><a href=\"https:\/\/institucional.ufpel.edu.br\/disciplinas\/id\/55822\" target=\"_blank\">TCCT II<\/a><div class=\"tabela-detalhe-info\">05002218 - TCCT I<\/div><\/td><td>Optativa<\/td><td>4<\/td><td>60<\/td><\/tr><tr><td>05002263<\/td><td><a href=\"https:\/\/institucional.ufpel.edu.br\/disciplinas\/id\/55866\" target=\"_blank\">T\u00d3PICOS ESPECIAIS I<\/a><\/td><td>Optativa<\/td><td>4<\/td><td>60<\/td><\/tr><tr><td>05002264<\/td><td><a href=\"https:\/\/institucional.ufpel.edu.br\/disciplinas\/id\/55867\" target=\"_blank\">T\u00d3PICOS ESPECIAIS II<\/a><\/td><td>Optativa<\/td><td>4<\/td><td>60<\/td><\/tr><tr><td>05002265<\/td><td><a href=\"https:\/\/institucional.ufpel.edu.br\/disciplinas\/id\/55868\" target=\"_blank\">T\u00d3PICOS ESPECIAIS III<\/a><\/td><td>Optativa<\/td><td>4<\/td><td>60<\/td><\/tr><tr><td>05002266<\/td><td><a href=\"https:\/\/institucional.ufpel.edu.br\/disciplinas\/id\/55869\" target=\"_blank\">T\u00d3PICOS ESPECIAIS IV<\/a><\/td><td>Optativa<\/td><td>4<\/td><td>60<\/td><\/tr><tr><td>05002267<\/td><td><a href=\"https:\/\/institucional.ufpel.edu.br\/disciplinas\/id\/55870\" target=\"_blank\">T\u00d3PICOS ESPECIAIS V<\/a><\/td><td>Optativa<\/td><td>4<\/td><td>60<\/td><\/tr><tr><td>05002268<\/td><td><a href=\"https:\/\/institucional.ufpel.edu.br\/disciplinas\/id\/55871\" target=\"_blank\">T\u00d3PICOS ESPECIAIS VI<\/a><\/td><td>Optativa<\/td><td>4<\/td><td>60<\/td><\/tr><tr><td>05002269<\/td><td><a href=\"https:\/\/institucional.ufpel.edu.br\/disciplinas\/id\/55872\" target=\"_blank\">T\u00d3PICOS ESPECIAIS VII<\/a><\/td><td>Optativa<\/td><td>4<\/td><td>60<\/td><\/tr><tr><td>05002270<\/td><td><a href=\"https:\/\/institucional.ufpel.edu.br\/disciplinas\/id\/55873\" target=\"_blank\">T\u00d3PICOS ESPECIAIS VIII<\/a><\/td><td>Optativa<\/td><td>4<\/td><td>60<\/td><\/tr><tr><td>05002247<\/td><td><a href=\"https:\/\/institucional.ufpel.edu.br\/disciplinas\/id\/55850\" target=\"_blank\">VIDEOCLIPE<\/a><div class=\"tabela-detalhe-info\">05002182 - ROTEIRO I<\/div><\/td><td>Optativa<\/td><td>2<\/td><td>30<\/td><\/tr><tr><td>05002243<\/td><td><a href=\"https:\/\/institucional.ufpel.edu.br\/disciplinas\/id\/55846\" target=\"_blank\">VIDEODAN\u00c7A<\/a><\/td><td>Optativa<\/td><td>4<\/td><td>60<\/td><\/tr><\/table>\n","protected":false},"excerpt":{"rendered":"<p>\u25ba acesse [+] para expandir o t\u00f3pico. \u00a0 \u00a0 TOTAIS DO CURSO<\/p>\n","protected":false},"author":573,"featured_media":0,"parent":0,"menu_order":0,"comment_status":"closed","ping_status":"closed","template":"template-fullwidth.php","meta":{"footnotes":""},"class_list":["post-270","page","type-page","status-publish","hentry"],"_links":{"self":[{"href":"https:\/\/wp.ufpel.edu.br\/cinema\/wp-json\/wp\/v2\/pages\/270","targetHints":{"allow":["GET"]}}],"collection":[{"href":"https:\/\/wp.ufpel.edu.br\/cinema\/wp-json\/wp\/v2\/pages"}],"about":[{"href":"https:\/\/wp.ufpel.edu.br\/cinema\/wp-json\/wp\/v2\/types\/page"}],"author":[{"embeddable":true,"href":"https:\/\/wp.ufpel.edu.br\/cinema\/wp-json\/wp\/v2\/users\/573"}],"replies":[{"embeddable":true,"href":"https:\/\/wp.ufpel.edu.br\/cinema\/wp-json\/wp\/v2\/comments?post=270"}],"version-history":[{"count":3,"href":"https:\/\/wp.ufpel.edu.br\/cinema\/wp-json\/wp\/v2\/pages\/270\/revisions"}],"predecessor-version":[{"id":2750,"href":"https:\/\/wp.ufpel.edu.br\/cinema\/wp-json\/wp\/v2\/pages\/270\/revisions\/2750"}],"wp:attachment":[{"href":"https:\/\/wp.ufpel.edu.br\/cinema\/wp-json\/wp\/v2\/media?parent=270"}],"curies":[{"name":"wp","href":"https:\/\/api.w.org\/{rel}","templated":true}]}}