{"id":2169,"date":"2024-06-01T09:44:45","date_gmt":"2024-06-01T12:44:45","guid":{"rendered":"https:\/\/wp.ufpel.edu.br\/cinema\/?page_id=2169"},"modified":"2026-02-09T14:37:23","modified_gmt":"2026-02-09T17:37:23","slug":"producao","status":"publish","type":"page","link":"https:\/\/wp.ufpel.edu.br\/cinema\/producao\/","title":{"rendered":"\u25bc produ\u00e7\u00e3o"},"content":{"rendered":"<div style=\"background-color: #cfcfcf;\"><img loading=\"lazy\" decoding=\"async\" class=\"alignnone wp-image-714\" src=\"https:\/\/wp.ufpel.edu.br\/cinema\/files\/2024\/06\/apoio.png\" alt=\"\" width=\"117\" height=\"110\" \/><a href=\"https:\/\/docs.google.com\/forms\/d\/e\/1FAIpQLScvviZEIzH13C_a89VCyM7tv_uaL2SolKjbkU6duS5e3xxW1Q\/viewform\" target=\"_blank\" rel=\"noopener noreferrer\"><strong>solicitar apoio projetos<\/strong><\/a><br \/>\nComprovantes para apoio a empresas\/organiza\u00e7\u00f5es.<\/div>\n<div style=\"background-color: #cfcfcf;\"><img loading=\"lazy\" decoding=\"async\" class=\"alignnone wp-image-714\" src=\"https:\/\/wp.ufpel.edu.br\/cinema\/files\/2021\/01\/comprovantes-400x374.png\" alt=\"\" width=\"117\" height=\"110\" srcset=\"https:\/\/wp.ufpel.edu.br\/cinema\/files\/2021\/01\/comprovantes-400x374.png 400w, https:\/\/wp.ufpel.edu.br\/cinema\/files\/2021\/01\/comprovantes.png 427w\" sizes=\"auto, (max-width: 117px) 100vw, 117px\" \/><a href=\"https:\/\/l.ufpel.edu.br\/comprovantes-cinema\" target=\"_blank\" rel=\"noopener noreferrer\"><strong>solicitar comprovantes<\/strong><\/a><br \/>\nComprovantes para atores\/equipe de projetos.<\/div>\n<div style=\"background-color: #cfcfcf;\"><img loading=\"lazy\" decoding=\"async\" class=\"alignnone wp-image-705\" src=\"https:\/\/wp.ufpel.edu.br\/cinema\/files\/2021\/01\/equips-400x374.png\" alt=\"\" width=\"115\" height=\"108\" srcset=\"https:\/\/wp.ufpel.edu.br\/cinema\/files\/2021\/01\/equips-400x374.png 400w, https:\/\/wp.ufpel.edu.br\/cinema\/files\/2021\/01\/equips.png 427w\" sizes=\"auto, (max-width: 115px) 100vw, 115px\" \/><a href=\"https:\/\/guigah.cc\/termo\/\" target=\"_blank\" rel=\"noopener noreferrer\"><strong>preencher termo de empr\u00e9stimo<\/strong><\/a><br \/>\nPreeencher termo de empr\u00e9stimo equipamentos.<\/div>\n<div style=\"background-color: #cfcfcf;\"><img loading=\"lazy\" decoding=\"async\" class=\"alignnone wp-image-705\" src=\"https:\/\/wp.ufpel.edu.br\/cinema\/files\/2022\/12\/chave_icon.png\" alt=\"\" width=\"115\" height=\"108\" \/><strong><a href=\"https:\/\/wp.ufpel.edu.br\/cinema\/chaves\/\" target=\"_blank\" rel=\"noopener\">salas e chaves (estudantes)<\/a><\/strong><br \/>\nAgendamento de espa\u00e7os para uso de estudantes dos Cursos de Cinema no CA.<\/div>\n<div style=\"background-color: #cfcfcf;\"><img loading=\"lazy\" decoding=\"async\" class=\"alignnone wp-image-705\" src=\"https:\/\/wp.ufpel.edu.br\/cinema\/files\/2022\/12\/mapa_icon-1.png\" alt=\"\" width=\"115\" height=\"108\" \/><a href=\"https:\/\/wp.ufpel.edu.br\/ca\/salas\/\" target=\"_blank\" rel=\"noopener noreferrer\"><strong>mapa de salas do CA<\/strong><\/a><br \/>\nMapa com ocupa\u00e7\u00e3o de salas e audit\u00f3rios do CA.<\/div>\n<div style=\"background-color: #cfcfcf;\"><img loading=\"lazy\" decoding=\"async\" class=\"alignnone wp-image-705\" src=\"https:\/\/wp.ufpel.edu.br\/cinema\/files\/2024\/06\/clock.png\" alt=\"\" width=\"115\" height=\"108\" \/><a href=\"https:\/\/wp.ufpel.edu.br\/cinema\/equipamentos\/\" target=\"_blank\" rel=\"noopener noreferrer\"><strong>verificar hor\u00e1rios retirada equipamentos<\/strong><\/a><br \/>\nVeja os hor\u00e1rios vigentes de retirada e devolu\u00e7\u00e3o de equipamentos.<\/div>\n<p style=\"color: #999999; clear: both; padding-top: 20px;\">\u25ba acesse [+] para expandir os t\u00f3picos.<\/p>\n<p style=\"font-size: 18pt; color: #2ed6de;\">\u00a0 \u00a0 CONSULTA<\/p>\n<span class=\"collapseomatic \" id=\"id69fe6841d1e5b\"  tabindex=\"0\" title=\"\"    ><\/span><div id=\"target-id69fe6841d1e5b\" class=\"collapseomatic_content \">\n<ul>\n<li><a href=\"https:\/\/wp.ufpel.edu.br\/cinema\/normas\/\" target=\"_blank\" rel=\"noopener\">Normas de Realiza\u00e7\u00e3o Cinema UFPEL<\/a><\/li>\n<li><a href=\"https:\/\/wp.ufpel.edu.br\/cinema\/equipamentos\/\" target=\"_blank\" rel=\"noopener\">Normas para Empr\u00e9stimo de Equipamentos Cinema UFPEL<\/a><\/li>\n<li><a href=\"https:\/\/wp.ufpel.edu.br\/cinema\/normas-tccp\/\" target=\"_blank\" rel=\"noopener\">Normas do TCCP Cinema UFPEL<\/a><\/li>\n<li><a href=\"https:\/\/wp.ufpel.edu.br\/cinema\/files\/2021\/01\/fluxo_entrega_produtos.pdf\" target=\"_blank\" rel=\"noopener\">Fluxo de Entrega Produtos Audiovisuais Cinema UFPEL<\/a><\/li>\n<li><a href=\"https:\/\/wp.ufpel.edu.br\/cinema\/npa-ofcine\/\" target=\"_blank\" rel=\"noopener\">Informa\u00e7\u00f5es sobre o conv\u00eancio com o NPA Ofcine (IFRS)<\/a><\/li>\n<li><a href=\"https:\/\/drive.google.com\/file\/d\/1uKyF0kDVhLaLSSGw_-D3jgFR1MYY2AWd\/view\" target=\"_blank\" rel=\"noopener noreferrer\">Manual para Atividades nas Escolas na COVID-19 (Forcine)<\/a><\/li>\n<\/ul>\n<\/div>\n<p style=\"font-size: 18pt; color: #2ed6de;\">\u00a0 \u00a0 PRODU\u00c7\u00c3O 5010<\/p>\n<span class=\"collapseomatic \" id=\"id69fe6841d1f16\"  tabindex=\"0\" title=\"\"    ><\/span><div id=\"target-id69fe6841d1f16\" class=\"collapseomatic_content \">\n<p><strong>\u25bc Modelos Fornecidos pelo Cinema UFPEL<\/strong><\/p>\n<ul>\n<li><strong>Produ\u00e7\u00e3o e Dire\u00e7\u00e3o<\/strong>\n<ul>\n<li><a href=\"https:\/\/docs.google.com\/document\/d\/1NhIpEJCoTJnWWQTFgeGQtpyctEPi4EvO\/edit?usp=sharing&amp;ouid=107477517831491855196&amp;rtpof=true&amp;sd=true\" target=\"_blank\" rel=\"noopener\">An\u00e1lise T\u00e9cnica<\/a><\/li>\n<li><a href=\"https:\/\/drive.google.com\/file\/d\/1JBopOzMVyDufzyaiXDYwipJPIXMTFINq\/view?usp=sharing\" target=\"_blank\" rel=\"noopener\">Etapas Cronograma Grava\u00e7\u00e3o (PDF)<\/a><\/li>\n<li><a href=\"https:\/\/docs.google.com\/document\/d\/1t2qKcinAI4BAOKNnhDRPbtXIv3pQsHeL\/edit?usp=sharing&amp;ouid=107477517831491855196&amp;rtpof=true&amp;sd=true\" target=\"_blank\" rel=\"noopener\">Decupagem Cenas<\/a><\/li>\n<li><a href=\"https:\/\/drive.google.com\/file\/d\/1277h4hrvklhBKhdHNgc4KypNm51MJx9l\/view?usp=sharing\" target=\"_blank\" rel=\"noopener\">Or\u00e7amento [Modelo Ancine] (PDF)<\/a><\/li>\n<li><a href=\"https:\/\/docs.google.com\/document\/d\/1GhwKgC4OrNR82f6wpg_rYH0YZwj-UVKN\/edit?usp=sharing&amp;ouid=107477517831491855196&amp;rtpof=true&amp;sd=true\" target=\"_blank\" rel=\"noopener\">Proposta Est\u00e9tica<\/a><\/li>\n<\/ul>\n<\/li>\n<li><strong>Arte<\/strong>\n<ul>\n<li><a href=\"https:\/\/docs.google.com\/document\/d\/1teiekosiQR0FDKFTNA6aXJGCIn_Bk9bh\/edit?usp=sharing&amp;ouid=107477517831491855196&amp;rtpof=true&amp;sd=true\" target=\"_blank\" rel=\"noopener\">Decupagem Figurino (Pr\u00e9-Produ\u00e7\u00e3o)<\/a><\/li>\n<\/ul>\n<\/li>\n<\/ul>\n<p><strong>\u25bc Modelos desenvolvidos pelas\/os estudantes<\/strong><\/p>\n<ul>\n<li><strong>Arte<\/strong>\n<ul>\n<li><a href=\"https:\/\/docs.google.com\/document\/d\/13xTblDH2FEDxHMKCxcS5awYitz4MQLdb\/edit?usp=sharing&amp;ouid=107477517831491855196&amp;rtpof=true&amp;sd=true\" target=\"_blank\" rel=\"noopener\">Decupagem de Arte (Millena Maia e Mint Bolzan 2024)<\/a><\/li>\n<\/ul>\n<\/li>\n<li><strong>Produ\u00e7\u00e3o e Dire\u00e7\u00e3o<\/strong>\n<ul>\n<li><a href=\"https:\/\/docs.google.com\/spreadsheets\/d\/1_XNuRudpHK6aZsA7iSvtBmIuj6HYwasB\/edit?usp=sharing&amp;ouid=107477517831491855196&amp;rtpof=true&amp;sd=true\" target=\"_blank\" rel=\"noopener\">Decupagem Base (Vin\u00edcius Burigo 2023)<\/a><\/li>\n<li><a href=\"https:\/\/docs.google.com\/spreadsheets\/d\/1uVOQC1PSdyfGqDIFzJiL_zTeubJ8eaeA\/edit?usp=sharing&amp;ouid=107477517831491855196&amp;rtpof=true&amp;sd=true\" target=\"_blank\" rel=\"noopener\">Cronograma Atores (Lorenzo Lenz 2023)<\/a><\/li>\n<li><a href=\"https:\/\/docs.google.com\/spreadsheets\/d\/1gphWSGmrVTvWIhBOB3GEU-YyYocQeZs0\/edit?usp=sharing&amp;ouid=107477517831491855196&amp;rtpof=true&amp;sd=true\" target=\"_blank\" rel=\"noopener\">An\u00e1lise T\u00e9cnica (Lorenzo Lenz 2023)<\/a><\/li>\n<\/ul>\n<\/li>\n<\/ul>\n<\/div>\n<p style=\"font-size: 18pt; color: #2ed6de;\">\u00a0 \u00a0 REALIZA\u00c7\u00c3O 5010<\/p>\n<span class=\"collapseomatic \" id=\"id69fe6841d1f4d\"  tabindex=\"0\" title=\"\"    ><\/span><div id=\"target-id69fe6841d1f4d\" class=\"collapseomatic_content \">\n<p><strong>\u25bc Modelos Fornecidos pelo Cinema UFPEL<\/strong><\/p>\n<ul>\n<li><strong>Dire\u00e7\u00e3o<\/strong>\n<ul>\n<li><a href=\"https:\/\/docs.google.com\/document\/d\/1hRluzcchtMnXqqMl--JPWnsajnbeN7yI\/edit?usp=sharing&amp;ouid=107477517831491855196&amp;rtpof=true&amp;sd=true\" target=\"_blank\" rel=\"noopener\">Boletim de Continuidade<\/a><\/li>\n<\/ul>\n<\/li>\n<li><strong>Dire\u00e7\u00e3o de Produ\u00e7\u00e3o<\/strong>\n<ul>\n<li><a href=\"https:\/\/docs.google.com\/document\/d\/1esjTB0qvxqH-_BpDb2qEtu1cQ4-K0A1i\/edit?usp=sharing&amp;ouid=107477517831491855196&amp;rtpof=true&amp;sd=true\" target=\"_blank\" rel=\"noopener\">Ordem do Dia<\/a><\/li>\n<li><a href=\"https:\/\/docs.google.com\/document\/d\/12xwwAlZEQKQlU6Kr-IwVP5Jbt31nrpPu\/edit?usp=sharing&amp;ouid=107477517831491855196&amp;rtpof=true&amp;sd=true\" target=\"_blank\" rel=\"noopener\">Plano de Grava\u00e7\u00e3o por Di\u00e1rias<\/a><\/li>\n<\/ul>\n<\/li>\n<li><strong>Som<\/strong>\n<ul>\n<li><a href=\"https:\/\/drive.google.com\/file\/d\/1s4jAojxqNhLH6QgISoRl8QX82dWT7NEK\/view?usp=drive_link\" target=\"_blank\" rel=\"noopener\">Modelo Boletim de Som (PDF)<\/a><\/li>\n<\/ul>\n<\/li>\n<\/ul>\n<p><strong>\u25bc Modelos desenvolvidos pelas\/os estudantes<\/strong><\/p>\n<ul>\n<li><strong>Arte<\/strong>\n<ul>\n<li><a href=\"https:\/\/docs.google.com\/document\/d\/1FvAiI-UVUfLAL0L2GZh_EtYiGK-1F7b5\/edit?usp=sharing&amp;ouid=107477517831491855196&amp;rtpof=true&amp;sd=true\" target=\"_blank\" rel=\"noopener\">Maquiagem e Cabelo (Mint Bolzan 2024)<\/a><\/li>\n<li><a href=\"https:\/\/docs.google.com\/document\/d\/10v94wMhUwtOJ2PJWzKuH5QiIrPiad1O0\/edit?usp=sharing&amp;ouid=107477517831491855196&amp;rtpof=true&amp;sd=true\" target=\"_blank\" rel=\"noopener\">Figurino (Mint Bolzan 2024)<\/a><\/li>\n<li><a href=\"https:\/\/docs.google.com\/document\/d\/1SQSTG7wSkzeFNPZRSwByTv9n81x0p_M8\/edit?usp=sharing&amp;ouid=107477517831491855196&amp;rtpof=true&amp;sd=true\" target=\"_blank\" rel=\"noopener\">Cen\u00e1rio (Mint Bolzan 2024)<\/a><\/li>\n<\/ul>\n<\/li>\n<li><strong>Dire\u00e7\u00e3o de Produ\u00e7\u00e3o<\/strong>\n<ul>\n<li><a href=\"https:\/\/docs.google.com\/document\/d\/1nsQd4xHgcgBD7rApOstwOYptyGAsEvp1\/edit?usp=sharing&amp;ouid=107477517831491855196&amp;rtpof=true&amp;sd=true\" target=\"_blank\" rel=\"noopener\">Ordem do Dia (Mint Bolzan 2024)<\/a><\/li>\n<\/ul>\n<\/li>\n<li><strong>Fotografia<\/strong>\n<ul>\n<li><a href=\"https:\/\/docs.google.com\/document\/d\/1ekoBOxf0Dg1sWLGIShkABEvqDzQ_D1JA\/edit?usp=sharing&amp;ouid=107477517831491855196&amp;rtpof=true&amp;sd=true\" target=\"_blank\" rel=\"noopener\">Decupagem de C\u00e2mera (Guilherme Bandeira 2024)<\/a><\/li>\n<\/ul>\n<\/li>\n<\/ul>\n<\/div>\n<p style=\"font-size: 18pt; color: #2ed6de;\">\u00a0 \u00a0 STORYBOARDS<\/p>\n<span class=\"collapseomatic \" id=\"id69fe6841d1f70\"  tabindex=\"0\" title=\"\"    ><\/span><div id=\"target-id69fe6841d1f70\" class=\"collapseomatic_content \">\n<p><span style=\"color: #999999;\">\u25ba Modelos para impress\u00e3o A4 PB<\/span><\/p>\n<ul>\n<li><a href=\"https:\/\/drive.google.com\/file\/d\/1gxEtX3-DnMLtR3B2qRcgFEa_79sn1152\/view?usp=sharing\" target=\"_blank\" rel=\"noopener noreferrer\">Template produ\u00e7\u00e3o 3 quadros\/folha com aspect de 1,37:1 (4:3)<\/a><\/li>\n<li><a href=\"https:\/\/drive.google.com\/file\/d\/1ebraveObtq89M5LJL9vvXi4RLpDO16k8\/view?usp=sharing\" target=\"_blank\" rel=\"noopener noreferrer\">Template produ\u00e7\u00e3o 3 quadros\/folha com aspect de 1,78:1 (16:9)<\/a><\/li>\n<li><a href=\"https:\/\/drive.google.com\/file\/d\/1Pw96SokHDT7AKYTvD27ZQp-wUuMNU8DS\/view?usp=sharing\" target=\"_blank\" rel=\"noopener noreferrer\">Template produ\u00e7\u00e3o 2 quadros\/folha com aspect de 2,35:1 (scope)<\/a><\/li>\n<li><a href=\"https:\/\/drive.google.com\/file\/d\/1aN2qkuXHK6CSakRoSLC4a174Ah8ru8IN\/view?usp=sharing\" target=\"_blank\" rel=\"noopener noreferrer\">Template rascunho 30 quadros\/folha 1,78:1 (16:9)<\/a><\/li>\n<li><a href=\"https:\/\/drive.google.com\/file\/d\/1SbZ23lTa05KMUSncHZ1JGt0M2XzIgJXn\/view?usp=sharing\" target=\"_blank\" rel=\"noopener\">Template para gr\u00e1fico de tens\u00e3o dram\u00e1tica da narrativa<\/a><\/li>\n<\/ul>\n<\/div>\n<p style=\"font-size: 18pt; color: #2ed6de;\">\u00a0 \u00a0 CESS\u00d5ES DIREITOS<\/p>\n<span class=\"collapseomatic \" id=\"id69fe6841d1f8f\"  tabindex=\"0\" title=\"\"    ><\/span><div id=\"target-id69fe6841d1f8f\" class=\"collapseomatic_content \">\n<p><span style=\"color: #999999;\">\u25ba Conforme solicitado nas <a href=\"https:\/\/wp.ufpel.edu.br\/cinema\/normas\/\" target=\"_blank\" rel=\"noopener\">normas de realiza\u00e7\u00e3o<\/a><\/span><\/p>\n<ul>\n<li><a href=\"https:\/\/drive.google.com\/file\/d\/1O-byPoJLZA4ZOmbvwyD6W1DPPGa06wLv\/view?usp=sharing\" target=\"_blank\" rel=\"noopener noreferrer\">(01) Imagem e voz para atores\/atrizes<\/a><\/li>\n<li><a href=\"https:\/\/drive.google.com\/file\/d\/1BBZRFt18NQw9sX1LuEL865By1Ox6IAJm\/view?usp=sharing\" target=\"_blank\" rel=\"noopener noreferrer\">(02) Imagem e voz para atores\/atrizes menores de idade<\/a><\/li>\n<li><a href=\"https:\/\/drive.google.com\/file\/d\/1FkNAXGPuD5j2-glBCI2p_p7kSU_2Tltl\/view?usp=sharing\" target=\"_blank\" rel=\"noopener noreferrer\">(03) Uso de loca\u00e7\u00f5es utilizadas no projeto<\/a><\/li>\n<li><a href=\"https:\/\/drive.google.com\/file\/d\/1mlyW_oJZHVXnLEFrkKCsridHsGOtMsRD\/view?usp=sharing\" target=\"_blank\" rel=\"noopener noreferrer\">(04) Uso de trilhas sonoras utilizadas no projeto<\/a><\/li>\n<li><a href=\"https:\/\/drive.google.com\/file\/d\/1QAMTBnAX_NLzAKoOcuxJMeYWJzDFx5DJ\/view?usp=sharing\" target=\"_blank\" rel=\"noopener noreferrer\">(05) Uso de arquivo de imagem e\/ou som<\/a><\/li>\n<li><a href=\"https:\/\/drive.google.com\/file\/d\/11VwvtDQ4t7y--fJttkwR-_9uh1NT1rX0\/view?usp=sharing\" target=\"_blank\" rel=\"noopener noreferrer\">(06) Uso de ilustra\u00e7\u00e3o, desenho ou obra de arte<\/a> (de terceiros, excluindo equipe)<\/li>\n<li><a href=\"https:\/\/drive.google.com\/file\/d\/1F362TVmaXRQBVVYdeQhYKgWUw1mT7JCo\/view?usp=sharing\" target=\"_blank\" rel=\"noopener noreferrer\">(07) Anu\u00eancia de responsabilidade subjetiva sobre cess\u00f5es de direitos<\/a><\/li>\n<li><a href=\"https:\/\/drive.google.com\/file\/d\/19grJrW180cxHnu50-fK3JvHuVLruaA2l\/view?usp=sharing\" target=\"_blank\" rel=\"noopener noreferrer\">(08) Cess\u00e3o de direitos de exibi\u00e7\u00e3o e publica\u00e7\u00e3o no portfolio<\/a><\/li>\n<li><a href=\"https:\/\/drive.google.com\/file\/d\/1enS1DOTdeaWqBCkDfzjCk_vnBUx7IUOZ\/view?usp=sharing\" target=\"_blank\" rel=\"noopener noreferrer\">(09) Ficha t\u00e9cnica para publica\u00e7\u00e3o no portfolio<\/a><\/li>\n<\/ul>\n<\/div>\n<p style=\"font-size: 18pt; color: #2ed6de;\">\u00a0 \u00a0 PIPELINES<\/p>\n<span class=\"collapseomatic \" id=\"id69fe6841d1fab\"  tabindex=\"0\" title=\"\"    ><\/span><div id=\"target-id69fe6841d1fab\" class=\"collapseomatic_content \">\n<ul>\n<li><a href=\"https:\/\/miro.com\/app\/board\/uXjVKMT76f4=\/?share_link_id=208081039081\" target=\"_blank\" rel=\"noopener\">Fun\u00e7\u00f5es e Pipeline no Live Action (abr\/2024)<\/a><\/li>\n<li><a href=\"https:\/\/l.ufpel.edu.br\/pipeline-animacao2\" target=\"_blank\" rel=\"noopener noreferrer\">Pipeline da Anima\u00e7\u00e3o 2D (ago\/2019)<\/a><\/li>\n<li><a href=\"https:\/\/drive.google.com\/file\/d\/1JfjlkXhS0QvVXR-FDkyTg5V-AlXQwhx-\/view?usp=sharing\" target=\"_blank\" rel=\"noopener\">Pipeline da Anima\u00e7\u00e3o 3D (TCCT Mariane Machado 2023\/2)<\/a><\/li>\n<\/ul>\n<\/div>\n<p><span style=\"font-size: 18pt; color: #2ed6de;\">\u00a0 \u00a0 ASSINATURAS<\/span><\/p>\n<span class=\"collapseomatic \" id=\"id69fe6841d1fc6\"  tabindex=\"0\" title=\"\"    ><\/span><div id=\"target-id69fe6841d1fc6\" class=\"collapseomatic_content \">\n<p><span style=\"color: #999999;\">\u25ba Vai aplicar em produtos audiovisuais Cinema UFPEL? <a href=\"https:\/\/wp.ufpel.edu.br\/cinema\/normas\/\" target=\"_blank\" rel=\"noopener noreferrer\">Veja as normas de realiza\u00e7\u00e3o antes.<\/a><\/span><\/p>\n<ul>\n<li><a href=\"https:\/\/drive.google.com\/file\/d\/1ELGkLr8Sw6kjau8B0hYTdfM4Uiy660bX\/view?usp=sharing\" target=\"_blank\" rel=\"noopener noreferrer\">1080p24 (1,78:1) Prores 422LT (preferencial) 10MB<\/a><\/li>\n<li><a href=\"https:\/\/drive.google.com\/file\/d\/16H69hZxlveh2iUjxfMOrx-RJ-WEcDQtP\/view?usp=sharing\" target=\"_blank\" rel=\"noopener noreferrer\">1080p24 (1,78:1) H.264 2MB<\/a><\/li>\n<li><a href=\"https:\/\/drive.google.com\/file\/d\/1BxEPfniAvvmrjmuMERUElbWNTMPrCQ4t\/view?usp=sharing\" target=\"_blank\" rel=\"noopener noreferrer\">1080p24 (1,78:1) DNxHD36 39MB<\/a><\/li>\n<li><a href=\"https:\/\/drive.google.com\/file\/d\/118bC5IWGZgY2IP0U8_dO8JsiI67Y0Dsk\/view?usp=sharing\" target=\"_blank\" rel=\"noopener noreferrer\">4Kp24 (1,78:1) Prores 422LT 27MB<\/a><\/li>\n<li><a href=\"https:\/\/drive.google.com\/file\/d\/14R-tUbz-nzkFDWdL3FvlMEtZawi0zZiD\/view?usp=sharing\" target=\"_blank\" rel=\"noopener noreferrer\">Marca em branco com alpha\/transpar\u00eancia aplicada em cartela 1080p (PSD)<\/a><\/li>\n<li><a href=\"https:\/\/drive.google.com\/file\/d\/1jKucXcQdIQlzY_GEajkHOvC0lPKBOoG-\/view?usp=sharing\" target=\"_blank\" rel=\"noopener noreferrer\">Marca em preto com alpha\/transpar\u00eancia aplicada em cartela 1080p (PSD)<\/a><\/li>\n<\/ul>\n<\/div>\n","protected":false},"excerpt":{"rendered":"<p>solicitar apoio projetos Comprovantes para apoio a empresas\/organiza\u00e7\u00f5es. solicitar comprovantes Comprovantes para atores\/equipe de projetos. preencher termo de empr\u00e9stimo Preeencher termo de empr\u00e9stimo equipamentos. salas e chaves (estudantes) Agendamento de espa\u00e7os para uso de estudantes dos Cursos de Cinema no&#8230; <a class=\"more-link\" href=\"https:\/\/wp.ufpel.edu.br\/cinema\/producao\/\">Continue lendo &rarr;<\/a><\/p>\n","protected":false},"author":573,"featured_media":0,"parent":0,"menu_order":0,"comment_status":"closed","ping_status":"closed","template":"template-fullwidth.php","meta":{"footnotes":""},"class_list":["post-2169","page","type-page","status-publish","hentry"],"_links":{"self":[{"href":"https:\/\/wp.ufpel.edu.br\/cinema\/wp-json\/wp\/v2\/pages\/2169","targetHints":{"allow":["GET"]}}],"collection":[{"href":"https:\/\/wp.ufpel.edu.br\/cinema\/wp-json\/wp\/v2\/pages"}],"about":[{"href":"https:\/\/wp.ufpel.edu.br\/cinema\/wp-json\/wp\/v2\/types\/page"}],"author":[{"embeddable":true,"href":"https:\/\/wp.ufpel.edu.br\/cinema\/wp-json\/wp\/v2\/users\/573"}],"replies":[{"embeddable":true,"href":"https:\/\/wp.ufpel.edu.br\/cinema\/wp-json\/wp\/v2\/comments?post=2169"}],"version-history":[{"count":4,"href":"https:\/\/wp.ufpel.edu.br\/cinema\/wp-json\/wp\/v2\/pages\/2169\/revisions"}],"predecessor-version":[{"id":2574,"href":"https:\/\/wp.ufpel.edu.br\/cinema\/wp-json\/wp\/v2\/pages\/2169\/revisions\/2574"}],"wp:attachment":[{"href":"https:\/\/wp.ufpel.edu.br\/cinema\/wp-json\/wp\/v2\/media?parent=2169"}],"curies":[{"name":"wp","href":"https:\/\/api.w.org\/{rel}","templated":true}]}}